Back to Multiple platform build/check report for BioC 3.18: simplified long |
|
This page was generated on 2024-03-29 11:36:17 -0400 (Fri, 29 Mar 2024).
Hostname | OS | Arch (*) | R version | Installed pkgs |
---|---|---|---|---|
nebbiolo2 | Linux (Ubuntu 22.04.3 LTS) | x86_64 | 4.3.3 (2024-02-29) -- "Angel Food Cake" | 4669 |
palomino4 | Windows Server 2022 Datacenter | x64 | 4.3.3 (2024-02-29 ucrt) -- "Angel Food Cake" | 4404 |
merida1 | macOS 12.7.1 Monterey | x86_64 | 4.3.3 (2024-02-29) -- "Angel Food Cake" | 4427 |
Click on any hostname to see more info about the system (e.g. compilers) (*) as reported by 'uname -p', except on Windows and Mac OS X |
Package 1682/2266 | Hostname | OS / Arch | INSTALL | BUILD | CHECK | BUILD BIN | ||||||||
RCSL 1.10.0 (landing page) Qinglin Mei
| nebbiolo2 | Linux (Ubuntu 22.04.3 LTS) / x86_64 | OK | OK | ERROR | |||||||||
palomino4 | Windows Server 2022 Datacenter / x64 | OK | OK | OK | OK | |||||||||
merida1 | macOS 12.7.1 Monterey / x86_64 | OK | OK | OK | OK | |||||||||
kjohnson1 | macOS 13.6.1 Ventura / arm64 | see weekly results here | ||||||||||||
To the developers/maintainers of the RCSL package: - Allow up to 24 hours (and sometimes 48 hours) for your latest push to git@git.bioconductor.org:packages/RCSL.git to reflect on this report. See Troubleshooting Build Report for more information. - Use the following Renviron settings to reproduce errors and warnings. - If 'R CMD check' started to fail recently on the Linux builder(s) over a missing dependency, add the missing dependency to 'Suggests:' in your DESCRIPTION file. See Renviron.bioc for more information. |
Package: RCSL |
Version: 1.10.0 |
Command: /home/biocbuild/bbs-3.18-bioc/R/bin/R CMD check --install=check:RCSL.install-out.txt --library=/home/biocbuild/bbs-3.18-bioc/R/site-library --timings RCSL_1.10.0.tar.gz |
StartedAt: 2024-03-28 01:49:09 -0400 (Thu, 28 Mar 2024) |
EndedAt: 2024-03-28 01:55:58 -0400 (Thu, 28 Mar 2024) |
EllapsedTime: 408.7 seconds |
RetCode: 1 |
Status: ERROR |
CheckDir: RCSL.Rcheck |
Warnings: NA |
############################################################################## ############################################################################## ### ### Running command: ### ### /home/biocbuild/bbs-3.18-bioc/R/bin/R CMD check --install=check:RCSL.install-out.txt --library=/home/biocbuild/bbs-3.18-bioc/R/site-library --timings RCSL_1.10.0.tar.gz ### ############################################################################## ############################################################################## * using log directory ‘/home/biocbuild/bbs-3.18-bioc/meat/RCSL.Rcheck’ * using R version 4.3.3 (2024-02-29) * using platform: x86_64-pc-linux-gnu (64-bit) * R was compiled by gcc (Ubuntu 11.4.0-1ubuntu1~22.04) 11.4.0 GNU Fortran (Ubuntu 11.4.0-1ubuntu1~22.04) 11.4.0 * running under: Ubuntu 22.04.4 LTS * using session charset: UTF-8 * checking for file ‘RCSL/DESCRIPTION’ ... OK * this is package ‘RCSL’ version ‘1.10.0’ * package encoding: UTF-8 * checking package namespace information ... OK * checking package dependencies ... OK * checking if this is a source package ... OK * checking if there is a namespace ... OK * checking for hidden files and directories ... OK * checking for portable file names ... OK * checking for sufficient/correct file permissions ... OK * checking whether package ‘RCSL’ can be installed ... OK * checking installed package size ... OK * checking package directory ... OK * checking ‘build’ directory ... OK * checking DESCRIPTION meta-information ... NOTE Package listed in more than one of Depends, Imports, Suggests, Enhances: ‘RcppAnnoy’ A package should be listed in only one of these fields. * checking top-level files ... OK * checking for left-over files ... OK * checking index information ... OK * checking package subdirectories ... OK * checking R files for non-ASCII characters ... OK * checking R files for syntax errors ... OK * checking whether the package can be loaded ... OK * checking whether the package can be loaded with stated dependencies ... OK * checking whether the package can be unloaded cleanly ... OK * checking whether the namespace can be loaded with stated dependencies ... OK * checking whether the namespace can be unloaded cleanly ... OK * checking loading without being on the library search path ... OK * checking dependencies in R code ... OK * checking S3 generic/method consistency ... OK * checking replacement functions ... OK * checking foreign function calls ... OK * checking R code for possible problems ... NOTE PlotMST: no visible binding for global variable ‘X1’ PlotMST: no visible binding for global variable ‘X2’ PlotMST: no visible binding for global variable ‘label’ PlotMST: no visible binding for global variable ‘from.x’ PlotMST: no visible binding for global variable ‘to.x’ PlotMST: no visible binding for global variable ‘from.y’ PlotMST: no visible binding for global variable ‘to.y’ PlotMST: no visible binding for global variable ‘V1’ PlotMST: no visible binding for global variable ‘V2’ PlotPseudoTime: no visible binding for global variable ‘x’ PlotPseudoTime: no visible binding for global variable ‘y’ PlotPseudoTime: no visible binding for global variable ‘Timepoint’ PlotTrajectory: no visible binding for global variable ‘X1’ PlotTrajectory: no visible binding for global variable ‘X2’ PlotTrajectory: no visible binding for global variable ‘label’ PlotTrajectory: no visible binding for global variable ‘x’ PlotTrajectory: no visible binding for global variable ‘y’ Undefined global functions or variables: Timepoint V1 V2 X1 X2 from.x from.y label to.x to.y x y * checking Rd files ... OK * checking Rd metadata ... OK * checking Rd cross-references ... OK * checking for missing documentation entries ... OK * checking for code/documentation mismatches ... OK * checking Rd \usage sections ... OK * checking Rd contents ... OK * checking for unstated dependencies in examples ... OK * checking contents of ‘data’ directory ... OK * checking data for non-ASCII characters ... OK * checking LazyData ... OK * checking data for ASCII and uncompressed saves ... OK * checking files in ‘vignettes’ ... OK * checking examples ... OK Examples with CPU (user + system) or elapsed time > 5s user system elapsed PlotMST 37.654 0.043 37.698 BDSM 37.211 0.212 37.423 TrajectoryAnalysis 37.068 0.080 37.148 PlotTrajectory 36.570 0.080 36.650 EstClusters 35.855 0.115 35.972 PlotPseudoTime 35.654 0.132 35.785 NeigRepresent 35.089 0.105 35.193 getLineage 34.889 0.068 34.956 SimS 34.312 0.100 34.412 GenesFilter 33.956 0.208 34.164 RCSL 8.679 0.212 8.891 * checking for unstated dependencies in vignettes ... OK * checking package vignettes in ‘inst/doc’ ... OK * checking running R code from vignettes ... ‘RCSL.Rmd’ using ‘UTF-8’... OK NONE * checking re-building of vignette outputs ... ERROR Error(s) in re-building vignettes: ... --- re-building ‘RCSL.Rmd’ using rmarkdown Error: processing vignette 'RCSL.Rmd' failed with diagnostics: there is no package called ‘BiocStyle’ --- failed re-building ‘RCSL.Rmd’ SUMMARY: processing the following file failed: ‘RCSL.Rmd’ Error: Vignette re-building failed. Execution halted * checking PDF version of manual ... OK * DONE Status: 1 ERROR, 2 NOTEs See ‘/home/biocbuild/bbs-3.18-bioc/meat/RCSL.Rcheck/00check.log’ for details.
RCSL.Rcheck/00install.out
############################################################################## ############################################################################## ### ### Running command: ### ### /home/biocbuild/bbs-3.18-bioc/R/bin/R CMD INSTALL RCSL ### ############################################################################## ############################################################################## * installing to library ‘/home/biocbuild/bbs-3.18-bioc/R/site-library’ * installing *source* package ‘RCSL’ ... ** using staged installation ** R ** data *** moving datasets to lazyload DB ** byte-compile and prepare package for lazy loading ** help *** installing help indices ** building package indices ** installing vignettes ** testing if installed package can be loaded from temporary location ** testing if installed package can be loaded from final location ** testing if installed package keeps a record of temporary installation path * DONE (RCSL)
RCSL.Rcheck/RCSL-Ex.timings
name | user | system | elapsed | |
BDSM | 37.211 | 0.212 | 37.423 | |
EstClusters | 35.855 | 0.115 | 35.972 | |
GenesFilter | 33.956 | 0.208 | 34.164 | |
NeigRepresent | 35.089 | 0.105 | 35.193 | |
PlotMST | 37.654 | 0.043 | 37.698 | |
PlotPseudoTime | 35.654 | 0.132 | 35.785 | |
PlotTrajectory | 36.57 | 0.08 | 36.65 | |
RCSL | 8.679 | 0.212 | 8.891 | |
SimS | 34.312 | 0.100 | 34.412 | |
TrajectoryAnalysis | 37.068 | 0.080 | 37.148 | |
getLineage | 34.889 | 0.068 | 34.956 | |