Back to Multiple platform build/check report for BioC 3.16:   simplified   long
ABCDEFGH[I]JKLMNOPQRSTUVWXYZ

This page was generated on 2023-03-24 11:05:30 -0400 (Fri, 24 Mar 2023).

HostnameOSArch (*)R versionInstalled pkgs
nebbiolo2Linux (Ubuntu 20.04.5 LTS)x86_644.2.3 (2023-03-15) -- "Shortstop Beagle" 4286
palomino4Windows Server 2022 Datacenterx644.2.3 (2023-03-15 ucrt) -- "Shortstop Beagle" 4276
lconwaymacOS 12.5.1 Montereyx86_644.2.3 (2023-03-15) -- "Shortstop Beagle" 4303
Click on any hostname to see more info about the system (e.g. compilers)      (*) as reported by 'uname -p', except on Windows and Mac OS X

CHECK results for ILoReg on nebbiolo2


To the developers/maintainers of the ILoReg package:
- Please allow up to 24 hours (and sometimes 48 hours) for your latest push to git@git.bioconductor.org:packages/ILoReg.git to
reflect on this report. See How and When does the builder pull? When will my changes propagate? for more information.
- Make sure to use the following settings in order to reproduce any error or warning you see on this page.

raw results

Package 960/2183HostnameOS / ArchINSTALLBUILDCHECKBUILD BIN
ILoReg 1.8.0  (landing page)
Johannes Smolander
Snapshot Date: 2023-03-22 14:00:04 -0400 (Wed, 22 Mar 2023)
git_url: https://git.bioconductor.org/packages/ILoReg
git_branch: RELEASE_3_16
git_last_commit: 4d1cbcf
git_last_commit_date: 2022-11-01 11:22:29 -0400 (Tue, 01 Nov 2022)
nebbiolo2Linux (Ubuntu 20.04.5 LTS) / x86_64  OK    OK    WARNINGS  UNNEEDED, same version is already published
palomino4Windows Server 2022 Datacenter / x64  OK    OK    WARNINGS    OK  UNNEEDED, same version is already published
lconwaymacOS 12.5.1 Monterey / x86_64  OK    OK    WARNINGS    OK  UNNEEDED, same version is already published

Summary

Package: ILoReg
Version: 1.8.0
Command: /home/biocbuild/bbs-3.16-bioc/R/bin/R CMD check --install=check:ILoReg.install-out.txt --library=/home/biocbuild/bbs-3.16-bioc/R/site-library --timings ILoReg_1.8.0.tar.gz
StartedAt: 2023-03-22 21:34:28 -0400 (Wed, 22 Mar 2023)
EndedAt: 2023-03-22 21:42:34 -0400 (Wed, 22 Mar 2023)
EllapsedTime: 485.2 seconds
RetCode: 0
Status:   WARNINGS  
CheckDir: ILoReg.Rcheck
Warnings: 1

Command output

##############################################################################
##############################################################################
###
### Running command:
###
###   /home/biocbuild/bbs-3.16-bioc/R/bin/R CMD check --install=check:ILoReg.install-out.txt --library=/home/biocbuild/bbs-3.16-bioc/R/site-library --timings ILoReg_1.8.0.tar.gz
###
##############################################################################
##############################################################################


* using log directory ‘/home/biocbuild/bbs-3.16-bioc/meat/ILoReg.Rcheck’
* using R version 4.2.3 (2023-03-15)
* using platform: x86_64-pc-linux-gnu (64-bit)
* using session charset: UTF-8
* checking for file ‘ILoReg/DESCRIPTION’ ... OK
* checking extension type ... Package
* this is package ‘ILoReg’ version ‘1.8.0’
* package encoding: UTF-8
* checking package namespace information ... OK
* checking package dependencies ... OK
* checking if this is a source package ... OK
* checking if there is a namespace ... OK
* checking for hidden files and directories ... OK
* checking for portable file names ... OK
* checking for sufficient/correct file permissions ... OK
* checking whether package ‘ILoReg’ can be installed ... OK
* checking installed package size ... OK
* checking package directory ... OK
* checking ‘build’ directory ... OK
* checking DESCRIPTION meta-information ... OK
* checking top-level files ... OK
* checking for left-over files ... OK
* checking index information ... OK
* checking package subdirectories ... OK
* checking R files for non-ASCII characters ... OK
* checking R files for syntax errors ... OK
* checking whether the package can be loaded ... OK
* checking whether the package can be loaded with stated dependencies ... OK
* checking whether the package can be unloaded cleanly ... OK
* checking whether the namespace can be loaded with stated dependencies ... OK
* checking whether the namespace can be unloaded cleanly ... OK
* checking loading without being on the library search path ... OK
* checking dependencies in R code ... OK
* checking S3 generic/method consistency ... OK
* checking replacement functions ... OK
* checking foreign function calls ... OK
* checking R code for possible problems ... OK
* checking Rd files ... OK
* checking Rd metadata ... OK
* checking Rd cross-references ... OK
* checking for missing documentation entries ... OK
* checking for code/documentation mismatches ... WARNING
Codoc mismatches from documentation object 'FindAllGeneMarkers':
FindAllGeneMarkers.SingleCellExperiment
  Code: function(object, clustering.type, test, log2fc.threshold,
                 min.pct, min.diff.pct, min.cells.group,
                 max.cells.per.cluster, return.thresh, only.pos)
  Docs: function(object, clustering.type, test, log2fc.threshold,
                 min.pct, min.diff.pct, min.cells.group,
                 max.cells.per.cluster, pseudocount.use, return.thresh,
                 only.pos)
  Argument names in docs not in code:
    pseudocount.use
  Mismatches in argument names:
    Position: 9 Code: return.thresh Docs: pseudocount.use
    Position: 10 Code: only.pos Docs: return.thresh
\S4method{FindAllGeneMarkers}{SingleCellExperiment}
  Code: function(object, clustering.type = "manual", test = "wilcox",
                 log2fc.threshold = 0.25, min.pct = 0.1, min.diff.pct =
                 NULL, min.cells.group = 3, max.cells.per.cluster =
                 NULL, return.thresh = 0.01, only.pos = FALSE)
  Docs: function(object, clustering.type = "manual", test = "wilcox",
                 log2fc.threshold = 0.25, min.pct = 0.1, min.diff.pct =
                 NULL, min.cells.group = 3, max.cells.per.cluster =
                 NULL, pseudocount.use = 1, return.thresh = 0.01,
                 only.pos = FALSE)
  Argument names in docs not in code:
    pseudocount.use
  Mismatches in argument names:
    Position: 9 Code: return.thresh Docs: pseudocount.use
    Position: 10 Code: only.pos Docs: return.thresh

Codoc mismatches from documentation object 'FindGeneMarkers':
FindGeneMarkers.SingleCellExperiment
  Code: function(object, clusters.1, clusters.2, clustering.type, test,
                 logfc.threshold, min.pct, min.diff.pct,
                 min.cells.group, max.cells.per.cluster, return.thresh,
                 only.pos)
  Docs: function(object, clusters.1, clusters.2, clustering.type, test,
                 logfc.threshold, min.pct, min.diff.pct,
                 min.cells.group, max.cells.per.cluster,
                 pseudocount.use, return.thresh, only.pos)
  Argument names in docs not in code:
    pseudocount.use
  Mismatches in argument names:
    Position: 11 Code: return.thresh Docs: pseudocount.use
    Position: 12 Code: only.pos Docs: return.thresh
\S4method{FindGeneMarkers}{SingleCellExperiment}
  Code: function(object, clusters.1 = NULL, clusters.2 = NULL,
                 clustering.type = "", test = "wilcox", logfc.threshold
                 = 0.25, min.pct = 0.1, min.diff.pct = NULL,
                 min.cells.group = 3, max.cells.per.cluster = NULL,
                 return.thresh = 0.01, only.pos = FALSE)
  Docs: function(object, clusters.1 = NULL, clusters.2 = NULL,
                 clustering.type = "", test = "wilcox", logfc.threshold
                 = 0.25, min.pct = 0.1, min.diff.pct = NULL,
                 min.cells.group = 3, max.cells.per.cluster = NULL,
                 pseudocount.use = 1, return.thresh = 0.01, only.pos =
                 FALSE)
  Argument names in docs not in code:
    pseudocount.use
  Mismatches in argument names:
    Position: 11 Code: return.thresh Docs: pseudocount.use
    Position: 12 Code: only.pos Docs: return.thresh

Codoc mismatches from documentation object 'RunICP':
RunICP
  Code: function(normalized.data = NULL, k = 15, d = 0.3, r = 5, C = 5,
                 reg.type = "L1", max.iter = 200, icp.batch.size = Inf)
  Docs: function(normalized.data = NULL, k = 15, d = 0.3, r = 5, C = 5,
                 reg.type = "L1", max.iter = 200)
  Argument names in code not in docs:
    icp.batch.size

Codoc mismatches from documentation object 'RunParallelICP':
RunParallelICP.SingleCellExperiment
  Code: function(object, k, d, L, r, C, reg.type, max.iter, threads,
                 icp.batch.size)
  Docs: function(object, k, d, L, r, C, reg.type, max.iter, threads)
  Argument names in code not in docs:
    icp.batch.size
\S4method{RunParallelICP}{SingleCellExperiment}
  Code: function(object, k = 15, d = 0.3, L = 200, r = 5, C = 0.3,
                 reg.type = "L1", max.iter = 200, threads = 0,
                 icp.batch.size = Inf)
  Docs: function(object, k = 15, d = 0.3, L = 200, r = 5, C = 0.3,
                 reg.type = "L1", max.iter = 200, threads = 0)
  Argument names in code not in docs:
    icp.batch.size

* checking Rd \usage sections ... OK
* checking Rd contents ... OK
* checking for unstated dependencies in examples ... OK
* checking contents of ‘data’ directory ... OK
* checking data for non-ASCII characters ... OK
* checking LazyData ... OK
* checking data for ASCII and uncompressed saves ... OK
* checking files in ‘vignettes’ ... OK
* checking examples ... OK
Examples with CPU (user + system) or elapsed time > 5s
                         user system elapsed
FindAllGeneMarkers     17.981  0.460  18.440
AnnotationScatterPlot  15.370  0.416  15.786
SelectTopGenes         14.557  0.176  14.734
GeneHeatmap            12.203  0.304  12.507
ClusteringScatterPlot  11.207  0.152  11.359
GeneScatterPlot        10.810  0.136  10.946
FindGeneMarkers         9.844  0.184  10.028
RunUMAP                 8.212  0.048   8.260
CalcSilhInfo            7.444  0.168   7.612
RunTSNE                 7.341  0.024   7.365
SilhouetteCurve         6.933  0.060   6.993
VlnPlot                 6.819  0.012   6.832
RenameCluster           6.757  0.048   6.805
HierarchicalClustering  6.570  0.072   6.643
SelectKClusters         6.361  0.060   6.422
MergeClusters           6.353  0.040   6.394
RenameAllClusters       6.326  0.060   6.387
PCAElbowPlot            6.315  0.028   6.342
RunParallelICP          5.995  0.008   6.003
RunPCA                  5.681  0.009   5.691
* checking for unstated dependencies in vignettes ... OK
* checking package vignettes in ‘inst/doc’ ... OK
* checking running R code from vignettes ...
  ‘ILoReg.Rmd’ using ‘UTF-8’... OK
 NONE
* checking re-building of vignette outputs ... OK
* checking PDF version of manual ... OK
* DONE

Status: 1 WARNING
See
  ‘/home/biocbuild/bbs-3.16-bioc/meat/ILoReg.Rcheck/00check.log’
for details.



Installation output

ILoReg.Rcheck/00install.out

##############################################################################
##############################################################################
###
### Running command:
###
###   /home/biocbuild/bbs-3.16-bioc/R/bin/R CMD INSTALL ILoReg
###
##############################################################################
##############################################################################


* installing to library ‘/home/biocbuild/bbs-3.16-bioc/R/site-library’
* installing *source* package ‘ILoReg’ ...
** using staged installation
** R
** data
*** moving datasets to lazyload DB
** inst
** byte-compile and prepare package for lazy loading
** help
*** installing help indices
** building package indices
** installing vignettes
** testing if installed package can be loaded from temporary location
** testing if installed package can be loaded from final location
** testing if installed package keeps a record of temporary installation path
* DONE (ILoReg)

Tests output


Example timings

ILoReg.Rcheck/ILoReg-Ex.timings

nameusersystemelapsed
AnnotationScatterPlot15.370 0.41615.786
CalcSilhInfo7.4440.1687.612
ClusteringScatterPlot11.207 0.15211.359
FindAllGeneMarkers17.981 0.46018.440
FindGeneMarkers 9.844 0.18410.028
GeneHeatmap12.203 0.30412.507
GeneScatterPlot10.810 0.13610.946
HierarchicalClustering6.5700.0726.643
MergeClusters6.3530.0406.394
PCAElbowPlot6.3150.0286.342
PrepareILoReg0.3690.0000.369
RenameAllClusters6.3260.0606.387
RenameCluster6.7570.0486.805
RunPCA5.6810.0095.691
RunParallelICP5.9950.0086.003
RunTSNE7.3410.0247.365
RunUMAP8.2120.0488.260
SelectKClusters6.3610.0606.422
SelectTopGenes14.557 0.17614.734
SilhouetteCurve6.9330.0606.993
VlnPlot6.8190.0126.832
pbmc3k_5000.0020.0000.002