Back to Multiple platform build/check report for BioC 3.18: simplified long |
|
This page was generated on 2024-03-29 11:37:47 -0400 (Fri, 29 Mar 2024).
Hostname | OS | Arch (*) | R version | Installed pkgs |
---|---|---|---|---|
nebbiolo2 | Linux (Ubuntu 22.04.3 LTS) | x86_64 | 4.3.3 (2024-02-29) -- "Angel Food Cake" | 4669 |
palomino4 | Windows Server 2022 Datacenter | x64 | 4.3.3 (2024-02-29 ucrt) -- "Angel Food Cake" | 4404 |
merida1 | macOS 12.7.1 Monterey | x86_64 | 4.3.3 (2024-02-29) -- "Angel Food Cake" | 4427 |
Click on any hostname to see more info about the system (e.g. compilers) (*) as reported by 'uname -p', except on Windows and Mac OS X |
Package 873/2266 | Hostname | OS / Arch | INSTALL | BUILD | CHECK | BUILD BIN | ||||||||
GmicR 1.16.0 (landing page) Richard Virgen-Slane
| nebbiolo2 | Linux (Ubuntu 22.04.3 LTS) / x86_64 | OK | OK | WARNINGS | |||||||||
palomino4 | Windows Server 2022 Datacenter / x64 | OK | OK | WARNINGS | OK | |||||||||
merida1 | macOS 12.7.1 Monterey / x86_64 | OK | OK | WARNINGS | OK | |||||||||
kjohnson1 | macOS 13.6.1 Ventura / arm64 | see weekly results here | ||||||||||||
To the developers/maintainers of the GmicR package: - Allow up to 24 hours (and sometimes 48 hours) for your latest push to git@git.bioconductor.org:packages/GmicR.git to reflect on this report. See Troubleshooting Build Report for more information. - Use the following Renviron settings to reproduce errors and warnings. - If 'R CMD check' started to fail recently on the Linux builder(s) over a missing dependency, add the missing dependency to 'Suggests:' in your DESCRIPTION file. See Renviron.bioc for more information. |
Package: GmicR |
Version: 1.16.0 |
Command: /Library/Frameworks/R.framework/Resources/bin/R CMD check --install=check:GmicR.install-out.txt --library=/Library/Frameworks/R.framework/Resources/library --no-vignettes --timings GmicR_1.16.0.tar.gz |
StartedAt: 2024-03-28 03:31:03 -0400 (Thu, 28 Mar 2024) |
EndedAt: 2024-03-28 04:06:05 -0400 (Thu, 28 Mar 2024) |
EllapsedTime: 2101.7 seconds |
RetCode: 0 |
Status: WARNINGS |
CheckDir: GmicR.Rcheck |
Warnings: 1 |
############################################################################## ############################################################################## ### ### Running command: ### ### /Library/Frameworks/R.framework/Resources/bin/R CMD check --install=check:GmicR.install-out.txt --library=/Library/Frameworks/R.framework/Resources/library --no-vignettes --timings GmicR_1.16.0.tar.gz ### ############################################################################## ############################################################################## * using log directory ‘/Users/biocbuild/bbs-3.18-bioc/meat/GmicR.Rcheck’ * using R version 4.3.3 (2024-02-29) * using platform: x86_64-apple-darwin20 (64-bit) * R was compiled by Apple clang version 14.0.0 (clang-1400.0.29.202) GNU Fortran (GCC) 12.2.0 * running under: macOS Monterey 12.7.1 * using session charset: UTF-8 * using option ‘--no-vignettes’ * checking for file ‘GmicR/DESCRIPTION’ ... OK * checking extension type ... Package * this is package ‘GmicR’ version ‘1.16.0’ * package encoding: UTF-8 * checking package namespace information ... OK * checking package dependencies ... OK * checking if this is a source package ... OK * checking if there is a namespace ... OK * checking for hidden files and directories ... OK * checking for portable file names ... OK * checking for sufficient/correct file permissions ... OK * checking whether package ‘GmicR’ can be installed ... WARNING Found the following significant warnings: Warning: replacing previous import ‘ape::degree’ by ‘bnlearn::degree’ when loading ‘GmicR’ See ‘/Users/biocbuild/bbs-3.18-bioc/meat/GmicR.Rcheck/00install.out’ for details. * checking installed package size ... OK * checking package directory ... OK * checking ‘build’ directory ... OK * checking DESCRIPTION meta-information ... NOTE License components with restrictions not permitted: GPL-2 + file LICENSE * checking top-level files ... OK * checking for left-over files ... OK * checking index information ... OK * checking package subdirectories ... OK * checking R files for non-ASCII characters ... OK * checking R files for syntax errors ... OK * checking whether the package can be loaded ... OK * checking whether the package can be loaded with stated dependencies ... OK * checking whether the package can be unloaded cleanly ... OK * checking whether the namespace can be loaded with stated dependencies ... OK * checking whether the namespace can be unloaded cleanly ... OK * checking dependencies in R code ... NOTE Namespace in Imports field not imported from: ‘data.table’ All declared Imports should be used. * checking S3 generic/method consistency ... OK * checking replacement functions ... OK * checking foreign function calls ... OK * checking R code for possible problems ... NOTE GSEAGO_Builder: no visible binding for global variable ‘ex’ Undefined global functions or variables: ex * checking Rd files ... OK * checking Rd metadata ... OK * checking Rd cross-references ... OK * checking for missing documentation entries ... OK * checking for code/documentation mismatches ... OK * checking Rd \usage sections ... OK * checking Rd contents ... OK * checking for unstated dependencies in examples ... OK * checking files in ‘vignettes’ ... OK * checking examples ... OK Examples with CPU (user + system) or elapsed time > 5s user system elapsed GSEAGO_Builder 119.472 45.287 1362.776 Auto_WGCNA 14.611 0.317 15.203 InverseARCs 12.506 0.231 14.893 bn_tabu_gen 0.068 0.014 337.068 * checking for unstated dependencies in vignettes ... OK * checking package vignettes in ‘inst/doc’ ... OK * checking running R code from vignettes ... SKIPPED * checking re-building of vignette outputs ... SKIPPED * checking PDF version of manual ... OK * DONE Status: 1 WARNING, 3 NOTEs See ‘/Users/biocbuild/bbs-3.18-bioc/meat/GmicR.Rcheck/00check.log’ for details.
GmicR.Rcheck/00install.out
############################################################################## ############################################################################## ### ### Running command: ### ### /Library/Frameworks/R.framework/Resources/bin/R CMD INSTALL GmicR ### ############################################################################## ############################################################################## * installing to library ‘/Library/Frameworks/R.framework/Versions/4.3-x86_64/Resources/library’ * installing *source* package ‘GmicR’ ... ** using staged installation ** R ** inst ** byte-compile and prepare package for lazy loading Warning: replacing previous import ‘ape::degree’ by ‘bnlearn::degree’ when loading ‘GmicR’ ** help *** installing help indices ** building package indices ** installing vignettes ** testing if installed package can be loaded from temporary location Warning: replacing previous import ‘ape::degree’ by ‘bnlearn::degree’ when loading ‘GmicR’ ** testing if installed package can be loaded from final location Warning: replacing previous import ‘ape::degree’ by ‘bnlearn::degree’ when loading ‘GmicR’ ** testing if installed package keeps a record of temporary installation path * DONE (GmicR)
GmicR.Rcheck/GmicR-Ex.timings
name | user | system | elapsed | |
Auto_WGCNA | 14.611 | 0.317 | 15.203 | |
Data_Prep | 0.374 | 0.105 | 0.483 | |
GO_Module_NameR | 0.064 | 0.004 | 0.068 | |
GSEAGO_Builder | 119.472 | 45.287 | 1362.776 | |
Gmic_viz | 0.046 | 0.003 | 0.051 | |
InverseARCs | 12.506 | 0.231 | 14.893 | |
Query_Prep | 0.373 | 0.074 | 0.785 | |
bn_tabu_gen | 0.068 | 0.014 | 337.068 | |
xCell_loader | 0.035 | 0.004 | 0.040 | |