Back to Multiple platform build/check report for BioC 3.17:   simplified   long
ABCDEF[G]HIJKLMNOPQRSTUVWXYZ

This page was generated on 2023-09-22 11:37:23 -0400 (Fri, 22 Sep 2023).

HostnameOSArch (*)R versionInstalled pkgs
nebbiolo1Linux (Ubuntu 22.04.2 LTS)x86_644.3.1 (2023-06-16) -- "Beagle Scouts" 4625
palomino3Windows Server 2022 Datacenterx644.3.1 (2023-06-16 ucrt) -- "Beagle Scouts" 4378
merida1macOS 12.6.4 Montereyx86_644.3.1 (2023-06-16) -- "Beagle Scouts" 4394
Click on any hostname to see more info about the system (e.g. compilers)      (*) as reported by 'uname -p', except on Windows and Mac OS X

Package 873/2230HostnameOS / ArchINSTALLBUILDCHECKBUILD BIN
GRaNIE 1.4.1  (landing page)
Christian Arnold
Snapshot Date: 2023-09-21 14:00:15 -0400 (Thu, 21 Sep 2023)
git_url: https://git.bioconductor.org/packages/GRaNIE
git_branch: RELEASE_3_17
git_last_commit: d3d7da1
git_last_commit_date: 2023-06-19 10:19:10 -0400 (Mon, 19 Jun 2023)
nebbiolo1Linux (Ubuntu 22.04.2 LTS) / x86_64  OK    OK    WARNINGS  UNNEEDED, same version is already published
palomino3Windows Server 2022 Datacenter / x64  OK    OK    WARNINGS    OK  UNNEEDED, same version is already published
merida1macOS 12.6.4 Monterey / x86_64  OK    OK    WARNINGS    OK  UNNEEDED, same version is already published

CHECK results for GRaNIE on merida1


To the developers/maintainers of the GRaNIE package:
- Allow up to 24 hours (and sometimes 48 hours) for your latest push to git@git.bioconductor.org:packages/GRaNIE.git to reflect on this report. See Troubleshooting Build Report for more information.
- Use the following Renviron settings to reproduce errors and warnings.
- If 'R CMD check' started to fail recently on the Linux builder(s) over a missing dependency, add the missing dependency to 'Suggests:' in your DESCRIPTION file. See Renviron.bioc for more information.

raw results


Summary

Package: GRaNIE
Version: 1.4.1
Command: /Library/Frameworks/R.framework/Resources/bin/R CMD check --install=check:GRaNIE.install-out.txt --library=/Library/Frameworks/R.framework/Resources/library --no-vignettes --timings GRaNIE_1.4.1.tar.gz
StartedAt: 2023-09-22 02:57:13 -0400 (Fri, 22 Sep 2023)
EndedAt: 2023-09-22 03:13:16 -0400 (Fri, 22 Sep 2023)
EllapsedTime: 962.9 seconds
RetCode: 0
Status:   WARNINGS  
CheckDir: GRaNIE.Rcheck
Warnings: 2

Command output

##############################################################################
##############################################################################
###
### Running command:
###
###   /Library/Frameworks/R.framework/Resources/bin/R CMD check --install=check:GRaNIE.install-out.txt --library=/Library/Frameworks/R.framework/Resources/library --no-vignettes --timings GRaNIE_1.4.1.tar.gz
###
##############################################################################
##############################################################################


* using log directory ‘/Users/biocbuild/bbs-3.17-bioc/meat/GRaNIE.Rcheck’
* using R version 4.3.1 (2023-06-16)
* using platform: x86_64-apple-darwin20 (64-bit)
* R was compiled by
    Apple clang version 14.0.3 (clang-1403.0.22.14.1)
    GNU Fortran (GCC) 12.2.0
* running under: macOS Monterey 12.6.4
* using session charset: UTF-8
* using option ‘--no-vignettes’
* checking for file ‘GRaNIE/DESCRIPTION’ ... OK
* this is package ‘GRaNIE’ version ‘1.4.1’
* package encoding: UTF-8
* checking package namespace information ... OK
* checking package dependencies ... OK
* checking if this is a source package ... OK
* checking if there is a namespace ... OK
* checking for hidden files and directories ... OK
* checking for portable file names ... OK
* checking for sufficient/correct file permissions ... OK
* checking whether package ‘GRaNIE’ can be installed ... OK
* checking installed package size ... OK
* checking package directory ... OK
* checking ‘build’ directory ... OK
* checking DESCRIPTION meta-information ... OK
* checking top-level files ... OK
* checking for left-over files ... OK
* checking index information ... OK
* checking package subdirectories ... OK
* checking R files for non-ASCII characters ... OK
* checking R files for syntax errors ... OK
* checking whether the package can be loaded ... OK
* checking whether the package can be loaded with stated dependencies ... OK
* checking whether the package can be unloaded cleanly ... OK
* checking whether the namespace can be loaded with stated dependencies ... OK
* checking whether the namespace can be unloaded cleanly ... OK
* checking startup messages can be suppressed ... OK
* checking dependencies in R code ... OK
* checking S3 generic/method consistency ... OK
* checking replacement functions ... OK
* checking foreign function calls ... OK
* checking R code for possible problems ... NOTE
.performIHW: no visible binding for global variable 'adj_pvalue'
getGRNSummary: no visible binding for global variable 'pval'
Undefined global functions or variables:
  adj_pvalue pval
* checking Rd files ... OK
* checking Rd metadata ... WARNING
Rd files with duplicated name 'nGenes':
  ‘genes-methods.Rd’ ‘nGenes.Rd’
Rd files with duplicated name 'nPeaks':
  ‘nPeaks.Rd’ ‘peaks-methods.Rd’
Rd files with duplicated alias 'genes':
  ‘genes-methods.Rd’ ‘nGenes.Rd’
Rd files with duplicated alias 'nGenes':
  ‘genes-methods.Rd’ ‘nGenes.Rd’
Rd files with duplicated alias 'nPeaks':
  ‘nPeaks.Rd’ ‘peaks-methods.Rd’
Rd files with duplicated alias 'peaks':
  ‘nPeaks.Rd’ ‘peaks-methods.Rd’
* checking Rd cross-references ... OK
* checking for missing documentation entries ... OK
* checking for code/documentation mismatches ... WARNING
Functions or methods with usage in documentation object 'installSuggestedPackages' but not in code:
  'installSuggestedPackages'

* checking Rd \usage sections ... OK
* checking Rd contents ... OK
* checking for unstated dependencies in examples ... OK
* checking R/sysdata.rda ... OK
* checking files in ‘vignettes’ ... OK
* checking examples ... OK
Examples with CPU (user + system) or elapsed time > 5s
                                 user system elapsed
generateStatsSummary           13.966  0.203  18.105
plotDiagnosticPlots_peakGene    8.931  0.171  12.129
addConnections_TF_peak          6.904  1.351  11.231
plotDiagnosticPlots_TFPeaks     6.392  0.214   8.773
plotCommunitiesEnrichment       6.107  0.353   8.286
visualizeGRN                    6.085  0.164   8.681
calculateCommunitiesEnrichment  5.749  0.156   7.696
plotPCA_all                     5.634  0.241   8.905
plotCommunitiesStats            5.413  0.170   7.378
getGRNSummary                   5.143  0.117   7.400
plotGeneralGraphStats           5.142  0.106   7.828
plotTFEnrichment                4.902  0.109   7.405
plot_stats_connectionSummary    4.372  0.130   6.405
loadExampleObject               4.127  0.078   5.724
overlapPeaksAndTFBS             3.966  0.082   5.096
addConnections_peak_gene        3.931  0.096   5.798
changeOutputDirectory           3.911  0.084   5.447
plotCorrelations                3.827  0.163   5.353
calculateTFEnrichment           3.810  0.095   5.343
filterData                      3.631  0.089   5.022
calculateGeneralEnrichment      3.536  0.127   5.126
plotGeneralEnrichment           3.524  0.081   5.280
* checking for unstated dependencies in vignettes ... OK
* checking package vignettes in ‘inst/doc’ ... OK
* checking running R code from vignettes ... SKIPPED
* checking re-building of vignette outputs ... SKIPPED
* checking PDF version of manual ... OK
* DONE

Status: 2 WARNINGs, 1 NOTE
See
  ‘/Users/biocbuild/bbs-3.17-bioc/meat/GRaNIE.Rcheck/00check.log’
for details.



Installation output

GRaNIE.Rcheck/00install.out

##############################################################################
##############################################################################
###
### Running command:
###
###   /Library/Frameworks/R.framework/Resources/bin/R CMD INSTALL GRaNIE
###
##############################################################################
##############################################################################


* installing to library ‘/Library/Frameworks/R.framework/Versions/4.3-x86_64/Resources/library’
* installing *source* package ‘GRaNIE’ ...
** using staged installation
** R
** byte-compile and prepare package for lazy loading
** help
*** installing help indices
*** copying figures
** building package indices
** installing vignettes
** testing if installed package can be loaded from temporary location
** testing if installed package can be loaded from final location
** testing if installed package keeps a record of temporary installation path
* DONE (GRaNIE)

Tests output


Example timings

GRaNIE.Rcheck/GRaNIE-Ex.timings

nameusersystemelapsed
AR_classification_wrapper0.0000.0000.001
addConnections_TF_peak 6.904 1.35111.231
addConnections_peak_gene3.9310.0965.798
addData0.0010.0010.001
addTFBS0.0010.0010.000
add_TF_gene_correlation2.7910.0924.014
add_featureVariation0.0000.0010.001
build_eGRN_graph2.8730.0854.053
calculateCommunitiesEnrichment5.7490.1567.696
calculateCommunitiesStats2.8660.1164.074
calculateGeneralEnrichment3.5360.1275.126
calculateTFEnrichment3.8100.0955.343
changeOutputDirectory3.9110.0845.447
deleteIntermediateData2.8040.0713.997
filterData3.6310.0895.022
filterGRNAndConnectGenes3.1130.0884.265
generateStatsSummary13.966 0.20318.105
genes-methods2.8410.0764.196
getCounts3.0850.0964.494
getGRNConnections2.9320.0854.367
getGRNSummary5.1430.1177.400
getParameters2.9130.0744.315
getTopNodes3.1030.0764.526
initializeGRN0.0370.0030.053
installSuggestedPackages000
loadExampleObject4.1270.0785.724
nGenes2.8440.0704.164
nPeaks2.9380.0904.319
nTFs2.8850.0854.466
overlapPeaksAndTFBS3.9660.0825.096
peaks-methods2.8510.0713.970
performAllNetworkAnalyses0.0010.0010.003
plotCommunitiesEnrichment6.1070.3538.286
plotCommunitiesStats5.4130.1707.378
plotCorrelations3.8270.1635.353
plotDiagnosticPlots_TFPeaks6.3920.2148.773
plotDiagnosticPlots_peakGene 8.931 0.17112.129
plotGeneralEnrichment3.5240.0815.280
plotGeneralGraphStats5.1420.1067.828
plotPCA_all5.6340.2418.905
plotTFEnrichment4.9020.1097.405
plot_stats_connectionSummary4.3720.1306.405
visualizeGRN6.0850.1648.681