Back to Build/check report for BioC 3.18 experimental data
ABCDE[F]GHIJKLMNOPQRSTUVWXYZ

This page was generated on 2024-03-28 14:52:05 -0400 (Thu, 28 Mar 2024).

HostnameOSArch (*)R versionInstalled pkgs
nebbiolo2Linux (Ubuntu 22.04.3 LTS)x86_644.3.3 (2024-02-29) -- "Angel Food Cake" 4669
Click on any hostname to see more info about the system (e.g. compilers)      (*) as reported by 'uname -p', except on Windows and Mac OS X

Package 134/429HostnameOS / ArchINSTALLBUILDCHECK
FlowSorted.CordBloodNorway.450k 1.28.0  (landing page)
kristina gervin
Snapshot Date: 2024-03-28 07:30:02 -0400 (Thu, 28 Mar 2024)
git_url: https://git.bioconductor.org/packages/FlowSorted.CordBloodNorway.450k
git_branch: RELEASE_3_18
git_last_commit: b9cee45
git_last_commit_date: 2023-10-24 09:16:26 -0400 (Tue, 24 Oct 2023)
nebbiolo2Linux (Ubuntu 22.04.3 LTS) / x86_64  OK    OK    WARNINGS  UNNEEDED, same version is already published

CHECK results for FlowSorted.CordBloodNorway.450k on nebbiolo2


To the developers/maintainers of the FlowSorted.CordBloodNorway.450k package:
- Use the following Renviron settings to reproduce errors and warnings.
- If 'R CMD check' started to fail recently on the Linux builder(s) over a missing dependency, add the missing dependency to 'Suggests:' in your DESCRIPTION file. See Renviron.bioc for more information.

raw results


Summary

Package: FlowSorted.CordBloodNorway.450k
Version: 1.28.0
Command: /home/biocbuild/bbs-3.18-bioc/R/bin/R CMD check --install=check:FlowSorted.CordBloodNorway.450k.install-out.txt --library=/home/biocbuild/bbs-3.18-bioc/R/site-library --timings FlowSorted.CordBloodNorway.450k_1.28.0.tar.gz
StartedAt: 2024-03-28 11:29:02 -0400 (Thu, 28 Mar 2024)
EndedAt: 2024-03-28 11:32:09 -0400 (Thu, 28 Mar 2024)
EllapsedTime: 187.3 seconds
RetCode: 0
Status:   WARNINGS  
CheckDir: FlowSorted.CordBloodNorway.450k.Rcheck
Warnings: 1

Command output

##############################################################################
##############################################################################
###
### Running command:
###
###   /home/biocbuild/bbs-3.18-bioc/R/bin/R CMD check --install=check:FlowSorted.CordBloodNorway.450k.install-out.txt --library=/home/biocbuild/bbs-3.18-bioc/R/site-library --timings FlowSorted.CordBloodNorway.450k_1.28.0.tar.gz
###
##############################################################################
##############################################################################


* using log directory ‘/home/biocbuild/bbs-3.18-data-experiment/meat/FlowSorted.CordBloodNorway.450k.Rcheck’
* using R version 4.3.3 (2024-02-29)
* using platform: x86_64-pc-linux-gnu (64-bit)
* R was compiled by
    gcc (Ubuntu 11.4.0-1ubuntu1~22.04) 11.4.0
    GNU Fortran (Ubuntu 11.4.0-1ubuntu1~22.04) 11.4.0
* running under: Ubuntu 22.04.4 LTS
* using session charset: UTF-8
* checking for file ‘FlowSorted.CordBloodNorway.450k/DESCRIPTION’ ... OK
* this is package ‘FlowSorted.CordBloodNorway.450k’ version ‘1.28.0’
* checking package namespace information ... OK
* checking package dependencies ... OK
* checking if this is a source package ... OK
* checking if there is a namespace ... OK
* checking for hidden files and directories ... OK
* checking for portable file names ... OK
* checking for sufficient/correct file permissions ... OK
* checking whether package ‘FlowSorted.CordBloodNorway.450k’ can be installed ... OK
* checking installed package size ... NOTE
  installed size is 217.1Mb
  sub-directories of 1Mb or more:
    data  217.0Mb
* checking package directory ... OK
* checking DESCRIPTION meta-information ... OK
* checking top-level files ... OK
* checking for left-over files ... OK
* checking index information ... OK
* checking package subdirectories ... OK
* checking whether the package can be loaded ... OK
* checking whether the package can be loaded with stated dependencies ... OK
* checking whether the package can be unloaded cleanly ... OK
* checking whether the namespace can be loaded with stated dependencies ... OK
* checking whether the namespace can be unloaded cleanly ... OK
* checking loading without being on the library search path ... OK
* checking Rd files ... OK
* checking Rd metadata ... OK
* checking Rd cross-references ... OK
* checking for missing documentation entries ... OK
* checking for code/documentation mismatches ... OK
* checking Rd \usage sections ... OK
* checking Rd contents ... OK
* checking for unstated dependencies in examples ... OK
* checking contents of ‘data’ directory ... OK
* checking data for non-ASCII characters ... OK
* checking LazyData ... WARNING
  LazyData DB of 217.0 MB without LazyDataCompression set
  See §1.1.6 of 'Writing R Extensions'
* checking data for ASCII and uncompressed saves ... OK
* checking examples ... OK
* checking PDF version of manual ... OK
* DONE

Status: 1 WARNING, 1 NOTE
See
  ‘/home/biocbuild/bbs-3.18-data-experiment/meat/FlowSorted.CordBloodNorway.450k.Rcheck/00check.log’
for details.



Installation output

FlowSorted.CordBloodNorway.450k.Rcheck/00install.out

##############################################################################
##############################################################################
###
### Running command:
###
###   /home/biocbuild/bbs-3.18-bioc/R/bin/R CMD INSTALL FlowSorted.CordBloodNorway.450k
###
##############################################################################
##############################################################################


* installing to library ‘/home/biocbuild/bbs-3.18-bioc/R/site-library’
* installing *source* package ‘FlowSorted.CordBloodNorway.450k’ ...
** using staged installation
** data
*** moving datasets to lazyload DB
** help
*** installing help indices
** building package indices
** testing if installed package can be loaded from temporary location
** testing if installed package can be loaded from final location
** testing if installed package keeps a record of temporary installation path
* DONE (FlowSorted.CordBloodNorway.450k)

Tests output


Example timings

FlowSorted.CordBloodNorway.450k.Rcheck/FlowSorted.CordBloodNorway.450k-Ex.timings

nameusersystemelapsed
FlowSorted.CordBloodNorway.450k0.0020.0000.003