Back to Mac ARM64 build report for BioC 3.18 |
|
This page was generated on 2024-03-28 11:32:31 -0400 (Thu, 28 Mar 2024).
Hostname | OS | Arch (*) | R version | Installed pkgs |
---|---|---|---|---|
kjohnson1 | macOS 13.6.1 Ventura | arm64 | 4.3.3 (2024-02-29) -- "Angel Food Cake" | 4376 |
Click on any hostname to see more info about the system (e.g. compilers) (*) as reported by 'uname -p', except on Windows and Mac OS X |
Package 1934/2266 | Hostname | OS / Arch | INSTALL | BUILD | CHECK | BUILD BIN | ||||||||
sesame 1.20.0 (landing page) Wanding Zhou
| kjohnson1 | macOS 13.6.1 Ventura / arm64 | OK | ERROR | skipped | skipped | ||||||||
To the developers/maintainers of the sesame package: - Use the following Renviron settings to reproduce errors and warnings. - If 'R CMD check' started to fail recently on the Linux builder(s) over a missing dependency, add the missing dependency to 'Suggests:' in your DESCRIPTION file. See Renviron.bioc for more information. |
Package: sesame |
Version: 1.20.0 |
Command: /Library/Frameworks/R.framework/Resources/bin/R CMD build --keep-empty-dirs --no-resave-data sesame |
StartedAt: 2024-03-27 02:21:56 -0400 (Wed, 27 Mar 2024) |
EndedAt: 2024-03-27 02:27:01 -0400 (Wed, 27 Mar 2024) |
EllapsedTime: 304.8 seconds |
RetCode: 1 |
Status: ERROR |
PackageFile: None |
PackageFileSize: NA |
############################################################################## ############################################################################## ### ### Running command: ### ### /Library/Frameworks/R.framework/Resources/bin/R CMD build --keep-empty-dirs --no-resave-data sesame ### ############################################################################## ############################################################################## * checking for file ‘sesame/DESCRIPTION’ ... OK * preparing ‘sesame’: * checking DESCRIPTION meta-information ... OK * installing the package to build vignettes * creating vignettes ... ERROR --- re-building ‘KYCG.Rmd’ using rmarkdown 2024-03-27 02:23:33.847 R[30066:394588622] XType: Using static font registry. --- finished re-building ‘KYCG.Rmd’ --- re-building ‘QC.Rmd’ using rmarkdown --- finished re-building ‘QC.Rmd’ --- re-building ‘inferences.Rmd’ using rmarkdown --- finished re-building ‘inferences.Rmd’ --- re-building ‘modeling.Rmd’ using rmarkdown --- finished re-building ‘modeling.Rmd’ --- re-building ‘nonhuman.Rmd’ using rmarkdown Error: processing vignette 'nonhuman.Rmd' failed with diagnostics: pandoc document conversion failed with error 10 --- failed re-building ‘nonhuman.Rmd’ --- re-building ‘sesame.Rmd’ using rmarkdown --- finished re-building ‘sesame.Rmd’ SUMMARY: processing the following file failed: ‘nonhuman.Rmd’ Error: Vignette re-building failed. Execution halted