Back to Mac ARM64 build report for BioC 3.18 |
|
This page was generated on 2024-03-28 11:32:24 -0400 (Thu, 28 Mar 2024).
Hostname | OS | Arch (*) | R version | Installed pkgs |
---|---|---|---|---|
kjohnson1 | macOS 13.6.1 Ventura | arm64 | 4.3.3 (2024-02-29) -- "Angel Food Cake" | 4376 |
Click on any hostname to see more info about the system (e.g. compilers) (*) as reported by 'uname -p', except on Windows and Mac OS X |
Package 1259/2266 | Hostname | OS / Arch | INSTALL | BUILD | CHECK | BUILD BIN | ||||||||
mina 1.10.0 (landing page) Rui Guan
| kjohnson1 | macOS 13.6.1 Ventura / arm64 | OK | OK | WARNINGS | OK | ||||||||
To the developers/maintainers of the mina package: - Use the following Renviron settings to reproduce errors and warnings. - If 'R CMD check' started to fail recently on the Linux builder(s) over a missing dependency, add the missing dependency to 'Suggests:' in your DESCRIPTION file. See Renviron.bioc for more information. |
Package: mina |
Version: 1.10.0 |
Command: /Library/Frameworks/R.framework/Resources/bin/R CMD check --install=check:mina.install-out.txt --library=/Library/Frameworks/R.framework/Resources/library --no-vignettes --timings mina_1.10.0.tar.gz |
StartedAt: 2024-03-27 19:11:00 -0400 (Wed, 27 Mar 2024) |
EndedAt: 2024-03-27 19:15:58 -0400 (Wed, 27 Mar 2024) |
EllapsedTime: 298.7 seconds |
RetCode: 0 |
Status: WARNINGS |
CheckDir: mina.Rcheck |
Warnings: 1 |
############################################################################## ############################################################################## ### ### Running command: ### ### /Library/Frameworks/R.framework/Resources/bin/R CMD check --install=check:mina.install-out.txt --library=/Library/Frameworks/R.framework/Resources/library --no-vignettes --timings mina_1.10.0.tar.gz ### ############################################################################## ############################################################################## * using log directory ‘/Users/biocbuild/bbs-3.18-bioc-mac-arm64/meat/mina.Rcheck’ * using R version 4.3.3 (2024-02-29) * using platform: aarch64-apple-darwin20 (64-bit) * R was compiled by Apple clang version 14.0.0 (clang-1400.0.29.202) GNU Fortran (GCC) 12.2.0 * running under: macOS Ventura 13.6.1 * using session charset: UTF-8 * using option ‘--no-vignettes’ * checking for file ‘mina/DESCRIPTION’ ... OK * this is package ‘mina’ version ‘1.10.0’ * package encoding: UTF-8 * checking package namespace information ... OK * checking package dependencies ... OK * checking if this is a source package ... OK * checking if there is a namespace ... OK * checking for hidden files and directories ... OK * checking for portable file names ... OK * checking for sufficient/correct file permissions ... OK * checking whether package ‘mina’ can be installed ... OK * used C++ compiler: ‘Apple clang version 15.0.0 (clang-1500.0.40.1)’ * used SDK: ‘MacOSX11.3.sdk’ * checking installed package size ... NOTE installed size is 8.0Mb sub-directories of 1Mb or more: data 7.4Mb * checking package directory ... OK * checking ‘build’ directory ... OK * checking DESCRIPTION meta-information ... OK * checking top-level files ... OK * checking for left-over files ... OK * checking index information ... OK * checking package subdirectories ... OK * checking R files for non-ASCII characters ... OK * checking R files for syntax errors ... OK * checking whether the package can be loaded ... OK * checking whether the package can be loaded with stated dependencies ... OK * checking whether the package can be unloaded cleanly ... OK * checking whether the namespace can be loaded with stated dependencies ... OK * checking whether the namespace can be unloaded cleanly ... OK * checking dependencies in R code ... OK * checking S3 generic/method consistency ... OK * checking replacement functions ... OK * checking foreign function calls ... OK * checking R code for possible problems ... NOTE sparcc: no visible binding for global variable ‘i’ net_dis_pcoa,character: no visible binding for global variable ‘y’ net_dis_pcoa,character: no visible binding for global variable ‘Group’ net_dis_plot,mina: no visible binding for global variable ‘Group1’ net_dis_plot,mina: no visible binding for global variable ‘Group2’ net_dis_plot,mina: no visible binding for global variable ‘Distance’ net_dis_plot,mina: no visible binding for global variable ‘Sig’ Undefined global functions or variables: Distance Group Group1 Group2 Sig i y * checking Rd files ... OK * checking Rd metadata ... OK * checking Rd cross-references ... OK * checking for missing documentation entries ... OK * checking for code/documentation mismatches ... OK * checking Rd \usage sections ... OK * checking Rd contents ... OK * checking for unstated dependencies in examples ... OK * checking contents of ‘data’ directory ... OK * checking data for non-ASCII characters ... OK * checking LazyData ... WARNING LazyData DB of 7.4 MB without LazyDataCompression set See §1.1.6 of 'Writing R Extensions' * checking data for ASCII and uncompressed saves ... OK * checking line endings in C/C++/Fortran sources/headers ... OK * checking compiled code ... NOTE Note: information on .o files is not available * checking files in ‘vignettes’ ... OK * checking examples ... OK Examples with CPU (user + system) or elapsed time > 5s user system elapsed net_dis_plot 37.764 12.589 47.576 net_dis-mina 19.529 5.020 23.086 net_cls-mina 18.822 1.377 21.031 dis_stat_accessor 15.461 2.838 17.388 net_cls 16.672 0.710 17.145 net_cls-matrix 16.596 0.687 18.599 com_plot-mina 8.338 1.450 3.065 bs_pm-mina 7.766 0.589 7.317 * checking for unstated dependencies in vignettes ... OK * checking package vignettes in ‘inst/doc’ ... OK * checking running R code from vignettes ... SKIPPED * checking re-building of vignette outputs ... SKIPPED * checking PDF version of manual ... OK * DONE Status: 1 WARNING, 3 NOTEs See ‘/Users/biocbuild/bbs-3.18-bioc-mac-arm64/meat/mina.Rcheck/00check.log’ for details.
mina.Rcheck/00install.out
############################################################################## ############################################################################## ### ### Running command: ### ### /Library/Frameworks/R.framework/Resources/bin/R CMD INSTALL mina ### ############################################################################## ############################################################################## * installing to library ‘/Library/Frameworks/R.framework/Versions/4.3-arm64/Resources/library’ * installing *source* package ‘mina’ ... ** using staged installation ** libs using C++ compiler: ‘Apple clang version 15.0.0 (clang-1500.0.40.1)’ using SDK: ‘MacOSX11.3.sdk’ clang++ -arch arm64 -std=gnu++17 -I"/Library/Frameworks/R.framework/Resources/include" -DNDEBUG -I'/Library/Frameworks/R.framework/Versions/4.3-arm64/Resources/library/Rcpp/include' -I'/Library/Frameworks/R.framework/Versions/4.3-arm64/Resources/library/RcppParallel/include' -I'/Library/Frameworks/R.framework/Versions/4.3-arm64/Resources/library/RcppArmadillo/include' -I/opt/R/arm64/include -fPIC -falign-functions=64 -Wall -g -O2 -c RcppExports.cpp -o RcppExports.o clang++ -arch arm64 -std=gnu++17 -I"/Library/Frameworks/R.framework/Resources/include" -DNDEBUG -I'/Library/Frameworks/R.framework/Versions/4.3-arm64/Resources/library/Rcpp/include' -I'/Library/Frameworks/R.framework/Versions/4.3-arm64/Resources/library/RcppParallel/include' -I'/Library/Frameworks/R.framework/Versions/4.3-arm64/Resources/library/RcppArmadillo/include' -I/opt/R/arm64/include -fPIC -falign-functions=64 -Wall -g -O2 -c cp_cor.cpp -o cp_cor.o clang++ -arch arm64 -std=gnu++17 -dynamiclib -Wl,-headerpad_max_install_names -undefined dynamic_lookup -L/Library/Frameworks/R.framework/Resources/lib -L/opt/R/arm64/lib -o mina.so RcppExports.o cp_cor.o -F/Library/Frameworks/R.framework/.. -framework R -Wl,-framework -Wl,CoreFoundation installing to /Library/Frameworks/R.framework/Versions/4.3-arm64/Resources/library/00LOCK-mina/00new/mina/libs ** R ** data *** moving datasets to lazyload DB ** byte-compile and prepare package for lazy loading Creating a new generic function for ‘norm’ in package ‘mina’ ** help *** installing help indices ** building package indices ** installing vignettes ** testing if installed package can be loaded from temporary location ** checking absolute paths in shared objects and dynamic libraries ** testing if installed package can be loaded from final location ** testing if installed package keeps a record of temporary installation path * DONE (mina)
mina.Rcheck/mina-Ex.timings
name | user | system | elapsed | |
adj-matrix | 0.749 | 0.030 | 0.490 | |
adj-mina | 0.919 | 0.027 | 0.640 | |
adj | 1.385 | 0.029 | 1.071 | |
adj_method_list | 0.077 | 0.035 | 0.125 | |
bs_pm-mina | 7.766 | 0.589 | 7.317 | |
bs_pm | 2.160 | 0.188 | 2.303 | |
check_mina | 0.115 | 0.026 | 0.142 | |
check_mina_de | 0.109 | 0.023 | 0.138 | |
check_mina_qu | 0.109 | 0.019 | 0.134 | |
cls_tab | 0.118 | 0.029 | 0.158 | |
com_dis-matrix | 0.702 | 0.015 | 0.402 | |
com_dis-mina | 0.450 | 0.013 | 0.150 | |
com_dis | 0.689 | 0.017 | 0.389 | |
com_dis_list | 0.103 | 0.038 | 0.162 | |
com_plot-mina | 8.338 | 1.450 | 3.065 | |
com_plot | 0.183 | 0.018 | 0.197 | |
com_r2-mina | 0.927 | 0.025 | 0.621 | |
com_r2 | 1.208 | 0.124 | 1.043 | |
data-hmp | 0.001 | 0.002 | 0.004 | |
data-maize | 0.001 | 0.002 | 0.002 | |
des_accessor | 0.003 | 0.000 | 0.004 | |
dis_accessor | 0.450 | 0.018 | 0.137 | |
dis_stat_accessor | 15.461 | 2.838 | 17.388 | |
dmr-matrix | 0.798 | 0.046 | 0.518 | |
dmr-mina | 0.778 | 0.025 | 0.479 | |
dmr | 0.784 | 0.021 | 0.479 | |
dmr_accessor | 0.782 | 0.027 | 0.528 | |
fit_tabs-mina | 0.701 | 0.173 | 0.977 | |
fit_tabs | 1.101 | 0.230 | 1.531 | |
get_net_cls_tab-matrix-data.frame-method | 1.738 | 0.143 | 1.793 | |
get_net_cls_tab | 1.936 | 0.186 | 1.990 | |
get_r2-mat | 0.878 | 0.023 | 0.646 | |
get_r2 | 0.935 | 0.042 | 0.721 | |
get_rep-matrix | 0.363 | 0.039 | 0.533 | |
get_rep-mima | 0.897 | 0.072 | 1.085 | |
hmp_des | 0.001 | 0.001 | 0.002 | |
hmp_otu | 0.001 | 0.001 | 0.001 | |
maize_asv | 0.001 | 0.001 | 0.002 | |
maize_asv2 | 0.001 | 0.001 | 0.002 | |
maize_des | 0.001 | 0.001 | 0.002 | |
maize_des2 | 0.001 | 0.001 | 0.002 | |
mina-class | 0.002 | 0.000 | 0.002 | |
net_cls-matrix | 16.596 | 0.687 | 18.599 | |
net_cls-mina | 18.822 | 1.377 | 21.031 | |
net_cls | 16.672 | 0.710 | 17.145 | |
net_cls_tab-mina-method | 3.981 | 0.186 | 3.905 | |
net_cls_tab | 1.694 | 0.201 | 1.544 | |
net_dis-mina | 19.529 | 5.020 | 23.086 | |
net_dis | 2.123 | 0.243 | 2.338 | |
net_dis_indi | 0.000 | 0.001 | 0.001 | |
net_dis_pcoa | 0.000 | 0.001 | 0.000 | |
net_dis_plot | 37.764 | 12.589 | 47.576 | |
net_grp_cmp | 0 | 0 | 0 | |
net_node_cmp | 0 | 0 | 0 | |
norm_accessor | 0.037 | 0.006 | 0.043 | |
norm_tab-matrix | 0.906 | 0.063 | 0.970 | |
norm_tab-mina | 0.879 | 0.092 | 1.001 | |
norm_tab | 0.035 | 0.006 | 0.041 | |
norm_tab_method_list | 0.066 | 0.032 | 0.105 | |
pcoa_plot | 1.708 | 0.093 | 1.141 | |
sim_par | 0 | 0 | 0 | |
sparcc | 0 | 0 | 0 | |
tab_accessor | 0 | 0 | 0 | |
tina-matrix-method | 0 | 0 | 0 | |
tina | 0.000 | 0.001 | 0.000 | |