Back to Multiple platform build/check report for BioC 3.14
ABCDEFGHIJKLM[N]OPQRSTUVWXYZ

This page was generated on 2022-01-14 13:05:30 -0500 (Fri, 14 Jan 2022).

HostnameOSArch (*)R versionInstalled pkgs
nebbiolo2Linux (Ubuntu 20.04.4 LTS)x86_644.1.2 (2021-11-01) -- "Bird Hippie" 4327
tokay2Windows Server 2012 R2 Standardx644.1.2 (2021-11-01) -- "Bird Hippie" 4076
machv2macOS 10.14.6 Mojavex86_644.1.2 (2021-11-01) -- "Bird Hippie" 4137
Click on any hostname to see more info about the system (e.g. compilers)      (*) as reported by 'uname -p', except on Windows and Mac OS X

CHECK results for nethet on nebbiolo2


To the developers/maintainers of the nethet package:
- Please allow up to 24 hours (and sometimes 48 hours) for your latest push to git@git.bioconductor.org:packages/nethet.git to
reflect on this report. See How and When does the builder pull? When will my changes propagate? here for more information.
- Make sure to use the following settings in order to reproduce any error or warning you see on this page.

raw results

Package 1285/2083HostnameOS / ArchINSTALLBUILDCHECKBUILD BIN
nethet 1.26.0  (landing page)
Nicolas Staedler
Snapshot Date: 2022-01-13 01:55:04 -0500 (Thu, 13 Jan 2022)
git_url: https://git.bioconductor.org/packages/nethet
git_branch: RELEASE_3_14
git_last_commit: b1233b3
git_last_commit_date: 2021-10-26 12:18:03 -0500 (Tue, 26 Oct 2021)
nebbiolo2Linux (Ubuntu 20.04.4 LTS) / x86_64  OK    OK    WARNINGS  UNNEEDED, same version is already published
tokay2Windows Server 2012 R2 Standard / x64  OK    OK    WARNINGS    OK  UNNEEDED, same version is already published
machv2macOS 10.14.6 Mojave / x86_64  OK    OK    WARNINGS    OK  UNNEEDED, same version is already published

Summary

Package: nethet
Version: 1.26.0
Command: /home/biocbuild/bbs-3.14-bioc/R/bin/R CMD check --install=check:nethet.install-out.txt --library=/home/biocbuild/bbs-3.14-bioc/R/library --no-vignettes --timings nethet_1.26.0.tar.gz
StartedAt: 2022-01-13 08:44:02 -0500 (Thu, 13 Jan 2022)
EndedAt: 2022-01-13 08:46:40 -0500 (Thu, 13 Jan 2022)
EllapsedTime: 158.3 seconds
RetCode: 0
Status:   WARNINGS  
CheckDir: nethet.Rcheck
Warnings: 1

Command output

##############################################################################
##############################################################################
###
### Running command:
###
###   /home/biocbuild/bbs-3.14-bioc/R/bin/R CMD check --install=check:nethet.install-out.txt --library=/home/biocbuild/bbs-3.14-bioc/R/library --no-vignettes --timings nethet_1.26.0.tar.gz
###
##############################################################################
##############################################################################


* using log directory ‘/home/biocbuild/bbs-3.14-bioc/meat/nethet.Rcheck’
* using R version 4.1.2 (2021-11-01)
* using platform: x86_64-pc-linux-gnu (64-bit)
* using session charset: UTF-8
* using option ‘--no-vignettes’
* checking for file ‘nethet/DESCRIPTION’ ... OK
* checking extension type ... Package
* this is package ‘nethet’ version ‘1.26.0’
* checking package namespace information ... OK
* checking package dependencies ... OK
* checking if this is a source package ... OK
* checking if there is a namespace ... OK
* checking for hidden files and directories ... OK
* checking for portable file names ... OK
* checking for sufficient/correct file permissions ... OK
* checking whether package ‘nethet’ can be installed ... WARNING
Found the following significant warnings:
  Warning: replacing previous import ‘mclust::dmvnorm’ by ‘mvtnorm::dmvnorm’ when loading ‘nethet’
  Warning: replacing previous import ‘multtest::update’ by ‘stats::update’ when loading ‘nethet’
See ‘/home/biocbuild/bbs-3.14-bioc/meat/nethet.Rcheck/00install.out’ for details.
* checking installed package size ... OK
* checking package directory ... OK
* checking ‘build’ directory ... OK
* checking DESCRIPTION meta-information ... OK
* checking top-level files ... OK
* checking for left-over files ... OK
* checking index information ... OK
* checking package subdirectories ... OK
* checking R files for non-ASCII characters ... OK
* checking R files for syntax errors ... OK
* checking whether the package can be loaded ... OK
* checking whether the package can be loaded with stated dependencies ... OK
* checking whether the package can be unloaded cleanly ... OK
* checking whether the namespace can be loaded with stated dependencies ... OK
* checking whether the namespace can be unloaded cleanly ... OK
* checking dependencies in R code ... OK
* checking S3 generic/method consistency ... OK
* checking replacement functions ... OK
* checking foreign function calls ... OK
* checking R code for possible problems ... NOTE
screen_shrink: no visible global function definition for
  ‘performance.pcor’
Undefined global functions or variables:
  performance.pcor
* checking Rd files ... OK
* checking Rd metadata ... OK
* checking Rd cross-references ... OK
* checking for missing documentation entries ... OK
* checking for code/documentation mismatches ... OK
* checking Rd \usage sections ... OK
* checking Rd contents ... OK
* checking for unstated dependencies in examples ... OK
* checking line endings in C/C++/Fortran sources/headers ... OK
* checking compiled code ... NOTE
Note: information on .o files is not available
* checking files in ‘vignettes’ ... OK
* checking examples ... OK
Examples with CPU (user + system) or elapsed time > 5s
                      user system elapsed
het_cv_glasso       27.623  0.000  27.623
ggmgsa_multisplit   18.321  0.004  18.324
mixglasso           12.163  0.048  12.210
diffregr_multisplit  6.471  0.067   6.540
diffnet_multisplit   5.306  0.001   5.306
* checking for unstated dependencies in ‘tests’ ... OK
* checking tests ...
  Running ‘testthat.R’
 OK
* checking for unstated dependencies in vignettes ... OK
* checking package vignettes in ‘inst/doc’ ... OK
* checking running R code from vignettes ... SKIPPED
* checking re-building of vignette outputs ... SKIPPED
* checking PDF version of manual ... OK
* DONE

Status: 1 WARNING, 2 NOTEs
See
  ‘/home/biocbuild/bbs-3.14-bioc/meat/nethet.Rcheck/00check.log’
for details.



Installation output

nethet.Rcheck/00install.out

##############################################################################
##############################################################################
###
### Running command:
###
###   /home/biocbuild/bbs-3.14-bioc/R/bin/R CMD INSTALL nethet
###
##############################################################################
##############################################################################


* installing to library ‘/home/biocbuild/bbs-3.14-bioc/R/library’
* installing *source* package ‘nethet’ ...
** using staged installation
** libs
gcc -I"/home/biocbuild/bbs-3.14-bioc/R/include" -DNDEBUG   -I/usr/local/include   -fpic  -g -O2  -Wall -c betamat_diffnet.c -o betamat_diffnet.o
gcc -shared -L/home/biocbuild/bbs-3.14-bioc/R/lib -L/usr/local/lib -o nethet.so betamat_diffnet.o -L/home/biocbuild/bbs-3.14-bioc/R/lib -lR
installing to /home/biocbuild/bbs-3.14-bioc/R/library/00LOCK-nethet/00new/nethet/libs
** R
** inst
** byte-compile and prepare package for lazy loading
Warning: replacing previous import ‘mclust::dmvnorm’ by ‘mvtnorm::dmvnorm’ when loading ‘nethet’
Warning: replacing previous import ‘multtest::update’ by ‘stats::update’ when loading ‘nethet’
** help
*** installing help indices
** building package indices
** installing vignettes
** testing if installed package can be loaded from temporary location
Warning: replacing previous import ‘mclust::dmvnorm’ by ‘mvtnorm::dmvnorm’ when loading ‘nethet’
Warning: replacing previous import ‘multtest::update’ by ‘stats::update’ when loading ‘nethet’
** checking absolute paths in shared objects and dynamic libraries
** testing if installed package can be loaded from final location
Warning: replacing previous import ‘mclust::dmvnorm’ by ‘mvtnorm::dmvnorm’ when loading ‘nethet’
Warning: replacing previous import ‘multtest::update’ by ‘stats::update’ when loading ‘nethet’
** testing if installed package keeps a record of temporary installation path
* DONE (nethet)

Tests output

nethet.Rcheck/tests/testthat.Rout


R version 4.1.2 (2021-11-01) -- "Bird Hippie"
Copyright (C) 2021 The R Foundation for Statistical Computing
Platform: x86_64-pc-linux-gnu (64-bit)

R is free software and comes with ABSOLUTELY NO WARRANTY.
You are welcome to redistribute it under certain conditions.
Type 'license()' or 'licence()' for distribution details.

R is a collaborative project with many contributors.
Type 'contributors()' for more information and
'citation()' on how to cite R or R packages in publications.

Type 'demo()' for some demos, 'help()' for on-line help, or
'help.start()' for an HTML browser interface to help.
Type 'q()' to quit R.

> library(testthat)
> library(nethet)
Warning messages:
1: replacing previous import 'mclust::dmvnorm' by 'mvtnorm::dmvnorm' when loading 'nethet' 
2: replacing previous import 'multtest::update' by 'stats::update' when loading 'nethet' 
> 
> test_check("nethet")
[ FAIL 0 | WARN 0 | SKIP 0 | PASS 18 ]
> 
> proc.time()
   user  system elapsed 
  7.758   0.261   8.002 

Example timings

nethet.Rcheck/nethet-Ex.timings

nameusersystemelapsed
aggpval0.0150.0000.016
bwprun_mixglasso1.9260.0191.946
diffnet_multisplit5.3060.0015.306
diffnet_singlesplit2.6640.0052.668
diffregr_multisplit6.4710.0676.540
diffregr_singlesplit0.4540.0050.458
dot_plot0.5190.0000.520
export_network0.1360.0000.136
generate_2networks0.0310.0000.031
generate_inv_cov0.0350.0360.070
ggmgsa_multisplit18.321 0.00418.324
gsea.iriz0.0060.0000.005
het_cv_glasso27.623 0.00027.623
invcov2parcor0.0010.0000.001
invcov2parcor_array0.0040.0000.004
logratio0.0010.0000.001
mixglasso12.163 0.04812.210
plot_2networks0.0310.0000.031
scatter_plot0.9870.0000.987
screen_aic.glasso1.0760.0001.076
screen_bic.glasso1.0540.0001.054
screen_cv.glasso2.0660.0002.066
screen_cv1se.lasso0.1150.0000.115
screen_cvfix.lasso0.1140.0000.114
screen_cvmin.lasso0.1210.0000.121
screen_cvsqrt.lasso0.120.000.12
screen_cvtrunc.lasso0.1150.0000.115
sim_mix0.0030.0000.003
sim_mix_networks0.0060.0000.006