Back to Multiple platform build/check report for BioC 3.14
ABCDE[F]GHIJKLMNOPQRSTUVWXYZ

This page was generated on 2022-01-24 13:06:13 -0500 (Mon, 24 Jan 2022).

HostnameOSArch (*)R versionInstalled pkgs
nebbiolo2Linux (Ubuntu 20.04.4 LTS)x86_644.1.2 (2021-11-01) -- "Bird Hippie" 4329
tokay2Windows Server 2012 R2 Standardx644.1.2 (2021-11-01) -- "Bird Hippie" 4080
machv2macOS 10.14.6 Mojavex86_644.1.2 (2021-11-01) -- "Bird Hippie" 4141
Click on any hostname to see more info about the system (e.g. compilers)      (*) as reported by 'uname -p', except on Windows and Mac OS X

CHECK results for fastLiquidAssociation on tokay2


To the developers/maintainers of the fastLiquidAssociation package:
- Please allow up to 24 hours (and sometimes 48 hours) for your latest push to git@git.bioconductor.org:packages/fastLiquidAssociation.git to
reflect on this report. See How and When does the builder pull? When will my changes propagate? here for more information.
- Make sure to use the following settings in order to reproduce any error or warning you see on this page.

raw results

Package 625/2083HostnameOS / ArchINSTALLBUILDCHECKBUILD BIN
fastLiquidAssociation 1.30.0  (landing page)
Tina Gunderson
Snapshot Date: 2022-01-23 01:55:04 -0500 (Sun, 23 Jan 2022)
git_url: https://git.bioconductor.org/packages/fastLiquidAssociation
git_branch: RELEASE_3_14
git_last_commit: 59a3557
git_last_commit_date: 2021-10-26 12:13:35 -0500 (Tue, 26 Oct 2021)
nebbiolo2Linux (Ubuntu 20.04.4 LTS) / x86_64  OK    OK    WARNINGS  UNNEEDED, same version is already published
tokay2Windows Server 2012 R2 Standard / x64  OK    OK    WARNINGS    OK  UNNEEDED, same version is already published
machv2macOS 10.14.6 Mojave / x86_64  OK    OK    WARNINGS    OK  UNNEEDED, same version is already published

Summary

Package: fastLiquidAssociation
Version: 1.30.0
Command: C:\Users\biocbuild\bbs-3.14-bioc\R\bin\R.exe CMD check --force-multiarch --install=check:fastLiquidAssociation.install-out.txt --library=C:\Users\biocbuild\bbs-3.14-bioc\R\library --no-vignettes --timings fastLiquidAssociation_1.30.0.tar.gz
StartedAt: 2022-01-23 19:04:48 -0500 (Sun, 23 Jan 2022)
EndedAt: 2022-01-23 19:09:41 -0500 (Sun, 23 Jan 2022)
EllapsedTime: 293.0 seconds
RetCode: 0
Status:   WARNINGS  
CheckDir: fastLiquidAssociation.Rcheck
Warnings: 2

Command output

##############################################################################
##############################################################################
###
### Running command:
###
###   C:\Users\biocbuild\bbs-3.14-bioc\R\bin\R.exe CMD check --force-multiarch --install=check:fastLiquidAssociation.install-out.txt --library=C:\Users\biocbuild\bbs-3.14-bioc\R\library --no-vignettes --timings fastLiquidAssociation_1.30.0.tar.gz
###
##############################################################################
##############################################################################


* using log directory 'C:/Users/biocbuild/bbs-3.14-bioc/meat/fastLiquidAssociation.Rcheck'
* using R version 4.1.2 (2021-11-01)
* using platform: x86_64-w64-mingw32 (64-bit)
* using session charset: ISO8859-1
* using option '--no-vignettes'
* checking for file 'fastLiquidAssociation/DESCRIPTION' ... OK
* checking extension type ... Package
* this is package 'fastLiquidAssociation' version '1.30.0'
* checking package namespace information ... OK
* checking package dependencies ... OK
* checking if this is a source package ... OK
* checking if there is a namespace ... OK
* checking for hidden files and directories ... OK
* checking for portable file names ... OK
* checking whether package 'fastLiquidAssociation' can be installed ... WARNING
Found the following significant warnings:
  Rd warning: C:/Users/biocbuild/bbs-3.14-bioc/tmpdir/RtmpgNw3ej/R.INSTALL25386b13dfc/fastLiquidAssociation/man/fastMLA-methods.Rd:59: missing link 'WGCNA'
See 'C:/Users/biocbuild/bbs-3.14-bioc/meat/fastLiquidAssociation.Rcheck/00install.out' for details.
* checking installed package size ... OK
* checking package directory ... OK
* checking 'build' directory ... OK
* checking DESCRIPTION meta-information ... OK
* checking top-level files ... OK
* checking for left-over files ... OK
* checking index information ... OK
* checking package subdirectories ... OK
* checking R files for non-ASCII characters ... OK
* checking R files for syntax errors ... OK
* loading checks for arch 'i386'
** checking whether the package can be loaded ... OK
** checking whether the package can be loaded with stated dependencies ... OK
** checking whether the package can be unloaded cleanly ... OK
** checking whether the namespace can be loaded with stated dependencies ... OK
** checking whether the namespace can be unloaded cleanly ... OK
* loading checks for arch 'x64'
** checking whether the package can be loaded ... OK
** checking whether the package can be loaded with stated dependencies ... OK
** checking whether the package can be unloaded cleanly ... OK
** checking whether the namespace can be loaded with stated dependencies ... OK
** checking whether the namespace can be unloaded cleanly ... OK
* checking dependencies in R code ... NOTE
Namespaces in Imports field not imported from:
  'impute' 'preprocessCore'
  All declared Imports should be used.
* checking S3 generic/method consistency ... OK
* checking replacement functions ... OK
* checking foreign function calls ... OK
* checking R code for possible problems ... OK
* checking Rd files ... OK
* checking Rd metadata ... OK
* checking Rd cross-references ... WARNING
Missing link or links in documentation object 'fastMLA-methods.Rd':
  'WGCNA'

See section 'Cross-references' in the 'Writing R Extensions' manual.
* checking for missing documentation entries ... OK
* checking for code/documentation mismatches ... OK
* checking Rd \usage sections ... OK
* checking Rd contents ... OK
* checking for unstated dependencies in examples ... OK
* checking contents of 'data' directory ... OK
* checking data for non-ASCII characters ... OK
* checking data for ASCII and uncompressed saves ... OK
* checking files in 'vignettes' ... OK
* checking examples ...
** running examples for arch 'i386' ... OK
Examples with CPU (user + system) or elapsed time > 5s
                              user system elapsed
fastLiquidAssociation-package 2.55   0.23   25.76
fastboots.GLA-methods         1.20   0.16   24.30
** running examples for arch 'x64' ... OK
Examples with CPU (user + system) or elapsed time > 5s
                              user system elapsed
fastLiquidAssociation-package 2.56   0.18   26.51
fastboots.GLA-methods         1.40   0.13   26.48
* checking for unstated dependencies in vignettes ... OK
* checking package vignettes in 'inst/doc' ... OK
* checking running R code from vignettes ... SKIPPED
* checking re-building of vignette outputs ... SKIPPED
* checking PDF version of manual ... OK
* DONE

Status: 2 WARNINGs, 1 NOTE
See
  'C:/Users/biocbuild/bbs-3.14-bioc/meat/fastLiquidAssociation.Rcheck/00check.log'
for details.



Installation output

fastLiquidAssociation.Rcheck/00install.out

##############################################################################
##############################################################################
###
### Running command:
###
###   C:\cygwin\bin\curl.exe -O http://155.52.207.166/BBS/3.14/bioc/src/contrib/fastLiquidAssociation_1.30.0.tar.gz && rm -rf fastLiquidAssociation.buildbin-libdir && mkdir fastLiquidAssociation.buildbin-libdir && C:\Users\biocbuild\bbs-3.14-bioc\R\bin\R.exe CMD INSTALL --merge-multiarch --build --library=fastLiquidAssociation.buildbin-libdir fastLiquidAssociation_1.30.0.tar.gz && C:\Users\biocbuild\bbs-3.14-bioc\R\bin\R.exe CMD INSTALL fastLiquidAssociation_1.30.0.zip && rm fastLiquidAssociation_1.30.0.tar.gz fastLiquidAssociation_1.30.0.zip
###
##############################################################################
##############################################################################


  % Total    % Received % Xferd  Average Speed   Time    Time     Time  Current
                                 Dload  Upload   Total   Spent    Left  Speed

  0     0    0     0    0     0      0      0 --:--:-- --:--:-- --:--:--     0
100  150k  100  150k    0     0   794k      0 --:--:-- --:--:-- --:--:--  797k

install for i386

* installing *source* package 'fastLiquidAssociation' ...
** using staged installation
** R
** data
** byte-compile and prepare package for lazy loading
** help
*** installing help indices
  converting help for package 'fastLiquidAssociation'
    finding HTML links ... done
    fastLiquidAssociation-package           html  
    fastMLA-methods                         html  
    finding level-2 HTML links ... done

Rd warning: C:/Users/biocbuild/bbs-3.14-bioc/tmpdir/RtmpgNw3ej/R.INSTALL25386b13dfc/fastLiquidAssociation/man/fastMLA-methods.Rd:59: missing link 'WGCNA'
    fastboots.GLA-methods                   html  
    mass.CNM-methods                        html  
    testmat                                 html  
** building package indices
** installing vignettes
** testing if installed package can be loaded from temporary location
** testing if installed package can be loaded from final location
** testing if installed package keeps a record of temporary installation path

install for x64

* installing *source* package 'fastLiquidAssociation' ...
** testing if installed package can be loaded
* MD5 sums
packaged installation of 'fastLiquidAssociation' as fastLiquidAssociation_1.30.0.zip
* DONE (fastLiquidAssociation)
* installing to library 'C:/Users/biocbuild/bbs-3.14-bioc/R/library'
package 'fastLiquidAssociation' successfully unpacked and MD5 sums checked

Tests output


Example timings

fastLiquidAssociation.Rcheck/examples_i386/fastLiquidAssociation-Ex.timings

nameusersystemelapsed
fastLiquidAssociation-package 2.55 0.2325.76
fastMLA-methods0.700.061.41
fastboots.GLA-methods 1.20 0.1624.30
mass.CNM-methods1.170.091.78

fastLiquidAssociation.Rcheck/examples_x64/fastLiquidAssociation-Ex.timings

nameusersystemelapsed
fastLiquidAssociation-package 2.56 0.1826.51
fastMLA-methods0.860.071.55
fastboots.GLA-methods 1.40 0.1326.48
mass.CNM-methods1.220.111.91