Back to Multiple platform build/check report for BioC 3.14
A[B]CDEFGHIJKLMNOPQRSTUVWXYZ

This page was generated on 2022-01-17 13:07:22 -0500 (Mon, 17 Jan 2022).

HostnameOSArch (*)R versionInstalled pkgs
nebbiolo2Linux (Ubuntu 20.04.4 LTS)x86_644.1.2 (2021-11-01) -- "Bird Hippie" 4328
tokay2Windows Server 2012 R2 Standardx644.1.2 (2021-11-01) -- "Bird Hippie" 4077
machv2macOS 10.14.6 Mojavex86_644.1.2 (2021-11-01) -- "Bird Hippie" 4138
Click on any hostname to see more info about the system (e.g. compilers)      (*) as reported by 'uname -p', except on Windows and Mac OS X

CHECK results for BloodGen3Module on machv2


To the developers/maintainers of the BloodGen3Module package:
- Please allow up to 24 hours (and sometimes 48 hours) for your latest push to git@git.bioconductor.org:packages/BloodGen3Module.git to
reflect on this report. See How and When does the builder pull? When will my changes propagate? here for more information.
- Make sure to use the following settings in order to reproduce any error or warning you see on this page.

raw results

Package 204/2083HostnameOS / ArchINSTALLBUILDCHECKBUILD BIN
BloodGen3Module 1.2.0  (landing page)
Darawan Rinchai
Snapshot Date: 2022-01-16 01:55:05 -0500 (Sun, 16 Jan 2022)
git_url: https://git.bioconductor.org/packages/BloodGen3Module
git_branch: RELEASE_3_14
git_last_commit: 0a233b6
git_last_commit_date: 2021-10-26 13:10:03 -0500 (Tue, 26 Oct 2021)
nebbiolo2Linux (Ubuntu 20.04.4 LTS) / x86_64  OK    OK    WARNINGS  UNNEEDED, same version is already published
tokay2Windows Server 2012 R2 Standard / x64  OK    OK    WARNINGS    OK  UNNEEDED, same version is already published
machv2macOS 10.14.6 Mojave / x86_64  OK    OK    WARNINGS    OK  UNNEEDED, same version is already published

Summary

Package: BloodGen3Module
Version: 1.2.0
Command: /Library/Frameworks/R.framework/Resources/bin/R CMD check --install=check:BloodGen3Module.install-out.txt --library=/Library/Frameworks/R.framework/Resources/library --no-vignettes --timings BloodGen3Module_1.2.0.tar.gz
StartedAt: 2022-01-16 10:46:56 -0500 (Sun, 16 Jan 2022)
EndedAt: 2022-01-16 10:53:12 -0500 (Sun, 16 Jan 2022)
EllapsedTime: 375.9 seconds
RetCode: 0
Status:   WARNINGS  
CheckDir: BloodGen3Module.Rcheck
Warnings: 1

Command output

##############################################################################
##############################################################################
###
### Running command:
###
###   /Library/Frameworks/R.framework/Resources/bin/R CMD check --install=check:BloodGen3Module.install-out.txt --library=/Library/Frameworks/R.framework/Resources/library --no-vignettes --timings BloodGen3Module_1.2.0.tar.gz
###
##############################################################################
##############################################################################


* using log directory ‘/Users/biocbuild/bbs-3.14-bioc/meat/BloodGen3Module.Rcheck’
* using R version 4.1.2 (2021-11-01)
* using platform: x86_64-apple-darwin17.0 (64-bit)
* using session charset: UTF-8
* using option ‘--no-vignettes’
* checking for file ‘BloodGen3Module/DESCRIPTION’ ... OK
* checking extension type ... Package
* this is package ‘BloodGen3Module’ version ‘1.2.0’
* package encoding: UTF-8
* checking package namespace information ... OK
* checking package dependencies ... OK
* checking if this is a source package ... OK
* checking if there is a namespace ... OK
* checking for hidden files and directories ... OK
* checking for portable file names ... OK
* checking for sufficient/correct file permissions ... OK
* checking whether package ‘BloodGen3Module’ can be installed ... WARNING
Found the following significant warnings:
  Warning: replacing previous import ‘SummarizedExperiment::rowRanges’ by ‘matrixStats::rowRanges’ when loading ‘BloodGen3Module’
  Warning: replacing previous import ‘SummarizedExperiment::start’ by ‘stats::start’ when loading ‘BloodGen3Module’
  Warning: replacing previous import ‘SummarizedExperiment::end’ by ‘stats::end’ when loading ‘BloodGen3Module’
  Warning: replacing previous import ‘matrixStats::rowRanges’ by ‘SummarizedExperiment::rowRanges’ when loading ‘BloodGen3Module’
See ‘/Users/biocbuild/bbs-3.14-bioc/meat/BloodGen3Module.Rcheck/00install.out’ for details.
* checking installed package size ... OK
* checking package directory ... OK
* checking ‘build’ directory ... OK
* checking DESCRIPTION meta-information ... OK
* checking top-level files ... NOTE
File
  LICENSE
is not mentioned in the DESCRIPTION file.
* checking for left-over files ... OK
* checking index information ... OK
* checking package subdirectories ... OK
* checking R files for non-ASCII characters ... OK
* checking R files for syntax errors ... OK
* checking whether the package can be loaded ... OK
* checking whether the package can be loaded with stated dependencies ... OK
* checking whether the package can be unloaded cleanly ... OK
* checking whether the namespace can be loaded with stated dependencies ... OK
* checking whether the namespace can be unloaded cleanly ... OK
* checking dependencies in R code ... OK
* checking S3 generic/method consistency ... OK
* checking replacement functions ... OK
* checking foreign function calls ... OK
* checking R code for possible problems ... OK
* checking Rd files ... OK
* checking Rd metadata ... OK
* checking Rd cross-references ... OK
* checking for missing documentation entries ... OK
* checking for code/documentation mismatches ... OK
* checking Rd \usage sections ... OK
* checking Rd contents ... OK
* checking for unstated dependencies in examples ... OK
* checking R/sysdata.rda ... OK
* checking files in ‘vignettes’ ... OK
* checking examples ... OK
Examples with CPU (user + system) or elapsed time > 5s
                       user system elapsed
Groupcomparison      23.028  2.034  26.032
gridplot             19.859  2.491  22.802
fingerprintplot      12.494  0.411  13.383
Groupcomparisonlimma 11.080  1.335  12.882
Individualcomparison 10.567  0.366  11.401
* checking for unstated dependencies in ‘tests’ ... OK
* checking tests ...
  Running ‘test-fold_change.R’
 OK
* checking for unstated dependencies in vignettes ... OK
* checking package vignettes in ‘inst/doc’ ... OK
* checking running R code from vignettes ... SKIPPED
* checking re-building of vignette outputs ... SKIPPED
* checking PDF version of manual ... OK
* DONE

Status: 1 WARNING, 1 NOTE
See
  ‘/Users/biocbuild/bbs-3.14-bioc/meat/BloodGen3Module.Rcheck/00check.log’
for details.



Installation output

BloodGen3Module.Rcheck/00install.out

##############################################################################
##############################################################################
###
### Running command:
###
###   /Library/Frameworks/R.framework/Resources/bin/R CMD INSTALL BloodGen3Module
###
##############################################################################
##############################################################################


* installing to library ‘/Library/Frameworks/R.framework/Versions/4.1/Resources/library’
* installing *source* package ‘BloodGen3Module’ ...
** using staged installation
** R
** inst
** byte-compile and prepare package for lazy loading
Warning: replacing previous import ‘SummarizedExperiment::rowRanges’ by ‘matrixStats::rowRanges’ when loading ‘BloodGen3Module’
Warning: replacing previous import ‘SummarizedExperiment::start’ by ‘stats::start’ when loading ‘BloodGen3Module’
Warning: replacing previous import ‘SummarizedExperiment::end’ by ‘stats::end’ when loading ‘BloodGen3Module’
Warning: replacing previous import ‘matrixStats::rowRanges’ by ‘SummarizedExperiment::rowRanges’ when loading ‘BloodGen3Module’
** help
*** installing help indices
** building package indices
** installing vignettes
** testing if installed package can be loaded from temporary location
Warning: replacing previous import ‘SummarizedExperiment::rowRanges’ by ‘matrixStats::rowRanges’ when loading ‘BloodGen3Module’
Warning: replacing previous import ‘SummarizedExperiment::start’ by ‘stats::start’ when loading ‘BloodGen3Module’
Warning: replacing previous import ‘SummarizedExperiment::end’ by ‘stats::end’ when loading ‘BloodGen3Module’
Warning: replacing previous import ‘matrixStats::rowRanges’ by ‘SummarizedExperiment::rowRanges’ when loading ‘BloodGen3Module’
** testing if installed package can be loaded from final location
Warning: replacing previous import ‘SummarizedExperiment::rowRanges’ by ‘matrixStats::rowRanges’ when loading ‘BloodGen3Module’
Warning: replacing previous import ‘SummarizedExperiment::start’ by ‘stats::start’ when loading ‘BloodGen3Module’
Warning: replacing previous import ‘SummarizedExperiment::end’ by ‘stats::end’ when loading ‘BloodGen3Module’
Warning: replacing previous import ‘matrixStats::rowRanges’ by ‘SummarizedExperiment::rowRanges’ when loading ‘BloodGen3Module’
** testing if installed package keeps a record of temporary installation path
* DONE (BloodGen3Module)

Tests output

BloodGen3Module.Rcheck/tests/test-fold_change.Rout


R version 4.1.2 (2021-11-01) -- "Bird Hippie"
Copyright (C) 2021 The R Foundation for Statistical Computing
Platform: x86_64-apple-darwin17.0 (64-bit)

R is free software and comes with ABSOLUTELY NO WARRANTY.
You are welcome to redistribute it under certain conditions.
Type 'license()' or 'licence()' for distribution details.

R is a collaborative project with many contributors.
Type 'contributors()' for more information and
'citation()' on how to cite R or R packages in publications.

Type 'demo()' for some demos, 'help()' for on-line help, or
'help.start()' for an HTML browser interface to help.
Type 'q()' to quit R.

> library("gtools")
> library("testthat")
> library("BloodGen3Module")
Warning messages:
1: replacing previous import 'SummarizedExperiment::rowRanges' by 'matrixStats::rowRanges' when loading 'BloodGen3Module' 
2: replacing previous import 'SummarizedExperiment::start' by 'stats::start' when loading 'BloodGen3Module' 
3: replacing previous import 'SummarizedExperiment::end' by 'stats::end' when loading 'BloodGen3Module' 
4: replacing previous import 'matrixStats::rowRanges' by 'SummarizedExperiment::rowRanges' when loading 'BloodGen3Module' 
> 
> fold_change = function(df_raw = df_raw,
+                        sample_info = sample_info,
+                        Group_column = Group_column,
+                        Test_group=Test_group,
+                        Ref_group=Ref_group){
+ 
+   FC.group = data.frame(matrix(ncol = 1, nrow = nrow(df_raw)))
+   colnames(FC.group) = Test_group
+   rownames(FC.group) = rownames(df_raw)
+ 
+   for (k in 1:nrow(df_raw)) {
+     signature = rownames(df_raw)[k]
+     test.table <- sample_info
+     test.table$scores <- df_raw[k,]
+     T2 <- test.table[test.table[, Group_column]==Test_group,]       # "Group_test"; the selected column could be changed to your interested group comparison
+     T1 <- test.table[test.table[, Group_column]==Ref_group,]        # "Group_test"; the selected column could be changed to your interested group comparison
+     FC.group[signature,] <- foldchange(mean(T2$scores),mean(T1$scores))
+   }
+   FCgroup <- data.frame(FC.group)
+ }
> 
> 
> library(ExperimentHub)
Loading required package: BiocGenerics

Attaching package: 'BiocGenerics'

The following objects are masked from 'package:stats':

    IQR, mad, sd, var, xtabs

The following objects are masked from 'package:base':

    Filter, Find, Map, Position, Reduce, anyDuplicated, append,
    as.data.frame, basename, cbind, colnames, dirname, do.call,
    duplicated, eval, evalq, get, grep, grepl, intersect, is.unsorted,
    lapply, mapply, match, mget, order, paste, pmax, pmax.int, pmin,
    pmin.int, rank, rbind, rownames, sapply, setdiff, sort, table,
    tapply, union, unique, unsplit, which.max, which.min

Loading required package: AnnotationHub
Loading required package: BiocFileCache
Loading required package: dbplyr
> library(SummarizedExperiment)
Loading required package: MatrixGenerics
Loading required package: matrixStats

Attaching package: 'MatrixGenerics'

The following objects are masked from 'package:matrixStats':

    colAlls, colAnyNAs, colAnys, colAvgsPerRowSet, colCollapse,
    colCounts, colCummaxs, colCummins, colCumprods, colCumsums,
    colDiffs, colIQRDiffs, colIQRs, colLogSumExps, colMadDiffs,
    colMads, colMaxs, colMeans2, colMedians, colMins, colOrderStats,
    colProds, colQuantiles, colRanges, colRanks, colSdDiffs, colSds,
    colSums2, colTabulates, colVarDiffs, colVars, colWeightedMads,
    colWeightedMeans, colWeightedMedians, colWeightedSds,
    colWeightedVars, rowAlls, rowAnyNAs, rowAnys, rowAvgsPerColSet,
    rowCollapse, rowCounts, rowCummaxs, rowCummins, rowCumprods,
    rowCumsums, rowDiffs, rowIQRDiffs, rowIQRs, rowLogSumExps,
    rowMadDiffs, rowMads, rowMaxs, rowMeans2, rowMedians, rowMins,
    rowOrderStats, rowProds, rowQuantiles, rowRanges, rowRanks,
    rowSdDiffs, rowSds, rowSums2, rowTabulates, rowVarDiffs, rowVars,
    rowWeightedMads, rowWeightedMeans, rowWeightedMedians,
    rowWeightedSds, rowWeightedVars

Loading required package: GenomicRanges
Loading required package: stats4
Loading required package: S4Vectors

Attaching package: 'S4Vectors'

The following objects are masked from 'package:base':

    I, expand.grid, unname

Loading required package: IRanges
Loading required package: GenomeInfoDb
Loading required package: Biobase
Welcome to Bioconductor

    Vignettes contain introductory material; view with
    'browseVignettes()'. To cite Bioconductor, see
    'citation("Biobase")', and for packages 'citation("pkgname")'.


Attaching package: 'Biobase'

The following object is masked from 'package:MatrixGenerics':

    rowMedians

The following objects are masked from 'package:matrixStats':

    anyMissing, rowMedians

The following object is masked from 'package:ExperimentHub':

    cache

The following object is masked from 'package:AnnotationHub':

    cache

> dat = ExperimentHub()
snapshotDate(): 2021-10-19
> res = query(dat , "GSE13015")
> GSE13015 = res[["EH5429"]]
see ?GSE13015 and browseVignettes('GSE13015') for documentation
loading from cache
> data_matrix = assay(GSE13015)
> sample_ann = data.frame(colData(GSE13015))
> 
> 
> test_that("test fold_change", {
+   a  = FCgroup = fold_change(df_raw = data_matrix[c(1:5),],
+                                             sample_info = sample_ann,
+                                             Group_column = "Group_test",
+                                             Test_group="Sepsis",
+                                             Ref_group="Control")
+   b  = FCgroup = fold_change(df_raw = data_matrix[c(1:5),],
+                                             sample_info = sample_ann,
+                                             Group_column = "Group_test",
+                                             Test_group="Sepsis",
+                                             Ref_group="Control")
+ 
+   expect_that(a, equals(b))
+ })
Test passed 😸
> 
> proc.time()
   user  system elapsed 
 20.738   1.273  23.153 

Example timings

BloodGen3Module.Rcheck/BloodGen3Module-Ex.timings

nameusersystemelapsed
Groupcomparison23.028 2.03426.032
Groupcomparisonlimma11.080 1.33512.882
Individualcomparison10.567 0.36611.401
fingerprintplot12.494 0.41113.383
fold_change4.0960.0824.679
gridplot19.859 2.49122.802