Back to Multiple platform build/check report for BioC 3.13
AB[C]DEFGHIJKLMNOPQRSTUVWXYZ

This page was generated on 2021-10-13 15:05:49 -0400 (Wed, 13 Oct 2021).

CHECK results for CytoML on machv2

To the developers/maintainers of the CytoML package:
- Please allow up to 24 hours (and sometimes 48 hours) for your latest push to git@git.bioconductor.org:packages/CytoML.git to
reflect on this report. See How and When does the builder pull? When will my changes propagate? here for more information.
- Make sure to use the following settings in order to reproduce any error or warning you see on this page.

raw results

Package 435/2041HostnameOS / ArchINSTALLBUILDCHECKBUILD BIN
CytoML 2.4.0  (landing page)
Mike Jiang
Snapshot Date: 2021-10-12 04:50:13 -0400 (Tue, 12 Oct 2021)
git_url: https://git.bioconductor.org/packages/CytoML
git_branch: RELEASE_3_13
git_last_commit: 6e64d69
git_last_commit_date: 2021-05-19 12:21:29 -0400 (Wed, 19 May 2021)
nebbiolo1Linux (Ubuntu 20.04.2 LTS) / x86_64  OK    OK    WARNINGS  UNNEEDED, same version is already published
tokay2Windows Server 2012 R2 Standard / x64  OK    OK    WARNINGS    OK  UNNEEDED, same version is already published
machv2macOS 10.14.6 Mojave / x86_64  OK    OK    WARNINGS    OK  UNNEEDED, same version is already published

Summary

Package: CytoML
Version: 2.4.0
Command: /Library/Frameworks/R.framework/Versions/Current/Resources/bin/R CMD check --install=check:CytoML.install-out.txt --library=/Library/Frameworks/R.framework/Versions/Current/Resources/library --no-vignettes --timings CytoML_2.4.0.tar.gz
StartedAt: 2021-10-12 17:59:15 -0400 (Tue, 12 Oct 2021)
EndedAt: 2021-10-12 18:02:37 -0400 (Tue, 12 Oct 2021)
EllapsedTime: 202.3 seconds
RetCode: 0
Status:   WARNINGS  
CheckDir: CytoML.Rcheck
Warnings: 2

Command output

##############################################################################
##############################################################################
###
### Running command:
###
###   /Library/Frameworks/R.framework/Versions/Current/Resources/bin/R CMD check --install=check:CytoML.install-out.txt --library=/Library/Frameworks/R.framework/Versions/Current/Resources/library --no-vignettes --timings CytoML_2.4.0.tar.gz
###
##############################################################################
##############################################################################


* using log directory ‘/Users/biocbuild/bbs-3.13-bioc/meat/CytoML.Rcheck’
* using R version 4.1.1 (2021-08-10)
* using platform: x86_64-apple-darwin17.0 (64-bit)
* using session charset: UTF-8
* using option ‘--no-vignettes’
* checking for file ‘CytoML/DESCRIPTION’ ... OK
* checking extension type ... Package
* this is package ‘CytoML’ version ‘2.4.0’
* package encoding: UTF-8
* checking package namespace information ... OK
* checking package dependencies ... OK
* checking if this is a source package ... OK
* checking if there is a namespace ... OK
* checking for hidden files and directories ... NOTE
Found the following hidden files and directories:
  .git_fetch_output.txt
  .git_merge_output.txt
  .github
These were most likely included in error. See section ‘Package
structure’ in the ‘Writing R Extensions’ manual.
* checking for portable file names ... OK
* checking for sufficient/correct file permissions ... OK
* checking whether package ‘CytoML’ can be installed ... OK
* checking installed package size ... NOTE
  installed size is 11.9Mb
  sub-directories of 1Mb or more:
    extdata   4.8Mb
    libs      6.0Mb
* checking package directory ... OK
* checking ‘build’ directory ... OK
* checking DESCRIPTION meta-information ... NOTE
Package listed in more than one of Depends, Imports, Suggests, Enhances:
  ‘methods’
A package should be listed in only one of these fields.
* checking top-level files ... OK
* checking for left-over files ... OK
* checking index information ... OK
* checking package subdirectories ... OK
* checking R files for non-ASCII characters ... OK
* checking R files for syntax errors ... OK
* checking whether the package can be loaded ... OK
* checking whether the package can be loaded with stated dependencies ... OK
* checking whether the package can be unloaded cleanly ... OK
* checking whether the namespace can be loaded with stated dependencies ... OK
* checking whether the namespace can be unloaded cleanly ... OK
* checking dependencies in R code ... NOTE
'library' or 'require' call to ‘parallel’ in package code.
  Please use :: or requireNamespace() instead.
  See section 'Suggested packages' in the 'Writing R Extensions' manual.
Namespaces in Imports field not imported from:
  ‘RUnit’ ‘corpcor’ ‘openCyto’ ‘stats’
  All declared Imports should be used.
Unexported objects imported by ':::' calls:
  ‘ggcyto:::merge.quad.gates’ ‘lattice:::updateList’
  See the note in ?`:::` about the use of this operator.
* checking S3 generic/method consistency ... OK
* checking replacement functions ... OK
* checking foreign function calls ... OK
* checking R code for possible problems ... NOTE
addCustomInfo: no visible global function definition for
  ‘gh_get_transformations’
addGate: no visible binding for global variable ‘id’
addGate: no visible binding for global variable ‘gate_id’
addGate: no visible binding for global variable ‘fcs’
addGate: no visible binding for global variable ‘fcs_file_id’
addGate: no visible binding for global variable ‘gate_def’
addGate: no visible binding for global variable ‘name’
ce_get_panels: no visible binding for global variable ‘panel’
ce_get_panels: no visible binding for global variable ‘n’
constructTree: no visible binding for global variable ‘id’
constructTree: no visible binding for global variable ‘name’
createTransformIdentifier: no visible global function definition for
  ‘slotNames’
cytobank_to_gatingset.cytobank_experiment: no visible binding for
  global variable ‘desc’
diva_to_gatingset: no visible binding for global variable ‘specimen’
diva_to_gatingset: no visible binding for global variable
  ‘sampleSelected’
diva_to_gatingset: no visible global function definition for
  ‘gh_apply_to_new_fcs’
export_comp_trans: no visible global function definition for
  ‘gh_get_compensations’
export_comp_trans: no visible global function definition for
  ‘gh_get_transformations’
export_gates_cytobank: no visible global function definition for
  ‘gs_get_pop_paths’
export_gates_cytobank: no visible global function definition for
  ‘gs_pop_get_gate’
extend.polygonGate: no visible binding for global variable ‘..dim’
extend.polygonGate : <anonymous>: no visible binding for global
  variable ‘y’
extend.polygonGate : <anonymous>: no visible binding for global
  variable ‘x’
extend.polygonGate: no visible binding for global variable ‘id’
extend.polygonGate: no visible binding for global variable ‘x’
extend.polygonGate: no visible binding for global variable ‘y’
extend.polygonGate: no visible binding for global variable ‘is.smaller’
flinTr: no visible global function definition for ‘lintGml2’
fratioTr: no visible global function definition for ‘ratiotGml2’
generate_trans: no visible global function definition for
  ‘flowjo_log_trans’
gs_compare_cytobank_counts: no visible binding for global variable
  ‘population’
gs_compare_cytobank_counts: no visible binding for global variable
  ‘parent’
gs_compare_cytobank_counts: no visible binding for global variable
  ‘parent_count’
gs_compare_cytobank_counts: no visible global function definition for
  ‘.’
gs_compare_cytobank_counts: no visible binding for global variable
  ‘fcs_filename’
hyperlogTr: no visible global function definition for ‘hyperlogtGml2’
open_cytobank_experiment: no visible global function definition for
  ‘unzip’
range.GatingHierarchy: no visible global function definition for
  ‘gh_get_transformations’
read.gatingML.cytobank: no visible binding for global variable ‘id’
read.gatingML.cytobank: no visible binding for global variable
  ‘comp_ref’
transDg1polynomial: no visible global function definition for
  ‘dg1polynomial’
transEH: no visible global function definition for ‘EHtrans’
transExponential: no visible global function definition for
  ‘exponential’
transHyperLog: no visible global function definition for ‘hyperlog’
transHyperbolicSin: no visible global function definition for ‘sinht’
transInvSplitScale: no visible global function definition for
  ‘invsplitscale’
transInverseHyperbolicSin: no visible global function definition for
  ‘asinht’
transLogarithm: no visible global function definition for ‘logarithm’
transQuadratic: no visible global function definition for ‘quadratic’
transRatio: no visible global function definition for ‘ratio’
transSplitScale: no visible global function definition for ‘splitscale’
transSquareroot: no visible global function definition for ‘squareroot’
write.gatingML: no visible global function definition for ‘sessionInfo’
xmlVertexNode : <anonymous>: no visible global function definition for
  ‘format_float’
identifyNode,http...www.isac.net.org.std.Gating.ML.v1.5.gating_DecisionTreeGate:
  no visible binding for global variable ‘expressionFilter’
identifyNode,http...www.isac.net.org.std.Gating.ML.v1.5.gating_PolytopeGate:
  no visible global function definition for ‘polytopeGate’
identifyNode,http...www.isac.net.org.std.Gating.ML.v2.0.transformations_spectrumMatrix:
  no visible global function definition for ‘pseudoinverse’
show,flowjo_workspace: no visible binding for global variable
  ‘groupName’
show,flowjo_workspace: no visible binding for global variable ‘groupID’
Undefined global functions or variables:
  . ..dim EHtrans asinht comp_ref desc dg1polynomial exponential
  expressionFilter fcs fcs_file_id fcs_filename flowjo_log_trans
  format_float gate_def gate_id gh_apply_to_new_fcs
  gh_get_compensations gh_get_transformations groupID groupName
  gs_get_pop_paths gs_pop_get_gate hyperlog hyperlogtGml2 id
  invsplitscale is.smaller lintGml2 logarithm n name panel parent
  parent_count polytopeGate population pseudoinverse quadratic ratio
  ratiotGml2 sampleSelected sessionInfo sinht slotNames specimen
  splitscale squareroot unzip x y
Consider adding
  importFrom("methods", "slotNames")
  importFrom("utils", "sessionInfo", "unzip")
to your NAMESPACE file (and ensure that your DESCRIPTION Imports field
contains 'methods').
* checking Rd files ... OK
* checking Rd metadata ... OK
* checking Rd cross-references ... OK
* checking for missing documentation entries ... OK
* checking for code/documentation mismatches ... OK
* checking Rd \usage sections ... WARNING
Undocumented arguments in documentation object 'parseWorkspace'
  ‘backend_dir’ ‘backend’
Documented arguments not in \usage in documentation object 'parseWorkspace':
  ‘h5_dir’

Functions with \usage entries need to have the appropriate \alias
entries, and all their arguments documented.
The \usage entries must correspond to syntactically valid R code.
See chapter ‘Writing R documentation files’ in the ‘Writing R
Extensions’ manual.
* checking Rd contents ... OK
* checking for unstated dependencies in examples ... OK
* checking line endings in shell scripts ... OK
* checking line endings in C/C++/Fortran sources/headers ... OK
* checking line endings in Makefiles ... OK
* checking compilation flags in Makevars ... NOTE
Package has both ‘src/Makevars.in’ and ‘src/Makevars’.
Installation with --no-configure' is unlikely to work.  If you intended
‘src/Makevars’ to be used on Windows, rename it to ‘src/Makevars.win’
otherwise remove it.  If ‘configure’ created ‘src/Makevars’, you need a
‘cleanup’ script.
* checking for GNU extensions in Makefiles ... NOTE
GNU make is a SystemRequirements.
* checking for portable use of $(BLAS_LIBS) and $(LAPACK_LIBS) ... WARNING
  apparently using $(BLAS_LIBS) without following $(FLIBS) in ‘src/Makevars’
  apparently using $(BLAS_LIBS) without following $(FLIBS) in ‘src/Makevars.in’
* checking use of PKG_*FLAGS in Makefiles ... OK
* checking compiled code ... NOTE
Note: information on .o files is not available
File ‘/Library/Frameworks/R.framework/Versions/4.1/Resources/library/CytoML/libs/CytoML.so’:
  Found ‘__ZNSt3__14cerrE’, possibly from ‘std::cerr’ (C++)
  Found ‘__ZNSt3__14coutE’, possibly from ‘std::cout’ (C++)
  Found ‘___assert_rtn’, possibly from ‘assert’ (C)
  Found ‘___stderrp’, possibly from ‘stderr’ (C)
  Found ‘___stdoutp’, possibly from ‘stdout’ (C)
  Found ‘_abort’, possibly from ‘abort’ (C)
  Found ‘_exit’, possibly from ‘exit’ (C)
  Found ‘_rand’, possibly from ‘rand’ (C)
  Found ‘_rand_r’, possibly from ‘rand_r’ (C)
  Found ‘_srand’, possibly from ‘srand’ (C)

Compiled code should not call entry points which might terminate R nor
write to stdout/stderr instead of to the console, nor use Fortran I/O
nor system RNGs. The detected symbols are linked into the code but
might come from libraries and not actually be called.

See ‘Writing portable packages’ in the ‘Writing R Extensions’ manual.
* checking files in ‘vignettes’ ... OK
* checking examples ... OK
* checking for unstated dependencies in ‘tests’ ... OK
* checking tests ...
  Running ‘testthat.R’
 OK
* checking for unstated dependencies in vignettes ... OK
* checking package vignettes in ‘inst/doc’ ... OK
* checking running R code from vignettes ... SKIPPED
* checking re-building of vignette outputs ... SKIPPED
* checking PDF version of manual ... OK
* DONE

Status: 2 WARNINGs, 8 NOTEs
See
  ‘/Users/biocbuild/bbs-3.13-bioc/meat/CytoML.Rcheck/00check.log’
for details.



Installation output

CytoML.Rcheck/00install.out

##############################################################################
##############################################################################
###
### Running command:
###
###   /Library/Frameworks/R.framework/Versions/Current/Resources/bin/R CMD INSTALL CytoML
###
##############################################################################
##############################################################################


* installing to library ‘/Library/Frameworks/R.framework/Versions/4.1/Resources/library’
* installing *source* package ‘CytoML’ ...
** using staged installation
checking whether the C++ compiler works... yes
checking for C++ compiler default output file name... a.out
checking for suffix of executables... 
checking whether we are cross compiling... no
checking for suffix of object files... o
checking whether we are using the GNU C++ compiler... yes
checking whether clang++ -mmacosx-version-min=10.13 -std=gnu++11 accepts -g... yes
checking for gcc... clang -mmacosx-version-min=10.13
checking whether we are using the GNU C compiler... yes
checking whether clang -mmacosx-version-min=10.13 accepts -g... yes
checking for clang -mmacosx-version-min=10.13 option to accept ISO C89... none needed
configure: setting xml2 flags...
configure: No directory was specified for --with-xml2. Trying to find xml2 using other methods.
checking for xml2-config... /usr/local/opt/libxml2/bin/xml2-config
configure: setting cytolib-ml commandline tool path...
configure: Using the following compilation and linking flags
configure:    PKG_CPPFLAGS=-I/usr/local/Cellar/libxml2/2.9.10_2/include/libxml2 -ftemplate-depth=900
configure:    PKG_LIBS=-L/usr/local/Cellar/libxml2/2.9.10_2/lib -lxml2 -lz -lpthread -liconv -lm 
configure:    CYTOLIBML_BIN=/usr/local/bin
configure: creating ./config.status
config.status: creating src/Makevars
config.status: creating R/cytolibml_bin_path.R
** libs
clang++ -mmacosx-version-min=10.13 -std=gnu++11 -I"/Library/Frameworks/R.framework/Resources/include" -DNDEBUG -DROUT -I../inst/include/ -I/usr/local/Cellar/libxml2/2.9.10_2/include/libxml2 -ftemplate-depth=900 -DBOOST_NO_AUTO_PTR  -I'/Library/Frameworks/R.framework/Versions/4.1/Resources/library/Rcpp/include' -I'/Library/Frameworks/R.framework/Versions/4.1/Resources/library/BH/include' -I'/Library/Frameworks/R.framework/Versions/4.1/Resources/library/RProtoBufLib/include' -I'/Library/Frameworks/R.framework/Versions/4.1/Resources/library/cytolib/include' -I'/Library/Frameworks/R.framework/Versions/4.1/Resources/library/Rhdf5lib/include' -I'/Library/Frameworks/R.framework/Versions/4.1/Resources/library/RcppArmadillo/include' -I'/Library/Frameworks/R.framework/Versions/4.1/Resources/library/RcppParallel/include' -I'/Library/Frameworks/R.framework/Versions/4.1/Resources/library/flowWorkspace/include' -I/usr/local/include   -fPIC  -Wall -g -O2  -c RcppExports.cpp -o RcppExports.o
In file included from RcppExports.cpp:4:
In file included from ./../inst/include/CytoML.h:4:
In file included from /Library/Frameworks/R.framework/Versions/4.1/Resources/library/flowWorkspace/include/flowWorkspace.h:5:
In file included from /Library/Frameworks/R.framework/Versions/4.1/Resources/library/cytolib/include/cytolib/GatingSet.hpp:14:
In file included from /Library/Frameworks/R.framework/Versions/4.1/Resources/library/cytolib/include/cytolib/GatingHierarchy.hpp:17:
In file included from /Library/Frameworks/R.framework/Versions/4.1/Resources/library/cytolib/include/cytolib/populationTree.hpp:14:
In file included from /Library/Frameworks/R.framework/Versions/4.1/Resources/library/BH/include/boost/graph/adjacency_list.hpp:255:
In file included from /Library/Frameworks/R.framework/Versions/4.1/Resources/library/BH/include/boost/graph/detail/adjacency_list.hpp:37:
In file included from /Library/Frameworks/R.framework/Versions/4.1/Resources/library/BH/include/boost/graph/adjacency_iterator.hpp:13:
/Library/Frameworks/R.framework/Versions/4.1/Resources/library/BH/include/boost/detail/iterator.hpp:13:1: warning: This header is deprecated. Use <iterator> instead. [-W#pragma-messages]
BOOST_HEADER_DEPRECATED("<iterator>")
^
/Library/Frameworks/R.framework/Versions/4.1/Resources/library/BH/include/boost/config/header_deprecated.hpp:23:37: note: expanded from macro 'BOOST_HEADER_DEPRECATED'
# define BOOST_HEADER_DEPRECATED(a) BOOST_PRAGMA_MESSAGE("This header is deprecated. Use " a " instead.")
                                    ^
/Library/Frameworks/R.framework/Versions/4.1/Resources/library/BH/include/boost/config/pragma_message.hpp:24:34: note: expanded from macro 'BOOST_PRAGMA_MESSAGE'
# define BOOST_PRAGMA_MESSAGE(x) _Pragma(BOOST_STRINGIZE(message(x)))
                                 ^
<scratch space>:108:2: note: expanded from here
 message("This header is deprecated. Use " "<iterator>" " instead.")
 ^
In file included from RcppExports.cpp:4:
In file included from ./../inst/include/CytoML.h:5:
In file included from ../inst/include/CytoML/openWorkspace.hpp:12:
../inst/include/CytoML/winFlowJoWorkspace.hpp:435:30: warning: '/*' within block comment [-Wcomment]
           * "*[local-name()='edge']/*[local-name()='vertex']" is for ellipsoidGate
                                    ^
2 warnings generated.
clang++ -mmacosx-version-min=10.13 -std=gnu++11 -I"/Library/Frameworks/R.framework/Resources/include" -DNDEBUG -DROUT -I../inst/include/ -I/usr/local/Cellar/libxml2/2.9.10_2/include/libxml2 -ftemplate-depth=900 -DBOOST_NO_AUTO_PTR  -I'/Library/Frameworks/R.framework/Versions/4.1/Resources/library/Rcpp/include' -I'/Library/Frameworks/R.framework/Versions/4.1/Resources/library/BH/include' -I'/Library/Frameworks/R.framework/Versions/4.1/Resources/library/RProtoBufLib/include' -I'/Library/Frameworks/R.framework/Versions/4.1/Resources/library/cytolib/include' -I'/Library/Frameworks/R.framework/Versions/4.1/Resources/library/Rhdf5lib/include' -I'/Library/Frameworks/R.framework/Versions/4.1/Resources/library/RcppArmadillo/include' -I'/Library/Frameworks/R.framework/Versions/4.1/Resources/library/RcppParallel/include' -I'/Library/Frameworks/R.framework/Versions/4.1/Resources/library/flowWorkspace/include' -I/usr/local/include   -fPIC  -Wall -g -O2  -c parseFlowJoWorkspace.cpp -o parseFlowJoWorkspace.o
In file included from parseFlowJoWorkspace.cpp:9:
In file included from ../inst/include/CytoML/openWorkspace.hpp:11:
In file included from ../inst/include/CytoML/macFlowJoWorkspace.hpp:10:
In file included from ../inst/include/CytoML/flowJoWorkspace.hpp:11:
In file included from ../inst/include/CytoML/workspace.hpp:14:
In file included from /Library/Frameworks/R.framework/Versions/4.1/Resources/library/cytolib/include/cytolib/GatingSet.hpp:14:
In file included from /Library/Frameworks/R.framework/Versions/4.1/Resources/library/cytolib/include/cytolib/GatingHierarchy.hpp:17:
In file included from /Library/Frameworks/R.framework/Versions/4.1/Resources/library/cytolib/include/cytolib/populationTree.hpp:14:
In file included from /Library/Frameworks/R.framework/Versions/4.1/Resources/library/BH/include/boost/graph/adjacency_list.hpp:255:
In file included from /Library/Frameworks/R.framework/Versions/4.1/Resources/library/BH/include/boost/graph/detail/adjacency_list.hpp:37:
In file included from /Library/Frameworks/R.framework/Versions/4.1/Resources/library/BH/include/boost/graph/adjacency_iterator.hpp:13:
/Library/Frameworks/R.framework/Versions/4.1/Resources/library/BH/include/boost/detail/iterator.hpp:13:1: warning: This header is deprecated. Use <iterator> instead. [-W#pragma-messages]
BOOST_HEADER_DEPRECATED("<iterator>")
^
/Library/Frameworks/R.framework/Versions/4.1/Resources/library/BH/include/boost/config/header_deprecated.hpp:23:37: note: expanded from macro 'BOOST_HEADER_DEPRECATED'
# define BOOST_HEADER_DEPRECATED(a) BOOST_PRAGMA_MESSAGE("This header is deprecated. Use " a " instead.")
                                    ^
/Library/Frameworks/R.framework/Versions/4.1/Resources/library/BH/include/boost/config/pragma_message.hpp:24:34: note: expanded from macro 'BOOST_PRAGMA_MESSAGE'
# define BOOST_PRAGMA_MESSAGE(x) _Pragma(BOOST_STRINGIZE(message(x)))
                                 ^
<scratch space>:12:2: note: expanded from here
 message("This header is deprecated. Use " "<iterator>" " instead.")
 ^
In file included from parseFlowJoWorkspace.cpp:9:
In file included from ../inst/include/CytoML/openWorkspace.hpp:12:
../inst/include/CytoML/winFlowJoWorkspace.hpp:435:30: warning: '/*' within block comment [-Wcomment]
           * "*[local-name()='edge']/*[local-name()='vertex']" is for ellipsoidGate
                                    ^
2 warnings generated.
clang++ -mmacosx-version-min=10.13 -std=gnu++11 -dynamiclib -Wl,-headerpad_max_install_names -undefined dynamic_lookup -single_module -multiply_defined suppress -L/Library/Frameworks/R.framework/Resources/lib -L/usr/local/lib -o CytoML.so RcppExports.o parseFlowJoWorkspace.o /Library/Frameworks/R.framework/Versions/4.1/Resources/library/cytolib/lib/libcytolib.a /Library/Frameworks/R.framework/Versions/4.1/Resources/library/Rhdf5lib/lib/libhdf5_cpp.a /Library/Frameworks/R.framework/Versions/4.1/Resources/library/Rhdf5lib/lib/libhdf5.a /Library/Frameworks/R.framework/Versions/4.1/Resources/library/Rhdf5lib/lib/libsz.a -lz -L/Library/Frameworks/R.framework/Resources/lib -lRlapack -L/Library/Frameworks/R.framework/Resources/lib -lRblas -L/usr/local/Cellar/libxml2/2.9.10_2/lib -lxml2 -lz -lpthread -liconv -lm -F/Library/Frameworks/R.framework/.. -framework R -Wl,-framework -Wl,CoreFoundation
installing to /Library/Frameworks/R.framework/Versions/4.1/Resources/library/00LOCK-CytoML/00new/CytoML/libs
** R
** inst
** byte-compile and prepare package for lazy loading
** help
*** installing help indices
** building package indices
** installing vignettes
** testing if installed package can be loaded from temporary location
** checking absolute paths in shared objects and dynamic libraries
** testing if installed package can be loaded from final location
** testing if installed package keeps a record of temporary installation path
* DONE (CytoML)

Tests output

CytoML.Rcheck/tests/testthat.Rout


R version 4.1.1 (2021-08-10) -- "Kick Things"
Copyright (C) 2021 The R Foundation for Statistical Computing
Platform: x86_64-apple-darwin17.0 (64-bit)

R is free software and comes with ABSOLUTELY NO WARRANTY.
You are welcome to redistribute it under certain conditions.
Type 'license()' or 'licence()' for distribution details.

R is a collaborative project with many contributors.
Type 'contributors()' for more information and
'citation()' on how to cite R or R packages in publications.

Type 'demo()' for some demos, 'help()' for on-line help, or
'help.start()' for an HTML browser interface to help.
Type 'q()' to quit R.

> library(testthat)
> library(CytoML)
> 
> win32_flag = .Platform$OS.type == "windows" && .Machine$sizeof.pointer != 8
> if(!win32_flag)
+   test_check("CytoML")
As part of improvements to flowWorkspace, some behavior of
GatingSet objects has changed. For details, please read the section
titled "The cytoframe and cytoset classes" in the package vignette:

  vignette("flowWorkspace-Introduction", "flowWorkspace")
Loading required package: ggplot2
Loading required package: ncdfFlow
Loading required package: RcppArmadillo
Loading required package: BH
Failed to use spillover/spectrum matrix Spill_defaultCompensation for compensated parameter FSC-A. It seems that the matrix was not properly defined in the Gating-ML file.

Failed to use spillover/spectrum matrix Spill_defaultCompensation for compensated parameter FSC-H. It seems that the matrix was not properly defined in the Gating-ML file.

Failed to use spillover/spectrum matrix Spill_defaultCompensation for compensated parameter FSC-A. It seems that the matrix was not properly defined in the Gating-ML file.

Failed to use spillover/spectrum matrix Spill_defaultCompensation for compensated parameter SSC-A. It seems that the matrix was not properly defined in the Gating-ML file.

Failed to use spillover/spectrum matrix Spill_defaultCompensation for compensated parameter FSC-A. It seems that the matrix was not properly defined in the Gating-ML file.

══ Skipped tests ═══════════════════════════════════════════════════════════════
• (check_docker_status()[1] == "docker_ok" || check_binary_status() ==  (1)
• dir.exists("~/rglab/workspace/flowWorkspace/wsTestSuite") is not TRUE (1)
• dir.exists(path) is not TRUE (1)
• file.exists(acsfile) is not TRUE (2)

[ FAIL 0 | WARN 51 | SKIP 5 | PASS 66 ]
> 
> #devtools::test()
> 
> # test_file("~/rglab/workspace/CytoML/tests/testthat/flowjo2gs_internalTestSuite.R")
> # test_file("~/rglab/workspace/CytoML/tests/testthat/Cytobank2GatingSet-InternalTestSuite.R")
> # test_file("~/rglab/workspace/CytoML/tests/testthat/GatingSet2flowJo-InternalTestSuite.R")
> # test_file("~/rglab/workspace/CytoML/tests/testthat/diva2gs-InternalTestSuite.R")
> # test_file("~/rglab/workspace/CytoML/tests/testthat/test-cytobank.R")
> # test_file("~/rglab/workspace/CytoML/tests/testthat/test-diva2gs.R")
> # test_file("~/rglab/workspace/CytoML/tests/testthat/test-extend.R")
> # test_file("~/rglab/workspace/CytoML/tests/testthat/test-GatingSet2flowJo.R")
> # test_file("~/rglab/workspace/CytoML/tests/testthat/test-flowjo2gs.R")
> 
> proc.time()
   user  system elapsed 
 62.971   2.343  65.440 

Example timings

CytoML.Rcheck/CytoML-Ex.timings

nameusersystemelapsed
CytoML.par.get0.0010.0000.001
cytobank_to_gatingset0.0010.0010.001
extend0.1540.0060.160
fj_ws_get_keywords0.0000.0010.001
fj_ws_get_sample_groups000
fj_ws_get_samples000
flowjo_to_gatingset0.0000.0010.001
flowjo_workspace-class0.1010.0080.111
gatingset_to_cytobank1.9160.1182.036
gatingset_to_flowjo0.0010.0010.000
getChildren-graphGML-character-method000
getNodes-graphGML-method0.0000.0010.000
gs_compare_cytobank_counts3.0450.1273.189
open_diva_xml0.0000.0010.001
open_flowjo_xml000
plot-graphGML-missing-method000
range.GatingHierarchy0.0000.0000.001
read.gatingML.cytobank000