Back to Multiple platform build/check report for BioC 3.13
ABCDEFGHIJKLMNOPQ[R]STUVWXYZ

This page was generated on 2021-09-20 15:04:59 -0400 (Mon, 20 Sep 2021).

CHECK results for rexposome on nebbiolo1

To the developers/maintainers of the rexposome package:
- Please allow up to 24 hours (and sometimes 48 hours) for your latest push to git@git.bioconductor.org:packages/rexposome.git to
reflect on this report. See How and When does the builder pull? When will my changes propagate? here for more information.
- Make sure to use the following settings in order to reproduce any error or warning you see on this page.

raw results

Package 1560/2041HostnameOS / ArchINSTALLBUILDCHECKBUILD BIN
rexposome 1.14.1  (landing page)
Xavier Escribà Montagut
Snapshot Date: 2021-09-19 04:50:10 -0400 (Sun, 19 Sep 2021)
git_url: https://git.bioconductor.org/packages/rexposome
git_branch: RELEASE_3_13
git_last_commit: 8a968e3
git_last_commit_date: 2021-07-12 06:24:53 -0400 (Mon, 12 Jul 2021)
nebbiolo1Linux (Ubuntu 20.04.2 LTS) / x86_64  OK    OK    WARNINGS  UNNEEDED, same version is already published
tokay2Windows Server 2012 R2 Standard / x64  OK    OK    WARNINGS    OK  UNNEEDED, same version is already published
machv2macOS 10.14.6 Mojave / x86_64  OK    OK    WARNINGS    OK  UNNEEDED, same version is already published

Summary

Package: rexposome
Version: 1.14.1
Command: /home/biocbuild/bbs-3.13-bioc/R/bin/R CMD check --install=check:rexposome.install-out.txt --library=/home/biocbuild/bbs-3.13-bioc/R/library --no-vignettes --timings rexposome_1.14.1.tar.gz
StartedAt: 2021-09-19 11:14:46 -0400 (Sun, 19 Sep 2021)
EndedAt: 2021-09-19 11:17:20 -0400 (Sun, 19 Sep 2021)
EllapsedTime: 153.7 seconds
RetCode: 0
Status:   WARNINGS  
CheckDir: rexposome.Rcheck
Warnings: 2

Command output

##############################################################################
##############################################################################
###
### Running command:
###
###   /home/biocbuild/bbs-3.13-bioc/R/bin/R CMD check --install=check:rexposome.install-out.txt --library=/home/biocbuild/bbs-3.13-bioc/R/library --no-vignettes --timings rexposome_1.14.1.tar.gz
###
##############################################################################
##############################################################################


* using log directory ‘/home/biocbuild/bbs-3.13-bioc/meat/rexposome.Rcheck’
* using R version 4.1.1 (2021-08-10)
* using platform: x86_64-pc-linux-gnu (64-bit)
* using session charset: UTF-8
* using option ‘--no-vignettes’
* checking for file ‘rexposome/DESCRIPTION’ ... OK
* this is package ‘rexposome’ version ‘1.14.1’
* package encoding: UTF-8
* checking package namespace information ... OK
* checking package dependencies ... OK
* checking if this is a source package ... OK
* checking if there is a namespace ... OK
* checking for hidden files and directories ... OK
* checking for portable file names ... WARNING
Found the following file with a non-portable file name:
  vignettes/rsconnect/documents/exposome_data_analysis.Rmd/rpubs.com/rpubs/Publish Document.dcf
These are not fully portable file names.
See section ‘Package structure’ in the ‘Writing R Extensions’ manual.
Found the following non-portable file path:
  rexposome/vignettes/rsconnect/documents/exposome_data_analysis.Rmd/rpubs.com/rpubs/Publish Document.dcf

Tarballs are only required to store paths of up to 100 bytes and cannot
store those of more than 256 bytes, with restrictions including to 100
bytes for the final component.
See section ‘Package structure’ in the ‘Writing R Extensions’ manual.
* checking for sufficient/correct file permissions ... OK
* checking whether package ‘rexposome’ can be installed ... OK
* checking installed package size ... NOTE
  installed size is  5.3Mb
  sub-directories of 1Mb or more:
    data      2.8Mb
    extdata   1.8Mb
* checking package directory ... OK
* checking ‘build’ directory ... OK
* checking DESCRIPTION meta-information ... OK
* checking top-level files ... OK
* checking for left-over files ... OK
* checking index information ... OK
* checking package subdirectories ... OK
* checking R files for non-ASCII characters ... OK
* checking R files for syntax errors ... OK
* checking whether the package can be loaded ... OK
* checking whether the package can be loaded with stated dependencies ... OK
* checking whether the package can be unloaded cleanly ... OK
* checking whether the namespace can be loaded with stated dependencies ... OK
* checking whether the namespace can be unloaded cleanly ... OK
* checking dependencies in R code ... WARNING
'::' or ':::' imports not declared from:
  ‘ggridges’ ‘missMDA’ ‘nnet’
* checking S3 generic/method consistency ... OK
* checking replacement functions ... OK
* checking foreign function calls ... OK
* checking R code for possible problems ... NOTE
imputeLOD: multiple local function definitions for ‘faux’ with
  different formal arguments
invExWAS,ExposomeSet : <anonymous>: no visible global function
  definition for ‘reformulate’
invExWAS,ExposomeSet : <anonymous>: no visible global function
  definition for ‘terms’
invExWAS,ExposomeSet: no visible global function definition for
  ‘reformulate’
invExWAS,ExposomeSet: no visible global function definition for ‘terms’
plotHistogram,ExposomeSet: no visible binding for global variable
  ‘..density..’
Undefined global functions or variables:
  ..density.. reformulate terms
Consider adding
  importFrom("stats", "reformulate", "terms")
to your NAMESPACE file.
* checking Rd files ... OK
* checking Rd metadata ... OK
* checking Rd cross-references ... OK
* checking for missing documentation entries ... OK
* checking for code/documentation mismatches ... OK
* checking Rd \usage sections ... OK
* checking Rd contents ... OK
* checking for unstated dependencies in examples ... OK
* checking contents of ‘data’ directory ... OK
* checking data for non-ASCII characters ... OK
* checking LazyData ... OK
* checking data for ASCII and uncompressed saves ... OK
* checking files in ‘vignettes’ ... OK
* checking examples ... OK
Examples with CPU (user + system) or elapsed time > 5s
                          user system elapsed
clustering-methods      17.304  0.100  17.406
invExWAS-methods        10.471  0.016  10.488
plotCorrelation-methods  9.981  0.026  10.008
* checking for unstated dependencies in vignettes ... OK
* checking package vignettes in ‘inst/doc’ ... OK
* checking running R code from vignettes ... SKIPPED
* checking re-building of vignette outputs ... SKIPPED
* checking PDF version of manual ... OK
* DONE

Status: 2 WARNINGs, 2 NOTEs
See
  ‘/home/biocbuild/bbs-3.13-bioc/meat/rexposome.Rcheck/00check.log’
for details.



Installation output

rexposome.Rcheck/00install.out

##############################################################################
##############################################################################
###
### Running command:
###
###   /home/biocbuild/bbs-3.13-bioc/R/bin/R CMD INSTALL rexposome
###
##############################################################################
##############################################################################


* installing to library ‘/home/biocbuild/bbs-3.13-bioc/R/library’
* installing *source* package ‘rexposome’ ...
** using staged installation
** R
** data
*** moving datasets to lazyload DB
** inst
** byte-compile and prepare package for lazy loading
** help
*** installing help indices
** building package indices
** installing vignettes
** testing if installed package can be loaded from temporary location
** testing if installed package can be loaded from final location
** testing if installed package keeps a record of temporary installation path
* DONE (rexposome)

Tests output


Example timings

rexposome.Rcheck/rexposome-Ex.timings

nameusersystemelapsed
classification-methods0.0160.0040.020
clustering-methods17.304 0.10017.406
correlation-methods4.2660.3754.643
ex_imp0.0280.0000.028
expo0.0230.0160.039
expo_c0.0100.0060.015
expos-methods0.2040.0090.214
exposureNames-methods0.0460.0000.046
exwas-methods0.3650.0000.365
familyNames-methods0.0170.0030.020
highAndLow-methods1.1910.0161.207
ilod-methods000
imputation-methods000
imputeLOD0.0010.0000.001
invExWAS-methods10.471 0.01610.488
loadExposome0.0450.0000.046
loadExposome_plain0.0450.0000.046
loadImputed0.0140.0000.014
me0.0020.0010.004
mexwas-methods0.9430.0260.969
ndim-methods0.0540.0040.058
normalityTest-methods0.2420.0200.262
pca-methods0.0710.0000.070
phenotypeNames-methods0.0380.0000.039
plotClassification-methods0.0000.0010.000
plotCorrelation-methods 9.981 0.02610.008
plotEXP-methods0.2430.0000.243
plotEffect-methods0.6090.0040.613
plotExwas-methods0.9670.0080.976
plotFamily-methods2.2730.0122.284
plotHistogram-methods0.2250.0040.229
plotLOD-methods0.3860.0070.394
plotMissings-methods0.340.000.34
plotPCA-methods0.9420.0080.949
plotPHE-methods0.2140.0000.214
readExposome0.0640.0030.067
standardize-methods0.5860.0000.586
tableLOD-methods0.1770.0000.178
tableMissings-methods0.0480.0000.047
tef-methods0.3060.0040.310
toES0.1070.0000.108
trans-methods0.2340.0000.234
volcano_plot0.7130.0030.717