Back to Multiple platform build/check report for BioC 3.13
ABCDEFGHIJKLMNO[P]QRSTUVWXYZ

This page was generated on 2021-09-27 15:06:36 -0400 (Mon, 27 Sep 2021).

BUILD results for pogos on tokay2

To the developers/maintainers of the pogos package:
- Please allow up to 24 hours (and sometimes 48 hours) for your latest push to git@git.bioconductor.org:packages/pogos.git to
reflect on this report. See How and When does the builder pull? When will my changes propagate? here for more information.
- Make sure to use the following settings in order to reproduce any error or warning you see on this page.

raw results

Package 1411/2041HostnameOS / ArchINSTALLBUILDCHECKBUILD BIN
pogos 1.12.2  (landing page)
VJ Carey
Snapshot Date: 2021-09-26 04:50:10 -0400 (Sun, 26 Sep 2021)
git_url: https://git.bioconductor.org/packages/pogos
git_branch: RELEASE_3_13
git_last_commit: 2735342
git_last_commit_date: 2021-08-29 09:34:59 -0400 (Sun, 29 Aug 2021)
nebbiolo1Linux (Ubuntu 20.04.2 LTS) / x86_64  OK    OK    OK  UNNEEDED, same version is already published
tokay2Windows Server 2012 R2 Standard / x64  OK    ERROR  skippedskipped
machv2macOS 10.14.6 Mojave / x86_64  OK    OK    OK    OK  UNNEEDED, same version is already published

Summary

Package: pogos
Version: 1.12.2
Command: chmod a+r pogos -R && C:\Users\biocbuild\bbs-3.13-bioc\R\bin\R.exe CMD build --keep-empty-dirs --no-resave-data pogos
StartedAt: 2021-09-26 16:40:44 -0400 (Sun, 26 Sep 2021)
EndedAt: 2021-09-26 16:41:28 -0400 (Sun, 26 Sep 2021)
EllapsedTime: 43.9 seconds
RetCode: 1
Status:   ERROR  
PackageFile: None
PackageFileSize: NA

Command output

##############################################################################
##############################################################################
###
### Running command:
###
###   chmod a+r pogos -R && C:\Users\biocbuild\bbs-3.13-bioc\R\bin\R.exe CMD build --keep-empty-dirs --no-resave-data pogos
###
##############################################################################
##############################################################################


* checking for file 'pogos/DESCRIPTION' ... OK
* preparing 'pogos':
* checking DESCRIPTION meta-information ... OK
* installing the package to build vignettes
* creating vignettes ... ERROR
--- re-building 'pogos.Rmd' using rmarkdown
Quitting from lines 80-81 (pogos.Rmd) 
Error: processing vignette 'pogos.Rmd' failed with diagnostics:
need finite 'ylim' values
--- failed re-building 'pogos.Rmd'

SUMMARY: processing the following file failed:
  'pogos.Rmd'

Error: Vignette re-building failed.
Execution halted