Back to Multiple platform build/check report for BioC 3.13
ABCDEFGHIJKLMNO[P]QRSTUVWXYZ

This page was generated on 2021-07-21 15:05:05 -0400 (Wed, 21 Jul 2021).

CHECK results for pathview on nebbiolo1

To the developers/maintainers of the pathview package:
- Please allow up to 24 hours (and sometimes 48 hours) for your latest push to git@git.bioconductor.org:packages/pathview.git to
reflect on this report. See How and When does the builder pull? When will my changes propagate? here for more information.
- Make sure to use the following settings in order to reproduce any error or warning you see on this page.

raw results

Package 1353/2041HostnameOS / ArchINSTALLBUILDCHECKBUILD BIN
pathview 1.32.0  (landing page)
Weijun Luo
Snapshot Date: 2021-07-20 04:50:13 -0400 (Tue, 20 Jul 2021)
URL: https://git.bioconductor.org/packages/pathview
Branch: RELEASE_3_13
Last Commit: ec7e0e1
Last Changed Date: 2021-05-19 11:58:02 -0400 (Wed, 19 May 2021)
nebbiolo1Linux (Ubuntu 20.04.2 LTS) / x86_64  OK    OK    WARNINGS  UNNEEDED, same version is already published
tokay2Windows Server 2012 R2 Standard / x64  OK    OK    WARNINGS    OK  UNNEEDED, same version is already published
machv2macOS 10.14.6 Mojave / x86_64  OK    OK    WARNINGS    OK  UNNEEDED, same version is already published

Summary

Package: pathview
Version: 1.32.0
Command: /home/biocbuild/bbs-3.13-bioc/R/bin/R CMD check --install=check:pathview.install-out.txt --library=/home/biocbuild/bbs-3.13-bioc/R/library --no-vignettes --timings pathview_1.32.0.tar.gz
StartedAt: 2021-07-20 10:57:02 -0400 (Tue, 20 Jul 2021)
EndedAt: 2021-07-20 11:00:48 -0400 (Tue, 20 Jul 2021)
EllapsedTime: 225.4 seconds
RetCode: 0
Status:   WARNINGS  
CheckDir: pathview.Rcheck
Warnings: 1

Command output

##############################################################################
##############################################################################
###
### Running command:
###
###   /home/biocbuild/bbs-3.13-bioc/R/bin/R CMD check --install=check:pathview.install-out.txt --library=/home/biocbuild/bbs-3.13-bioc/R/library --no-vignettes --timings pathview_1.32.0.tar.gz
###
##############################################################################
##############################################################################


* using log directory ‘/home/biocbuild/bbs-3.13-bioc/meat/pathview.Rcheck’
* using R version 4.1.0 (2021-05-18)
* using platform: x86_64-pc-linux-gnu (64-bit)
* using session charset: UTF-8
* using option ‘--no-vignettes’
* checking for file ‘pathview/DESCRIPTION’ ... OK
* checking extension type ... Package
* this is package ‘pathview’ version ‘1.32.0’
* checking package namespace information ... OK
* checking package dependencies ... OK
* checking if this is a source package ... OK
* checking if there is a namespace ... OK
* checking for hidden files and directories ... OK
* checking for portable file names ... OK
* checking for sufficient/correct file permissions ... OK
* checking whether package ‘pathview’ can be installed ... OK
* checking installed package size ... OK
* checking package directory ... OK
* checking ‘build’ directory ... OK
* checking DESCRIPTION meta-information ... OK
* checking top-level files ... OK
* checking for left-over files ... OK
* checking index information ... OK
* checking package subdirectories ... OK
* checking R files for non-ASCII characters ... OK
* checking R files for syntax errors ... OK
* checking whether the package can be loaded ... OK
* checking whether the package can be loaded with stated dependencies ... OK
* checking whether the package can be unloaded cleanly ... OK
* checking whether the namespace can be loaded with stated dependencies ... OK
* checking whether the namespace can be unloaded cleanly ... OK
* checking dependencies in R code ... WARNING
'::' or ':::' import not declared from: ‘BiocManager’
* checking S3 generic/method consistency ... OK
* checking replacement functions ... OK
* checking foreign function calls ... OK
* checking R code for possible problems ... NOTE
File ‘pathview/R/zzz.R’:
  .onLoad calls:
    installed.packages()
    packageStartupMessage(wordwrap(disclaimer, 80))

Package startup functions should not call ‘installed.packages’.
See section ‘Good practice’ in '?.onAttach'.

Warning in formals(fun) : argument is not a function
Warning in body(fun) : argument is not a function
col.key: no visible binding for global variable ‘node.sizes’
cpd2kegg: no visible binding for global variable ‘rn.list’
cpdidmap: no visible binding for global variable ‘cpd.accs’
cpdkegg2name: no visible binding for global variable ‘kegg.met’
cpdname2kegg: no visible binding for global variable ‘cpd.names’
download.kegg: no visible global function definition for
  ‘download.file’
eg2id: no visible binding for global variable ‘gene.idtype.list’
geneannot.map: no visible binding for global variable ‘bods’
id2eg: no visible binding for global variable ‘gene.idtype.list’
kegg.species.code: no visible binding for global variable ‘korg.1’
pathview: no visible binding for global variable ‘bods’
pathview: no visible binding for global variable ‘gene.idtype.bods’
pathview: no visible binding for global variable ‘rn.list’
sim.mol.data: no visible binding for global variable ‘bods’
sim.mol.data: no visible binding for global variable ‘gene.idtype.bods’
sim.mol.data: no visible binding for global variable ‘cpd.accs’
sim.mol.data: no visible binding for global variable ‘cpd.simtypes’
sim.mol.data: no visible binding for global variable ‘rn.list’
sim.mol.data: no visible binding for global variable ‘ko.ids’
Undefined global functions or variables:
  bods cpd.accs cpd.names cpd.simtypes download.file gene.idtype.bods
  gene.idtype.list kegg.met ko.ids korg.1 node.sizes rn.list
Consider adding
  importFrom("utils", "download.file")
to your NAMESPACE file.
* checking Rd files ... OK
* checking Rd metadata ... OK
* checking Rd cross-references ... OK
* checking for missing documentation entries ... OK
* checking for code/documentation mismatches ... OK
* checking Rd \usage sections ... OK
* checking Rd contents ... OK
* checking for unstated dependencies in examples ... OK
* checking contents of ‘data’ directory ... OK
* checking data for non-ASCII characters ... OK
* checking LazyData ... OK
* checking data for ASCII and uncompressed saves ... OK
* checking files in ‘vignettes’ ... OK
* checking examples ... OK
Examples with CPU (user + system) or elapsed time > 5s
              user system elapsed
pathview     8.443  2.205  12.265
sim.mol.data 0.276  0.009   6.347
* checking for unstated dependencies in ‘tests’ ... OK
* checking tests ...
  Running ‘runTests.R’
 OK
* checking for unstated dependencies in vignettes ... OK
* checking package vignettes in ‘inst/doc’ ... OK
* checking running R code from vignettes ... SKIPPED
* checking re-building of vignette outputs ... SKIPPED
* checking PDF version of manual ... OK
* DONE

Status: 1 WARNING, 1 NOTE
See
  ‘/home/biocbuild/bbs-3.13-bioc/meat/pathview.Rcheck/00check.log’
for details.



Installation output

pathview.Rcheck/00install.out

##############################################################################
##############################################################################
###
### Running command:
###
###   /home/biocbuild/bbs-3.13-bioc/R/bin/R CMD INSTALL pathview
###
##############################################################################
##############################################################################


* installing to library ‘/home/biocbuild/bbs-3.13-bioc/R/library’
* installing *source* package ‘pathview’ ...
** using staged installation
** R
** data
*** moving datasets to lazyload DB
** inst
** byte-compile and prepare package for lazy loading
** help
*** installing help indices
** building package indices
** installing vignettes
** testing if installed package can be loaded from temporary location
** testing if installed package can be loaded from final location
** testing if installed package keeps a record of temporary installation path
* DONE (pathview)

Tests output

pathview.Rcheck/tests/runTests.Rout


R version 4.1.0 (2021-05-18) -- "Camp Pontanezen"
Copyright (C) 2021 The R Foundation for Statistical Computing
Platform: x86_64-pc-linux-gnu (64-bit)

R is free software and comes with ABSOLUTELY NO WARRANTY.
You are welcome to redistribute it under certain conditions.
Type 'license()' or 'licence()' for distribution details.

R is a collaborative project with many contributors.
Type 'contributors()' for more information and
'citation()' on how to cite R or R packages in publications.

Type 'demo()' for some demos, 'help()' for on-line help, or
'help.start()' for an HTML browser interface to help.
Type 'q()' to quit R.

> BiocGenerics:::testPackage("pathview")

##############################################################################
Pathview is an open source software package distributed under GNU General
Public License version 3 (GPLv3). Details of GPLv3 is available at
http://www.gnu.org/licenses/gpl-3.0.html. Particullary, users are required to
formally cite the original Pathview paper (not just mention it) in publications
or products. For details, do citation("pathview") within R.

The pathview downloads and uses KEGG data. Non-academic uses may require a KEGG
license agreement (details at http://www.kegg.jp/kegg/legal.html).
##############################################################################
Note: multiple compounds may map to a input ID, only the first one kept!
Note: None of the compound ids mapped to the specified type!
Note: A native KEGG compound ID type, no need to map!
'select()' returned 1:1 mapping between keys and columns
'select()' returned 1:1 mapping between keys and columns
[1] "Note: 3 of 6 unique input IDs unmapped."
'select()' returned 1:1 mapping between keys and columns
'select()' returned 1:1 mapping between keys and columns
[1] "Note: 3 of 6 unique input IDs unmapped."


RUNIT TEST PROTOCOL -- Tue Jul 20 11:00:44 2021 
*********************************************** 
Number of test functions: 3 
Number of errors: 0 
Number of failures: 0 

 
1 Test Suite : 
pathview RUnit Tests - 3 test functions, 0 errors, 0 failures
Number of test functions: 3 
Number of errors: 0 
Number of failures: 0 
> 
> proc.time()
   user  system elapsed 
  5.761   0.385   6.132 

Example timings

pathview.Rcheck/pathview-Ex.timings

nameusersystemelapsed
cpd.accs0.0680.0080.076
cpdidmap0.7890.0040.793
download.kegg0.0120.0044.738
eg2id0.8850.0360.922
kegg.species.code0.0830.0000.792
korg0.0220.0040.025
mol.sum0.5530.1160.669
node.color0.6160.2370.852
node.info0.2870.0550.343
node.map0.1860.0360.222
pathview 8.443 2.20512.265
sim.mol.data0.2760.0096.347
wordwrap0.0010.0000.000