Back to Multiple platform build/check report for BioC 3.13
ABCDEFGHIJKLMN[O]PQRSTUVWXYZ

This page was generated on 2021-08-02 15:05:52 -0400 (Mon, 02 Aug 2021).

CHECK results for oposSOM on machv2

To the developers/maintainers of the oposSOM package:
- Please allow up to 24 hours (and sometimes 48 hours) for your latest push to git@git.bioconductor.org:packages/oposSOM.git to
reflect on this report. See How and When does the builder pull? When will my changes propagate? here for more information.
- Make sure to use the following settings in order to reproduce any error or warning you see on this page.

raw results

Package 1316/2041HostnameOS / ArchINSTALLBUILDCHECKBUILD BIN
oposSOM 2.10.0  (landing page)
Henry Loeffler-Wirth
Snapshot Date: 2021-08-01 04:50:10 -0400 (Sun, 01 Aug 2021)
URL: https://git.bioconductor.org/packages/oposSOM
Branch: RELEASE_3_13
Last Commit: 8a2b436
Last Changed Date: 2021-05-19 12:05:49 -0400 (Wed, 19 May 2021)
nebbiolo1Linux (Ubuntu 20.04.2 LTS) / x86_64  OK    OK    WARNINGS  UNNEEDED, same version is already published
tokay2Windows Server 2012 R2 Standard / x64  OK    OK    WARNINGS    OK  UNNEEDED, same version is already published
machv2macOS 10.14.6 Mojave / x86_64  OK    OK    WARNINGS    OK  UNNEEDED, same version is already published

Summary

Package: oposSOM
Version: 2.10.0
Command: /Library/Frameworks/R.framework/Versions/Current/Resources/bin/R CMD check --install=check:oposSOM.install-out.txt --library=/Library/Frameworks/R.framework/Versions/Current/Resources/library --no-vignettes --timings oposSOM_2.10.0.tar.gz
StartedAt: 2021-08-01 21:34:25 -0400 (Sun, 01 Aug 2021)
EndedAt: 2021-08-01 21:41:31 -0400 (Sun, 01 Aug 2021)
EllapsedTime: 425.7 seconds
RetCode: 0
Status:   WARNINGS  
CheckDir: oposSOM.Rcheck
Warnings: 3

Command output

##############################################################################
##############################################################################
###
### Running command:
###
###   /Library/Frameworks/R.framework/Versions/Current/Resources/bin/R CMD check --install=check:oposSOM.install-out.txt --library=/Library/Frameworks/R.framework/Versions/Current/Resources/library --no-vignettes --timings oposSOM_2.10.0.tar.gz
###
##############################################################################
##############################################################################


* using log directory ‘/Users/biocbuild/bbs-3.13-bioc/meat/oposSOM.Rcheck’
* using R version 4.1.0 (2021-05-18)
* using platform: x86_64-apple-darwin17.0 (64-bit)
* using session charset: UTF-8
* using option ‘--no-vignettes’
* checking for file ‘oposSOM/DESCRIPTION’ ... OK
* this is package ‘oposSOM’ version ‘2.10.0’
* checking package namespace information ... OK
* checking package dependencies ... OK
* checking if this is a source package ... OK
* checking if there is a namespace ... OK
* checking for hidden files and directories ... NOTE
Found the following hidden files and directories:
  .git_fetch_output.txt
  .git_merge_output.txt
These were most likely included in error. See section ‘Package
structure’ in the ‘Writing R Extensions’ manual.
* checking for portable file names ... OK
* checking for sufficient/correct file permissions ... OK
* checking whether package ‘oposSOM’ can be installed ... OK
* checking installed package size ... NOTE
  installed size is 17.7Mb
  sub-directories of 1Mb or more:
    data  16.9Mb
* checking package directory ... OK
* checking ‘build’ directory ... OK
* checking DESCRIPTION meta-information ... OK
* checking top-level files ... OK
* checking for left-over files ... OK
* checking index information ... OK
* checking package subdirectories ... OK
* checking R files for non-ASCII characters ... OK
* checking R files for syntax errors ... OK
* checking whether the package can be loaded ... OK
* checking whether the package can be loaded with stated dependencies ... OK
* checking whether the package can be unloaded cleanly ... OK
* checking whether the namespace can be loaded with stated dependencies ... OK
* checking whether the namespace can be unloaded cleanly ... OK
* checking dependencies in R code ... NOTE
Unexported object imported by a ':::' call: ‘tools:::makeLazyLoadDB’
  See the note in ?`:::` about the use of this operator.
* checking S3 generic/method consistency ... WARNING
plot:
  function(x, ...)
plot.psf.pathway.keggrest:
  function(kegg.pathway, signal.values, signal.values.lim, main,
           highlight.genes, color.palette)

plot:
  function(x, ...)
plot.psf.titlepage:
  function(env, psf.object, signal.values, bar.colors)

sort:
  function(x, decreasing, ...)
sort.label:
  function(x)

See section ‘Generic functions and methods’ in the ‘Writing R
Extensions’ manual.

Found the following apparent S3 methods exported but not registered:
  plot.psf.pathway.keggrest plot.psf.titlepage sort.label
See section ‘Registering S3 methods’ in the ‘Writing R Extensions’
manual.
* checking replacement functions ... OK
* checking foreign function calls ... OK
* checking R code for possible problems ... NOTE
psf.overview.heatmaps: warning in heatmap(x =
  log1p(log1p(mean.psf.matrix)), cex.main = 2, col =
  color.palette(1000), scale = "r", mar = c(10, 20), ColSideColors =
  group.colors, cexDend = 0.6): partial argument match of 'mar' to
  'margins'
psf.overview.heatmaps: warning in heatmap(x =
  log1p(log1p(mean.psf.matrix)), cex.main = 2, col =
  color.palette(1000), scale = "r", mar = c(10, 20), ColSideColors =
  group.colors, Colv = NA, cexDend = 0.6): partial argument match of
  'mar' to 'margins'
Smooth.Matrix: no visible binding for global variable ‘v’
modules.relations: no visible global function definition for
  ‘graph.empty’
modules.relations: no visible global function definition for
  ‘add_edges’
pipeline.PSFcalculation: no visible binding for global variable
  ‘kegg.collection’
pipeline.checkInputParameters: no visible binding for global variable
  ‘preferences’
pipeline.htmlPsfAnalysis: no visible binding for global variable
  ‘kegg.collection’
pipeline.prepareAnnotation: no visible binding for global variable
  ‘opossom.genesets’
pipeline.sampleSimilarityAnalysisCor: no visible global function
  definition for ‘get.edgelist’
pipeline.topologyProfiles: no visible binding for global variable
  ‘group.labels’
plot.psf.pathway.keggrest: no visible global function definition for
  ‘rasterImage’
psf.report.sheets: no visible binding for global variable ‘kegg.data’
Undefined global functions or variables:
  add_edges get.edgelist graph.empty group.labels kegg.collection
  kegg.data opossom.genesets preferences rasterImage v
Consider adding
  importFrom("graphics", "rasterImage")
to your NAMESPACE file.
* checking Rd files ... OK
* checking Rd metadata ... OK
* checking Rd cross-references ... OK
* checking for missing documentation entries ... WARNING
Undocumented code objects:
  ‘GeneSet.Fisher’ ‘GeneSet.maxmean’ ‘Get.Running.Average’
  ‘Quantile.Normalization’ ‘Sample.GSZ’ ‘Smooth.Matrix’
  ‘_oposSOM_calculateDelta’ ‘_oposSOM_calculateEuclideanDistances’
  ‘_oposSOM_calculateNeighborhoodMatrix’
  ‘_oposSOM_matrixToCodebookMatrix’ ‘biomart.available’
  ‘calculateDelta’ ‘calculateEuclideanDistances’
  ‘calculateNeighborhoodMatrix’ ‘circle’ ‘col.pix’
  ‘color.palette.discrete’ ‘color.palette.heatmaps’
  ‘color.palette.portraits’ ‘get.beta.statistic’ ‘get.neighbors’
  ‘heatmap’ ‘heatmap.A4’ ‘matrixToCodebookMatrix’ ‘modules.CSV.sheets’
  ‘modules.chromosomes’ ‘modules.profiles’ ‘modules.relations’
  ‘modules.report.sheets’ ‘newProgressBar’ ‘pathway.expression.mapping’
  ‘pipeline.PSFcalculation’ ‘pipeline.PSFoutput’
  ‘pipeline.affymetrixQualityCheck’ ‘pipeline.calcStatistics’
  ‘pipeline.cancerHallmarks’ ‘pipeline.checkInputParameters’
  ‘pipeline.chromosomeExpressionReports’
  ‘pipeline.detectEnsemblDataset’ ‘pipeline.detectSpotsIntegral’
  ‘pipeline.detectSpotsSamples’ ‘pipeline.differenceAnalyses’
  ‘pipeline.entropyProfiles’ ‘pipeline.geneLists’
  ‘pipeline.generateSOM’ ‘pipeline.genesetOverviews’
  ‘pipeline.genesetProfilesAndMaps’ ‘pipeline.genesetStatisticIntegral’
  ‘pipeline.genesetStatisticSamples’ ‘pipeline.groupAnalysis’
  ‘pipeline.groupAssignment’ ‘pipeline.groupSpecificGenesets’
  ‘pipeline.htmlDifferencesSummary’ ‘pipeline.htmlGenesetAnalysis’
  ‘pipeline.htmlGroupSummary’ ‘pipeline.htmlModuleSummary’
  ‘pipeline.htmlPsfAnalysis’ ‘pipeline.htmlSampleSummary’
  ‘pipeline.htmlSummary’ ‘pipeline.moduleCorrelationMap’
  ‘pipeline.patAssignment’ ‘pipeline.prepareAnnotation’
  ‘pipeline.prepareIndata’ ‘pipeline.qualityCheck’
  ‘pipeline.sampleExpressionPortraits’
  ‘pipeline.sampleSimilarityAnalysisCor’
  ‘pipeline.sampleSimilarityAnalysisED’
  ‘pipeline.sampleSimilarityAnalysisICA’
  ‘pipeline.sampleSimilarityAnalysisSOM’ ‘pipeline.summarySheetsGroups’
  ‘pipeline.summarySheetsModules’ ‘pipeline.summarySheetsPATs’
  ‘pipeline.summarySheetsSamples’ ‘pipeline.supportingMaps’
  ‘pipeline.topologyProfiles’ ‘plot.psf.pathway.keggrest’
  ‘plot.psf.titlepage’ ‘psf.flow’ ‘psf.overview.heatmaps’
  ‘psf.report.sheets’ ‘radarchart’ ‘som.linear.init’
  ‘som.linear.init.subdata’ ‘som.training’ ‘som.training.phase’
  ‘sort.label’ ‘util.call’ ‘util.cat’ ‘util.fatal’ ‘util.info’
  ‘util.load’ ‘util.log’ ‘util.progress’ ‘util.progress.terminate’
  ‘util.save’ ‘util.warn’
Undocumented data sets:
  ‘hsa03320.RData’ ‘hsa04010.RData’ ‘hsa04012.RData’ ‘hsa04014.RData’
  ‘hsa04015.RData’ ‘hsa04020.RData’ ‘hsa04022.RData’ ‘hsa04024.RData’
  ‘hsa04062.RData’ ‘hsa04064.RData’ ‘hsa04066.RData’ ‘hsa04068.RData’
  ‘hsa04070.RData’ ‘hsa04071.RData’ ‘hsa04072.RData’ ‘hsa04115.RData’
  ‘hsa04150.RData’ ‘hsa04151.RData’ ‘hsa04152.RData’ ‘hsa04261.RData’
  ‘hsa04310.RData’ ‘hsa04330.RData’ ‘hsa04340.RData’ ‘hsa04350.RData’
  ‘hsa04370.RData’ ‘hsa04371.RData’ ‘hsa04390.RData’ ‘hsa04392.RData’
  ‘hsa04550.RData’ ‘hsa04620.RData’ ‘hsa04621.RData’ ‘hsa04622.RData’
  ‘hsa04625.RData’ ‘hsa04630.RData’ ‘hsa04657.RData’ ‘hsa04660.RData’
  ‘hsa04662.RData’ ‘hsa04664.RData’ ‘hsa04668.RData’ ‘hsa04722.RData’
  ‘hsa04723.RData’ ‘hsa04910.RData’ ‘hsa04912.RData’ ‘hsa04915.RData’
  ‘hsa04917.RData’ ‘hsa04919.RData’ ‘hsa04920.RData’ ‘hsa04921.RData’
  ‘hsa04922.RData’ ‘hsa04926.RData’ ‘hsa04933.RData’ ‘hsa05120.RData’
  ‘kegg.collection.RData’
All user-level objects in a package should have documentation entries.
See chapter ‘Writing R documentation files’ in the ‘Writing R
Extensions’ manual.
* checking for code/documentation mismatches ... OK
* checking Rd \usage sections ... OK
* checking Rd contents ... OK
* checking for unstated dependencies in examples ... OK
* checking contents of ‘data’ directory ... OK
* checking data for non-ASCII characters ... OK
* checking data for ASCII and uncompressed saves ... OK
* checking line endings in C/C++/Fortran sources/headers ... OK
* checking line endings in Makefiles ... OK
* checking compilation flags in Makevars ... OK
* checking for GNU extensions in Makefiles ... WARNING
Found the following file(s) containing GNU extensions:
  src/Makevars
Portable Makefiles do not use GNU extensions such as +=, :=, $(shell),
$(wildcard), ifeq ... endif, .NOTPARALLEL See section ‘Writing portable
packages’ in the ‘Writing R Extensions’ manual.
* checking for portable use of $(BLAS_LIBS) and $(LAPACK_LIBS) ... OK
* checking use of PKG_*FLAGS in Makefiles ... OK
* checking compiled code ... NOTE
Note: information on .o files is not available
* checking sizes of PDF files under ‘inst/doc’ ... OK
* checking files in ‘vignettes’ ... OK
* checking examples ... OK
Examples with CPU (user + system) or elapsed time > 5s
                   user  system elapsed
oposSOM-package 154.737 317.189 111.895
opossom.run      62.179  16.564  77.435
* checking for unstated dependencies in vignettes ... OK
* checking package vignettes in ‘inst/doc’ ... OK
* checking running R code from vignettes ... SKIPPED
* checking re-building of vignette outputs ... SKIPPED
* checking PDF version of manual ... OK
* DONE

Status: 3 WARNINGs, 5 NOTEs
See
  ‘/Users/biocbuild/bbs-3.13-bioc/meat/oposSOM.Rcheck/00check.log’
for details.



Installation output

oposSOM.Rcheck/00install.out

##############################################################################
##############################################################################
###
### Running command:
###
###   /Library/Frameworks/R.framework/Versions/Current/Resources/bin/R CMD INSTALL oposSOM
###
##############################################################################
##############################################################################


* installing to library ‘/Library/Frameworks/R.framework/Versions/4.1/Resources/library’
* installing *source* package ‘oposSOM’ ...
** using staged installation
** libs
clang++ -mmacosx-version-min=10.13 -std=gnu++11 -I"/Library/Frameworks/R.framework/Resources/include" -DNDEBUG  -I'/Library/Frameworks/R.framework/Versions/4.1/Resources/library/RcppParallel/include' -I'/Library/Frameworks/R.framework/Versions/4.1/Resources/library/Rcpp/include' -I/usr/local/include   -fPIC  -Wall -g -O2  -c DeltaMatrix.cpp -o DeltaMatrix.o
clang++ -mmacosx-version-min=10.13 -std=gnu++11 -I"/Library/Frameworks/R.framework/Resources/include" -DNDEBUG  -I'/Library/Frameworks/R.framework/Versions/4.1/Resources/library/RcppParallel/include' -I'/Library/Frameworks/R.framework/Versions/4.1/Resources/library/Rcpp/include' -I/usr/local/include   -fPIC  -Wall -g -O2  -c DistanceCalculator.cpp -o DistanceCalculator.o
clang++ -mmacosx-version-min=10.13 -std=gnu++11 -I"/Library/Frameworks/R.framework/Resources/include" -DNDEBUG  -I'/Library/Frameworks/R.framework/Versions/4.1/Resources/library/RcppParallel/include' -I'/Library/Frameworks/R.framework/Versions/4.1/Resources/library/Rcpp/include' -I/usr/local/include   -fPIC  -Wall -g -O2  -c NeighborhoodMatrix.cpp -o NeighborhoodMatrix.o
clang++ -mmacosx-version-min=10.13 -std=gnu++11 -I"/Library/Frameworks/R.framework/Resources/include" -DNDEBUG  -I'/Library/Frameworks/R.framework/Versions/4.1/Resources/library/RcppParallel/include' -I'/Library/Frameworks/R.framework/Versions/4.1/Resources/library/Rcpp/include' -I/usr/local/include   -fPIC  -Wall -g -O2  -c RcppExports.cpp -o RcppExports.o
clang++ -mmacosx-version-min=10.13 -std=gnu++11 -dynamiclib -Wl,-headerpad_max_install_names -undefined dynamic_lookup -single_module -multiply_defined suppress -L/Library/Frameworks/R.framework/Resources/lib -L/usr/local/lib -o oposSOM.so DeltaMatrix.o DistanceCalculator.o NeighborhoodMatrix.o RcppExports.o -F/Library/Frameworks/R.framework/.. -framework R -Wl,-framework -Wl,CoreFoundation
installing to /Library/Frameworks/R.framework/Versions/4.1/Resources/library/00LOCK-oposSOM/00new/oposSOM/libs
** R
** data
** inst
** byte-compile and prepare package for lazy loading
** help
*** installing help indices
** building package indices
** installing vignettes
** testing if installed package can be loaded from temporary location
** checking absolute paths in shared objects and dynamic libraries
** testing if installed package can be loaded from final location
** testing if installed package keeps a record of temporary installation path
* DONE (oposSOM)

Tests output


Example timings

oposSOM.Rcheck/oposSOM-Ex.timings

nameusersystemelapsed
oposSOM-package154.737317.189111.895
opossom.new0.2000.0110.211
opossom.run62.17916.56477.435