Back to Multiple platform build/check report for BioC 3.17: simplified long |
|
This page was generated on 2023-09-25 11:35:43 -0400 (Mon, 25 Sep 2023).
Hostname | OS | Arch (*) | R version | Installed pkgs |
---|---|---|---|---|
nebbiolo1 | Linux (Ubuntu 22.04.2 LTS) | x86_64 | 4.3.1 (2023-06-16) -- "Beagle Scouts" | 4625 |
palomino3 | Windows Server 2022 Datacenter | x64 | 4.3.1 (2023-06-16 ucrt) -- "Beagle Scouts" | 4378 |
merida1 | macOS 12.6.4 Monterey | x86_64 | 4.3.1 (2023-06-16) -- "Beagle Scouts" | 4394 |
Click on any hostname to see more info about the system (e.g. compilers) (*) as reported by 'uname -p', except on Windows and Mac OS X |
Package 1374/2230 | Hostname | OS / Arch | INSTALL | BUILD | CHECK | BUILD BIN | ||||||||
netDx 1.12.0 (landing page) Shraddha Pai
| nebbiolo1 | Linux (Ubuntu 22.04.2 LTS) / x86_64 | OK | OK | ERROR | |||||||||
palomino3 | Windows Server 2022 Datacenter / x64 | ... NOT SUPPORTED ... | ||||||||||||
merida1 | macOS 12.6.4 Monterey / x86_64 | OK | ERROR | skipped | skipped | |||||||||
To the developers/maintainers of the netDx package: - Allow up to 24 hours (and sometimes 48 hours) for your latest push to git@git.bioconductor.org:packages/netDx.git to reflect on this report. See Troubleshooting Build Report for more information. - Use the following Renviron settings to reproduce errors and warnings. - If 'R CMD check' started to fail recently on the Linux builder(s) over a missing dependency, add the missing dependency to 'Suggests:' in your DESCRIPTION file. See Renviron.bioc for more information. |
Package: netDx |
Version: 1.12.0 |
Command: /home/biocbuild/bbs-3.17-bioc/R/bin/R CMD check --install=check:netDx.install-out.txt --library=/home/biocbuild/bbs-3.17-bioc/R/site-library --timings netDx_1.12.0.tar.gz |
StartedAt: 2023-09-24 23:20:18 -0400 (Sun, 24 Sep 2023) |
EndedAt: 2023-09-24 23:48:45 -0400 (Sun, 24 Sep 2023) |
EllapsedTime: 1707.0 seconds |
RetCode: 1 |
Status: ERROR |
CheckDir: netDx.Rcheck |
Warnings: NA |
############################################################################## ############################################################################## ### ### Running command: ### ### /home/biocbuild/bbs-3.17-bioc/R/bin/R CMD check --install=check:netDx.install-out.txt --library=/home/biocbuild/bbs-3.17-bioc/R/site-library --timings netDx_1.12.0.tar.gz ### ############################################################################## ############################################################################## * using log directory ‘/home/biocbuild/bbs-3.17-bioc/meat/netDx.Rcheck’ * using R version 4.3.1 (2023-06-16) * using platform: x86_64-pc-linux-gnu (64-bit) * R was compiled by gcc (Ubuntu 11.3.0-1ubuntu1~22.04.1) 11.3.0 GNU Fortran (Ubuntu 11.3.0-1ubuntu1~22.04.1) 11.3.0 * running under: Ubuntu 22.04.3 LTS * using session charset: UTF-8 * checking for file ‘netDx/DESCRIPTION’ ... OK * this is package ‘netDx’ version ‘1.12.0’ * package encoding: UTF-8 * checking package namespace information ... OK * checking package dependencies ... OK * checking if this is a source package ... OK * checking if there is a namespace ... OK * checking for hidden files and directories ... NOTE Found the following hidden files and directories: .BBSoptions These were most likely included in error. See section ‘Package structure’ in the ‘Writing R Extensions’ manual. * checking for portable file names ... OK * checking for sufficient/correct file permissions ... OK * checking whether package ‘netDx’ can be installed ... OK * checking installed package size ... OK * checking package directory ... OK * checking ‘build’ directory ... OK * checking DESCRIPTION meta-information ... NOTE Malformed Description field: should contain one or more complete sentences. * checking top-level files ... OK * checking for left-over files ... OK * checking index information ... OK * checking package subdirectories ... NOTE Found the following CITATION file in a non-standard place: CITATION.cff Most likely ‘inst/CITATION’ should be used instead. * checking R files for non-ASCII characters ... OK * checking R files for syntax errors ... OK * checking whether the package can be loaded ... OK * checking whether the package can be loaded with stated dependencies ... OK * checking whether the package can be unloaded cleanly ... OK * checking whether the namespace can be loaded with stated dependencies ... OK * checking whether the namespace can be unloaded cleanly ... OK * checking loading without being on the library search path ... OK * checking startup messages can be suppressed ... OK * checking dependencies in R code ... OK * checking S3 generic/method consistency ... OK * checking replacement functions ... OK * checking foreign function calls ... OK * checking R code for possible problems ... OK * checking Rd files ... OK * checking Rd metadata ... OK * checking Rd cross-references ... OK * checking for missing documentation entries ... OK * checking for code/documentation mismatches ... OK * checking Rd \usage sections ... OK * checking Rd contents ... OK * checking for unstated dependencies in examples ... OK * checking contents of ‘data’ directory ... OK * checking data for non-ASCII characters ... OK * checking data for ASCII and uncompressed saves ... OK * checking files in ‘vignettes’ ... OK * checking examples ... OK Examples with CPU (user + system) or elapsed time > 5s user system elapsed buildPredictor 20.426 1.470 24.107 createPSN_MultiData 19.532 1.423 31.585 smoothMutations_LabelProp 7.042 0.608 29.782 RR_featureTally 6.931 0.364 7.295 runFeatureSelection 6.499 0.542 4.530 thresholdSmoothedMutations 4.935 0.698 27.301 compileFeatures 5.181 0.411 20.764 enrichLabelNets 1.660 0.169 55.460 getEnr 0.793 0.209 9.714 makePSN_NamedMatrix 0.074 0.001 8.388 countIntType_batch 0.024 0.000 9.776 * checking for unstated dependencies in ‘tests’ ... OK * checking tests ... Running ‘testthat.R’ OK * checking for unstated dependencies in vignettes ... OK * checking package vignettes in ‘inst/doc’ ... OK * checking running R code from vignettes ... ‘ThreeWayClassifier.Rmd’ using ‘UTF-8’... OK NONE * checking re-building of vignette outputs ... ERROR Error(s) in re-building vignettes: ... --- re-building ‘ThreeWayClassifier.Rmd’ using rmarkdown Killed * checking PDF version of manual ... OK * DONE Status: 1 ERROR, 3 NOTEs See ‘/home/biocbuild/bbs-3.17-bioc/meat/netDx.Rcheck/00check.log’ for details.
netDx.Rcheck/00install.out
############################################################################## ############################################################################## ### ### Running command: ### ### /home/biocbuild/bbs-3.17-bioc/R/bin/R CMD INSTALL netDx ### ############################################################################## ############################################################################## * installing to library ‘/home/biocbuild/bbs-3.17-bioc/R/site-library’ * installing *source* package ‘netDx’ ... ** using staged installation ** R ** data ** inst ** byte-compile and prepare package for lazy loading ** help *** installing help indices ** building package indices ** installing vignettes ** testing if installed package can be loaded from temporary location ** testing if installed package can be loaded from final location ** testing if installed package keeps a record of temporary installation path * DONE (netDx)
netDx.Rcheck/tests/testthat.Rout
R version 4.3.1 (2023-06-16) -- "Beagle Scouts" Copyright (C) 2023 The R Foundation for Statistical Computing Platform: x86_64-pc-linux-gnu (64-bit) R is free software and comes with ABSOLUTELY NO WARRANTY. You are welcome to redistribute it under certain conditions. Type 'license()' or 'licence()' for distribution details. R is a collaborative project with many contributors. Type 'contributors()' for more information and 'citation()' on how to cite R or R packages in publications. Type 'demo()' for some demos, 'help()' for on-line help, or 'help.start()' for an HTML browser interface to help. Type 'q()' to quit R. > library(testthat) > library(netDx) Attaching package: 'netDx' The following object is masked from 'package:stats': predict > > test_check("netDx") TT_STATUS STATUS TEST TRAIN LumA 52 178 notLumA 52 243 PRED_CLASS STATUS LumA notLumA LumA 41 11 notLumA 17 35 [1] TRUE [ FAIL 0 | WARN 0 | SKIP 0 | PASS 39 ] > > proc.time() user system elapsed 64.735 5.417 232.909
netDx.Rcheck/netDx-Ex.timings
name | user | system | elapsed | |
MB.pheno | 0.002 | 0.003 | 0.006 | |
RR_featureTally | 6.931 | 0.364 | 7.295 | |
avgNormDiff | 0.042 | 0.003 | 0.046 | |
buildPredictor | 20.426 | 1.470 | 24.107 | |
buildPredictor_sparseGenetic | 0.573 | 0.036 | 1.301 | |
callFeatSel | 0.081 | 0.008 | 0.090 | |
callOverallSelectedFeatures | 0.089 | 0.016 | 0.105 | |
cleanPathwayName | 0 | 0 | 0 | |
cnv_GR | 0.030 | 0.004 | 0.035 | |
cnv_TTstatus | 0.004 | 0.020 | 0.024 | |
cnv_netPass | 0.004 | 0.000 | 0.004 | |
cnv_netScores | 0.000 | 0.024 | 0.023 | |
cnv_patientNetCount | 0.105 | 0.120 | 0.225 | |
cnv_pheno | 0.01 | 0.00 | 0.01 | |
compareShortestPath | 0.010 | 0.012 | 0.022 | |
compileFeatureScores | 0.004 | 0.004 | 0.008 | |
compileFeatures | 5.181 | 0.411 | 20.764 | |
confmat | 0.004 | 0.000 | 0.004 | |
confusionMatrix | 0.110 | 0.008 | 0.118 | |
convertToMAE | 0.133 | 0.008 | 0.142 | |
countIntType | 0.002 | 0.000 | 0.001 | |
countIntType_batch | 0.024 | 0.000 | 9.776 | |
countPatientsInNet | 0.005 | 0.000 | 0.006 | |
createPSN_MultiData | 19.532 | 1.423 | 31.585 | |
dataList2List | 0.345 | 0.000 | 0.345 | |
enrichLabelNets | 1.660 | 0.169 | 55.460 | |
featScores | 0.015 | 0.032 | 0.047 | |
fetchPathwayDefinitions | 0.339 | 0.024 | 0.674 | |
genes | 0.003 | 0.000 | 0.003 | |
getEMapInput | 0.665 | 0.085 | 0.786 | |
getEMapInput_many | 0.695 | 0.094 | 0.823 | |
getEnr | 0.793 | 0.209 | 9.714 | |
getFeatureScores | 0.024 | 0.000 | 0.023 | |
getFileSep | 0 | 0 | 0 | |
getGMjar_path | 0.131 | 0.016 | 0.130 | |
getNetConsensus | 0.012 | 0.000 | 0.012 | |
getOR | 0.001 | 0.003 | 0.003 | |
getPatientPredictions | 1.786 | 0.102 | 1.889 | |
getPatientRankings | 0.048 | 0.011 | 0.060 | |
getRegionOL | 0.284 | 0.004 | 0.289 | |
getResults | 0.129 | 0.001 | 0.130 | |
getSimilarity | 0.195 | 0.004 | 0.199 | |
makePSN_NamedMatrix | 0.074 | 0.001 | 8.388 | |
makePSN_RangeSets | 0.014 | 0.000 | 0.014 | |
makeQueries | 0.004 | 0.004 | 0.007 | |
makeSymmetric | 0.000 | 0.001 | 0.001 | |
mapNamedRangesToSets | 0.031 | 0.003 | 0.034 | |
modelres | 0.003 | 0.000 | 0.003 | |
normDiff | 0.001 | 0.000 | 0.001 | |
npheno | 0.002 | 0.000 | 0.002 | |
pathwayList | 0.003 | 0.004 | 0.007 | |
pathway_GR | 0.061 | 0.008 | 0.070 | |
perfCalc | 0.000 | 0.003 | 0.002 | |
pheno | 0.001 | 0.009 | 0.009 | |
pheno_full | 0.002 | 0.000 | 0.002 | |
plotEmap | 0.783 | 0.068 | 1.035 | |
plotPerf | 1.242 | 0.008 | 1.250 | |
plotPerf_multi | 0.038 | 0.004 | 0.041 | |
predRes | 0.001 | 0.003 | 0.003 | |
predictPatientLabels | 0.007 | 0.000 | 0.007 | |
pruneNets | 0.01 | 0.00 | 0.01 | |
randAlphanumString | 0.000 | 0.000 | 0.001 | |
readPathways | 0.697 | 0.092 | 0.823 | |
runFeatureSelection | 6.499 | 0.542 | 4.530 | |
runQuery | 2.864 | 0.307 | 4.152 | |
setupFeatureDB | 0.092 | 0.004 | 0.096 | |
silh | 0.004 | 0.000 | 0.004 | |
sim.eucscale | 0.282 | 0.016 | 0.298 | |
sim.pearscale | 0.566 | 0.020 | 0.586 | |
simpleCap | 0.000 | 0.000 | 0.001 | |
smoothMutations_LabelProp | 7.042 | 0.608 | 29.782 | |
sparsify2 | 0.829 | 0.188 | 1.016 | |
sparsify3 | 1.201 | 0.068 | 1.269 | |
splitTestTrain | 0.021 | 0.004 | 0.025 | |
splitTestTrain_resampling | 0.006 | 0.000 | 0.006 | |
tSNEPlotter | 1.007 | 0.052 | 1.059 | |
thresholdSmoothedMutations | 4.935 | 0.698 | 27.301 | |
toymodel | 0.883 | 2.173 | 3.056 | |
updateNets | 0.01 | 0.00 | 0.01 | |
writeNetsSIF | 0.008 | 0.000 | 0.008 | |
writeQueryBatchFile | 0.004 | 0.000 | 0.004 | |
writeQueryFile | 0.004 | 0.004 | 0.008 | |
xpr | 0.044 | 0.020 | 0.064 | |