Back to Multiple platform build/check report for BioC 3.13
ABCDEF[G]HIJKLMNOPQRSTUVWXYZ

This page was generated on 2021-09-24 15:06:11 -0400 (Fri, 24 Sep 2021).

CHECK results for genomation on tokay2

To the developers/maintainers of the genomation package:
- Please allow up to 24 hours (and sometimes 48 hours) for your latest push to git@git.bioconductor.org:packages/genomation.git to
reflect on this report. See How and When does the builder pull? When will my changes propagate? here for more information.
- Make sure to use the following settings in order to reproduce any error or warning you see on this page.

raw results

Package 735/2041HostnameOS / ArchINSTALLBUILDCHECKBUILD BIN
genomation 1.24.0  (landing page)
Altuna Akalin , Vedran Franke
Snapshot Date: 2021-09-23 04:50:12 -0400 (Thu, 23 Sep 2021)
git_url: https://git.bioconductor.org/packages/genomation
git_branch: RELEASE_3_13
git_last_commit: 94f0278
git_last_commit_date: 2021-05-19 12:09:55 -0400 (Wed, 19 May 2021)
nebbiolo1Linux (Ubuntu 20.04.2 LTS) / x86_64  OK    OK    WARNINGS  UNNEEDED, same version is already published
tokay2Windows Server 2012 R2 Standard / x64  OK    OK    WARNINGS    OK  UNNEEDED, same version is already published
machv2macOS 10.14.6 Mojave / x86_64  OK    OK    WARNINGS    OK  UNNEEDED, same version is already published

Summary

Package: genomation
Version: 1.24.0
Command: C:\Users\biocbuild\bbs-3.13-bioc\R\bin\R.exe CMD check --force-multiarch --install=check:genomation.install-out.txt --library=C:\Users\biocbuild\bbs-3.13-bioc\R\library --no-vignettes --timings genomation_1.24.0.tar.gz
StartedAt: 2021-09-23 22:45:19 -0400 (Thu, 23 Sep 2021)
EndedAt: 2021-09-23 22:53:08 -0400 (Thu, 23 Sep 2021)
EllapsedTime: 469.3 seconds
RetCode: 0
Status:   WARNINGS  
CheckDir: genomation.Rcheck
Warnings: 1

Command output

##############################################################################
##############################################################################
###
### Running command:
###
###   C:\Users\biocbuild\bbs-3.13-bioc\R\bin\R.exe CMD check --force-multiarch --install=check:genomation.install-out.txt --library=C:\Users\biocbuild\bbs-3.13-bioc\R\library --no-vignettes --timings genomation_1.24.0.tar.gz
###
##############################################################################
##############################################################################


* using log directory 'C:/Users/biocbuild/bbs-3.13-bioc/meat/genomation.Rcheck'
* using R version 4.1.1 (2021-08-10)
* using platform: x86_64-w64-mingw32 (64-bit)
* using session charset: ISO8859-1
* using option '--no-vignettes'
* checking for file 'genomation/DESCRIPTION' ... OK
* checking extension type ... Package
* this is package 'genomation' version '1.24.0'
* package encoding: latin1
* checking package namespace information ... OK
* checking package dependencies ... OK
* checking if this is a source package ... OK
* checking if there is a namespace ... OK
* checking for hidden files and directories ... OK
* checking for portable file names ... OK
* checking whether package 'genomation' can be installed ... WARNING
Found the following significant warnings:
  Warning: replacing previous import 'Biostrings::pattern' by 'grid::pattern' when loading 'genomation'
See 'C:/Users/biocbuild/bbs-3.13-bioc/meat/genomation.Rcheck/00install.out' for details.
* checking installed package size ... NOTE
  installed size is  5.3Mb
  sub-directories of 1Mb or more:
    extdata   1.2Mb
    libs      2.1Mb
* checking package directory ... OK
* checking 'build' directory ... OK
* checking DESCRIPTION meta-information ... OK
* checking top-level files ... OK
* checking for left-over files ... OK
* checking index information ... OK
* checking package subdirectories ... OK
* checking R files for non-ASCII characters ... OK
* checking R files for syntax errors ... OK
* loading checks for arch 'i386'
** checking whether the package can be loaded ... OK
** checking whether the package can be loaded with stated dependencies ... OK
** checking whether the package can be unloaded cleanly ... OK
** checking whether the namespace can be loaded with stated dependencies ... OK
** checking whether the namespace can be unloaded cleanly ... OK
* loading checks for arch 'x64'
** checking whether the package can be loaded ... OK
** checking whether the package can be loaded with stated dependencies ... OK
** checking whether the package can be unloaded cleanly ... OK
** checking whether the namespace can be loaded with stated dependencies ... OK
** checking whether the namespace can be unloaded cleanly ... OK
* checking dependencies in R code ... NOTE
Unexported object imported by a ':::' call: 'BiocGenerics:::testPackage'
  See the note in ?`:::` about the use of this operator.
* checking S3 generic/method consistency ... OK
* checking replacement functions ... OK
* checking foreign function calls ... OK
* checking R code for possible problems ... NOTE
ScoreMatrixBin,RleList-GRangesList: no visible binding for global
  variable 'id'
ScoreMatrixBin,RleList-GRangesList: no visible global function
  definition for ':='
Undefined global functions or variables:
  := id
* checking Rd files ... OK
* checking Rd metadata ... OK
* checking Rd cross-references ... OK
* checking for missing documentation entries ... OK
* checking for code/documentation mismatches ... OK
* checking Rd \usage sections ... OK
* checking Rd contents ... OK
* checking for unstated dependencies in examples ... OK
* checking contents of 'data' directory ... OK
* checking data for non-ASCII characters ... OK
* checking data for ASCII and uncompressed saves ... OK
* checking line endings in C/C++/Fortran sources/headers ... OK
* checking compiled code ... NOTE
Note: information on .o files for i386 is not available
Note: information on .o files for x64 is not available
File 'C:/Users/biocbuild/bbs-3.13-bioc/R/library/genomation/libs/i386/genomation.dll':
  Found 'abort', possibly from 'abort' (C), 'runtime' (Fortran)
  Found 'exit', possibly from 'exit' (C), 'stop' (Fortran)
  Found 'printf', possibly from 'printf' (C)
File 'C:/Users/biocbuild/bbs-3.13-bioc/R/library/genomation/libs/x64/genomation.dll':
  Found 'abort', possibly from 'abort' (C), 'runtime' (Fortran)
  Found 'exit', possibly from 'exit' (C), 'stop' (Fortran)
  Found 'printf', possibly from 'printf' (C)

Compiled code should not call entry points which might terminate R nor
write to stdout/stderr instead of to the console, nor use Fortran I/O
nor system RNGs. The detected symbols are linked into the code but
might come from libraries and not actually be called.

See 'Writing portable packages' in the 'Writing R Extensions' manual.
* checking files in 'vignettes' ... OK
* checking examples ...
** running examples for arch 'i386' ... OK
Examples with CPU (user + system) or elapsed time > 5s
                                                    user system elapsed
enrichmentMatrix-ScoreMatrixList-ScoreMatrix-method 4.94   0.19     6.2
enrichmentMatrix-ScoreMatrix-method                 4.44   0.31    20.3
** running examples for arch 'x64' ... OK
* checking for unstated dependencies in 'tests' ... OK
* checking tests ...
** running tests for arch 'i386' ...
  Running 'genomation_unit_tests.R'
 OK
** running tests for arch 'x64' ...
  Running 'genomation_unit_tests.R'
 OK
* checking for unstated dependencies in vignettes ... OK
* checking package vignettes in 'inst/doc' ... OK
* checking running R code from vignettes ... SKIPPED
* checking re-building of vignette outputs ... SKIPPED
* checking PDF version of manual ... OK
* DONE

Status: 1 WARNING, 4 NOTEs
See
  'C:/Users/biocbuild/bbs-3.13-bioc/meat/genomation.Rcheck/00check.log'
for details.



Installation output

genomation.Rcheck/00install.out

##############################################################################
##############################################################################
###
### Running command:
###
###   C:\cygwin\bin\curl.exe -O http://155.52.207.165/BBS/3.13/bioc/src/contrib/genomation_1.24.0.tar.gz && rm -rf genomation.buildbin-libdir && mkdir genomation.buildbin-libdir && C:\Users\biocbuild\bbs-3.13-bioc\R\bin\R.exe CMD INSTALL --merge-multiarch --build --library=genomation.buildbin-libdir genomation_1.24.0.tar.gz && C:\Users\biocbuild\bbs-3.13-bioc\R\bin\R.exe CMD INSTALL genomation_1.24.0.zip && rm genomation_1.24.0.tar.gz genomation_1.24.0.zip
###
##############################################################################
##############################################################################


  % Total    % Received % Xferd  Average Speed   Time    Time     Time  Current
                                 Dload  Upload   Total   Spent    Left  Speed

  0     0    0     0    0     0      0      0 --:--:-- --:--:-- --:--:--     0
 26 4092k   26 1100k    0     0  1755k      0  0:00:02 --:--:--  0:00:02 1755k
 96 4092k   96 3944k    0     0  2436k      0  0:00:01  0:00:01 --:--:-- 2436k
100 4092k  100 4092k    0     0  2469k      0  0:00:01  0:00:01 --:--:-- 2469k

install for i386

* installing *source* package 'genomation' ...
** using staged installation
** libs
"C:/rtools40/mingw32/bin/"g++ -std=gnu++11  -I"C:/Users/BIOCBU~1/BBS-3~1.13-/R/include" -DNDEBUG  -I'C:/Users/biocbuild/bbs-3.13-bioc/R/library/Rcpp/include'   -I"c:/extsoft/include"     -O2 -Wall  -mfpmath=sse -msse2 -mstackrealign  -c RcppExports.cpp -o RcppExports.o
"C:/rtools40/mingw32/bin/"g++ -std=gnu++11  -I"C:/Users/BIOCBU~1/BBS-3~1.13-/R/include" -DNDEBUG  -I'C:/Users/biocbuild/bbs-3.13-bioc/R/library/Rcpp/include'   -I"c:/extsoft/include"     -O2 -Wall  -mfpmath=sse -msse2 -mstackrealign  -c binSum.cpp -o binSum.o
C:/rtools40/mingw32/bin/g++ -std=gnu++11 -shared -s -static-libgcc -o genomation.dll tmp.def RcppExports.o binSum.o -Lc:/extsoft/lib/i386 -Lc:/extsoft/lib -LC:/Users/BIOCBU~1/BBS-3~1.13-/R/bin/i386 -lR
installing to C:/Users/biocbuild/bbs-3.13-bioc/meat/genomation.buildbin-libdir/00LOCK-genomation/00new/genomation/libs/i386
** R
** data
** inst
** byte-compile and prepare package for lazy loading
Warning: replacing previous import 'Biostrings::pattern' by 'grid::pattern' when loading 'genomation'
** help
*** installing help indices
  converting help for package 'genomation'
    finding HTML links ... done
    AnnotationByFeature-class               html  
    AnnotationByGeneParts-class             html  
    AnnotationByGeneParts-methods           html  
    Max_c                                   html  
    Mean_c                                  html  
    Median_c                                html  
    Min_c                                   html  
    Ops-ScoreMatrix-ScoreMatrix-method      html  
    Ops-ScoreMatrixList-ScoreMatrixList-method
                                            html  
    Ops-ScoreMatrixList-numeric-method      html  
    Ops-numeric-ScoreMatrixList-method      html  
    RandomEnrichment-class                  html  
    ScoreMatrix-class                       html  
    ScoreMatrix-methods                     html  
    ScoreMatrixBin-methods                  html  
    ScoreMatrixList-class                   html  
    ScoreMatrixList-methods                 html  
    Sum_c                                   html  
    annotatGrWithGeneParts                  html  
    annotateWithFeature-methods             html  
    annotateWithFeatureFlank-methods        html  
    annotateWithFeatures-methods            html  
    annotateWithGeneParts-methods           html  
    finding level-2 HTML links ... done

    bed12ToExons                            html  
    bed12ToIntrons                          html  
    binMatrix-methods                       html  
    binMax                                  html  
    binMean                                 html  
    binMedian                               html  
    binMin                                  html  
    binSum                                  html  
    binner                                  html  
    c.ScoreMatrix                           html  
    c.ScoreMatrixList                       html  
    cage                                    html  
    calculateOverlapSignificance-methods    html  
    checkBedValidity                        html  
    checkClass                              html  
    compressedAndUrl2temp                   html  
    constrainRanges                         html  
    convertBed2Exons-methods                html  
    convertBed2Introns-methods              html  
    convertBedDf-methods                    html  
    cpgi                                    html  
    detectUCSCheader                        html  
    distance2NearestFeature                 html  
    enrichmentMatrix-ScoreMatrix-method     html  
    enrichmentMatrix-ScoreMatrixList-ScoreMatrix-method
                                            html  
    enrichmentMatrix-ScoreMatrixList-method
                                            html  
    file.ext                                html  
    findFeatureComb-methods                 html  
    galpTo2Ranges                           html  
    genes                                   html  
    getColors                               html  
    getFeatsWithTargetsStats-methods        html  
    getFlanks-methods                       html  
    getMembers-methods                      html  
    getRandomEnrichment-methods             html  
    getTargetAnnotationStats-methods        html  
    gffToGRanges                            html  
    heatMatrix                              html  
    heatMeta                                html  
    heatTargetAnnotation-methods            html  
    intersectScoreMatrixList-methods        html  
    listSliceMax                            html  
    listSliceMean                           html  
    listSliceMedian                         html  
    listSliceMin                            html  
    listSliceSum                            html  
    multiHeatMatrix                         html  
    orderBy-methods                         html  
    patternMatrix-methods                   html  
    plotMeta                                html  
    plotTargetAnnotation-methods            html  
    promoters                               html  
    randomizeFeature-methods                html  
    read.zip                                html  
    readBam                                 html  
    readBed                                 html  
    readBigWig                              html  
    readBroadPeak                           html  
    readFeatureFlank-methods                html  
    readGeneric                             html  
    readNarrowPeak                          html  
    readTableFast                           html  
    readTranscriptFeatures-methods          html  
    scaleScoreMatrix-methods                html  
    scaleScoreMatrixList                    html  
    show-methods                            html  
    sub-ScoreMatrix-ANY-ANY-ANY-method      html  
    sub-ScoreMatrixList-ANY-ANY-ANY-method
                                            html  
    target.type                             html  
** building package indices
** installing vignettes
** testing if installed package can be loaded from temporary location
Warning: replacing previous import 'Biostrings::pattern' by 'grid::pattern' when loading 'genomation'
** testing if installed package can be loaded from final location
Warning: replacing previous import 'Biostrings::pattern' by 'grid::pattern' when loading 'genomation'
** testing if installed package keeps a record of temporary installation path

install for x64

* installing *source* package 'genomation' ...
** libs
"C:/rtools40/mingw64/bin/"g++ -std=gnu++11  -I"C:/Users/BIOCBU~1/BBS-3~1.13-/R/include" -DNDEBUG  -I'C:/Users/biocbuild/bbs-3.13-bioc/R/library/Rcpp/include'   -I"C:/extsoft/include"     -O2 -Wall  -mfpmath=sse -msse2 -mstackrealign  -c RcppExports.cpp -o RcppExports.o
"C:/rtools40/mingw64/bin/"g++ -std=gnu++11  -I"C:/Users/BIOCBU~1/BBS-3~1.13-/R/include" -DNDEBUG  -I'C:/Users/biocbuild/bbs-3.13-bioc/R/library/Rcpp/include'   -I"C:/extsoft/include"     -O2 -Wall  -mfpmath=sse -msse2 -mstackrealign  -c binSum.cpp -o binSum.o
C:/rtools40/mingw64/bin/g++ -std=gnu++11 -shared -s -static-libgcc -o genomation.dll tmp.def RcppExports.o binSum.o -LC:/extsoft/lib/x64 -LC:/extsoft/lib -LC:/Users/BIOCBU~1/BBS-3~1.13-/R/bin/x64 -lR
installing to C:/Users/biocbuild/bbs-3.13-bioc/meat/genomation.buildbin-libdir/genomation/libs/x64
** testing if installed package can be loaded
Warning: replacing previous import 'Biostrings::pattern' by 'grid::pattern' when loading 'genomation'
* MD5 sums
packaged installation of 'genomation' as genomation_1.24.0.zip
* DONE (genomation)
* installing to library 'C:/Users/biocbuild/bbs-3.13-bioc/R/library'
package 'genomation' successfully unpacked and MD5 sums checked

Tests output

genomation.Rcheck/tests_i386/genomation_unit_tests.Rout


R version 4.1.1 (2021-08-10) -- "Kick Things"
Copyright (C) 2021 The R Foundation for Statistical Computing
Platform: i386-w64-mingw32/i386 (32-bit)

R is free software and comes with ABSOLUTELY NO WARRANTY.
You are welcome to redistribute it under certain conditions.
Type 'license()' or 'licence()' for distribution details.

R is a collaborative project with many contributors.
Type 'contributors()' for more information and
'citation()' on how to cite R or R packages in publications.

Type 'demo()' for some demos, 'help()' for on-line help, or
'help.start()' for an HTML browser interface to help.
Type 'q()' to quit R.

> (require("genomation") & require("GenomicRanges") & require("GenomicAlignments") & require("rtracklayer") & require("readr") & require("Biostrings")) || stop("unable to load genomation package")
Loading required package: genomation
Loading required package: grid
Loading required package: GenomicRanges
Loading required package: stats4
Loading required package: BiocGenerics
Loading required package: parallel

Attaching package: 'BiocGenerics'

The following objects are masked from 'package:parallel':

    clusterApply, clusterApplyLB, clusterCall, clusterEvalQ,
    clusterExport, clusterMap, parApply, parCapply, parLapply,
    parLapplyLB, parRapply, parSapply, parSapplyLB

The following objects are masked from 'package:stats':

    IQR, mad, sd, var, xtabs

The following objects are masked from 'package:base':

    Filter, Find, Map, Position, Reduce, anyDuplicated, append,
    as.data.frame, basename, cbind, colnames, dirname, do.call,
    duplicated, eval, evalq, get, grep, grepl, intersect, is.unsorted,
    lapply, mapply, match, mget, order, paste, pmax, pmax.int, pmin,
    pmin.int, rank, rbind, rownames, sapply, setdiff, sort, table,
    tapply, union, unique, unsplit, which.max, which.min

Loading required package: S4Vectors

Attaching package: 'S4Vectors'

The following objects are masked from 'package:base':

    I, expand.grid, unname

Loading required package: IRanges

Attaching package: 'IRanges'

The following object is masked from 'package:grDevices':

    windows

Loading required package: GenomeInfoDb
Loading required package: GenomicAlignments
Loading required package: SummarizedExperiment
Loading required package: MatrixGenerics
Loading required package: matrixStats

Attaching package: 'MatrixGenerics'

The following objects are masked from 'package:matrixStats':

    colAlls, colAnyNAs, colAnys, colAvgsPerRowSet, colCollapse,
    colCounts, colCummaxs, colCummins, colCumprods, colCumsums,
    colDiffs, colIQRDiffs, colIQRs, colLogSumExps, colMadDiffs,
    colMads, colMaxs, colMeans2, colMedians, colMins, colOrderStats,
    colProds, colQuantiles, colRanges, colRanks, colSdDiffs, colSds,
    colSums2, colTabulates, colVarDiffs, colVars, colWeightedMads,
    colWeightedMeans, colWeightedMedians, colWeightedSds,
    colWeightedVars, rowAlls, rowAnyNAs, rowAnys, rowAvgsPerColSet,
    rowCollapse, rowCounts, rowCummaxs, rowCummins, rowCumprods,
    rowCumsums, rowDiffs, rowIQRDiffs, rowIQRs, rowLogSumExps,
    rowMadDiffs, rowMads, rowMaxs, rowMeans2, rowMedians, rowMins,
    rowOrderStats, rowProds, rowQuantiles, rowRanges, rowRanks,
    rowSdDiffs, rowSds, rowSums2, rowTabulates, rowVarDiffs, rowVars,
    rowWeightedMads, rowWeightedMeans, rowWeightedMedians,
    rowWeightedSds, rowWeightedVars

Loading required package: Biobase
Welcome to Bioconductor

    Vignettes contain introductory material; view with
    'browseVignettes()'. To cite Bioconductor, see
    'citation("Biobase")', and for packages 'citation("pkgname")'.


Attaching package: 'Biobase'

The following object is masked from 'package:MatrixGenerics':

    rowMedians

The following objects are masked from 'package:matrixStats':

    anyMissing, rowMedians

Loading required package: Biostrings
Loading required package: XVector

Attaching package: 'Biostrings'

The following object is masked from 'package:grid':

    pattern

The following object is masked from 'package:base':

    strsplit

Loading required package: Rsamtools
Loading required package: rtracklayer
Loading required package: readr
[1] TRUE
Warning message:
replacing previous import 'Biostrings::pattern' by 'grid::pattern' when loading 'genomation' 
> genomation:::.test()
Normalizing to rpm ...
Normalizing to rpm ...
Normalizing to rpm ...
testing:min
testing:max
testing:median
Normalizing to rpm ...
Normalizing to rpm ...
Normalizing to rpm ...
Normalizing to rpm ...
Normalizing to rpm ...
Normalizing to rpm ...
Normalizing to rpm ...
Rows: 2 Columns: 9
-- Column specification --------------------------------------------------------
Delimiter: "\t"
chr (3): X1, X4, X6
dbl (5): X2, X3, X5, X7, X8

i Use `spec()` to retrieve the full column specification for this data.
i Specify the column types or set `show_col_types = FALSE` to quiet this message.
Rows: 2 Columns: 9
-- Column specification --------------------------------------------------------
Delimiter: "\t"
chr (3): X1, X4, X6
dbl (5): X2, X3, X5, X7, X8

i Use `spec()` to retrieve the full column specification for this data.
i Specify the column types or set `show_col_types = FALSE` to quiet this message.


RUNIT TEST PROTOCOL -- Thu Sep 23 22:52:28 2021 
*********************************************** 
Number of test functions: 24 
Number of errors: 0 
Number of failures: 0 

 
1 Test Suite : 
genomation RUnit Tests - 24 test functions, 0 errors, 0 failures
Number of test functions: 24 
Number of errors: 0 
Number of failures: 0 
Warning messages:
1: In .local(target, windows, strand.aware) :
  1 windows fall off the target
2: In .local(target, windows, strand.aware) :
  2 windows fall off the target
3: In .local(target, windows, strand.aware) :
  2 windows fall off the target
4: In .local(target, windows, strand.aware) :
  2 windows fall off the target
5: In .local(target, windows, strand.aware) :
  2 windows fall off the target
6: In .local(target, windows, strand.aware) :
  2 windows fall off the target
7: In .local(target, windows, bin.num, bin.op, strand.aware) :
  2 windows fall off the target
8: In .local(target, windows, bin.num, bin.op, strand.aware) :
  2 windows fall off the target
> 
> proc.time()
   user  system elapsed 
  33.06    1.87   34.59 

genomation.Rcheck/tests_x64/genomation_unit_tests.Rout


R version 4.1.1 (2021-08-10) -- "Kick Things"
Copyright (C) 2021 The R Foundation for Statistical Computing
Platform: x86_64-w64-mingw32/x64 (64-bit)

R is free software and comes with ABSOLUTELY NO WARRANTY.
You are welcome to redistribute it under certain conditions.
Type 'license()' or 'licence()' for distribution details.

R is a collaborative project with many contributors.
Type 'contributors()' for more information and
'citation()' on how to cite R or R packages in publications.

Type 'demo()' for some demos, 'help()' for on-line help, or
'help.start()' for an HTML browser interface to help.
Type 'q()' to quit R.

> (require("genomation") & require("GenomicRanges") & require("GenomicAlignments") & require("rtracklayer") & require("readr") & require("Biostrings")) || stop("unable to load genomation package")
Loading required package: genomation
Loading required package: grid
Loading required package: GenomicRanges
Loading required package: stats4
Loading required package: BiocGenerics
Loading required package: parallel

Attaching package: 'BiocGenerics'

The following objects are masked from 'package:parallel':

    clusterApply, clusterApplyLB, clusterCall, clusterEvalQ,
    clusterExport, clusterMap, parApply, parCapply, parLapply,
    parLapplyLB, parRapply, parSapply, parSapplyLB

The following objects are masked from 'package:stats':

    IQR, mad, sd, var, xtabs

The following objects are masked from 'package:base':

    Filter, Find, Map, Position, Reduce, anyDuplicated, append,
    as.data.frame, basename, cbind, colnames, dirname, do.call,
    duplicated, eval, evalq, get, grep, grepl, intersect, is.unsorted,
    lapply, mapply, match, mget, order, paste, pmax, pmax.int, pmin,
    pmin.int, rank, rbind, rownames, sapply, setdiff, sort, table,
    tapply, union, unique, unsplit, which.max, which.min

Loading required package: S4Vectors

Attaching package: 'S4Vectors'

The following objects are masked from 'package:base':

    I, expand.grid, unname

Loading required package: IRanges

Attaching package: 'IRanges'

The following object is masked from 'package:grDevices':

    windows

Loading required package: GenomeInfoDb
Loading required package: GenomicAlignments
Loading required package: SummarizedExperiment
Loading required package: MatrixGenerics
Loading required package: matrixStats

Attaching package: 'MatrixGenerics'

The following objects are masked from 'package:matrixStats':

    colAlls, colAnyNAs, colAnys, colAvgsPerRowSet, colCollapse,
    colCounts, colCummaxs, colCummins, colCumprods, colCumsums,
    colDiffs, colIQRDiffs, colIQRs, colLogSumExps, colMadDiffs,
    colMads, colMaxs, colMeans2, colMedians, colMins, colOrderStats,
    colProds, colQuantiles, colRanges, colRanks, colSdDiffs, colSds,
    colSums2, colTabulates, colVarDiffs, colVars, colWeightedMads,
    colWeightedMeans, colWeightedMedians, colWeightedSds,
    colWeightedVars, rowAlls, rowAnyNAs, rowAnys, rowAvgsPerColSet,
    rowCollapse, rowCounts, rowCummaxs, rowCummins, rowCumprods,
    rowCumsums, rowDiffs, rowIQRDiffs, rowIQRs, rowLogSumExps,
    rowMadDiffs, rowMads, rowMaxs, rowMeans2, rowMedians, rowMins,
    rowOrderStats, rowProds, rowQuantiles, rowRanges, rowRanks,
    rowSdDiffs, rowSds, rowSums2, rowTabulates, rowVarDiffs, rowVars,
    rowWeightedMads, rowWeightedMeans, rowWeightedMedians,
    rowWeightedSds, rowWeightedVars

Loading required package: Biobase
Welcome to Bioconductor

    Vignettes contain introductory material; view with
    'browseVignettes()'. To cite Bioconductor, see
    'citation("Biobase")', and for packages 'citation("pkgname")'.


Attaching package: 'Biobase'

The following object is masked from 'package:MatrixGenerics':

    rowMedians

The following objects are masked from 'package:matrixStats':

    anyMissing, rowMedians

Loading required package: Biostrings
Loading required package: XVector

Attaching package: 'Biostrings'

The following object is masked from 'package:grid':

    pattern

The following object is masked from 'package:base':

    strsplit

Loading required package: Rsamtools
Loading required package: rtracklayer
Loading required package: readr
[1] TRUE
Warning message:
replacing previous import 'Biostrings::pattern' by 'grid::pattern' when loading 'genomation' 
> genomation:::.test()
Normalizing to rpm ...
Normalizing to rpm ...
Normalizing to rpm ...
testing:min
testing:max
testing:median
Normalizing to rpm ...
Normalizing to rpm ...
Normalizing to rpm ...
Normalizing to rpm ...
Normalizing to rpm ...
Normalizing to rpm ...
Normalizing to rpm ...
Rows: 2 Columns: 9
-- Column specification --------------------------------------------------------
Delimiter: "\t"
chr (3): X1, X4, X6
dbl (5): X2, X3, X5, X7, X8

i Use `spec()` to retrieve the full column specification for this data.
i Specify the column types or set `show_col_types = FALSE` to quiet this message.
Rows: 2 Columns: 9
-- Column specification --------------------------------------------------------
Delimiter: "\t"
chr (3): X1, X4, X6
dbl (5): X2, X3, X5, X7, X8

i Use `spec()` to retrieve the full column specification for this data.
i Specify the column types or set `show_col_types = FALSE` to quiet this message.


RUNIT TEST PROTOCOL -- Thu Sep 23 22:53:00 2021 
*********************************************** 
Number of test functions: 24 
Number of errors: 0 
Number of failures: 0 

 
1 Test Suite : 
genomation RUnit Tests - 24 test functions, 0 errors, 0 failures
Number of test functions: 24 
Number of errors: 0 
Number of failures: 0 
Warning messages:
1: In .local(target, windows, strand.aware) :
  1 windows fall off the target
2: In .local(target, windows, strand.aware) :
  2 windows fall off the target
3: In .local(target, windows, strand.aware) :
  2 windows fall off the target
4: In .local(target, windows, strand.aware) :
  2 windows fall off the target
5: In .local(target, windows, strand.aware) :
  2 windows fall off the target
6: In .local(target, windows, strand.aware) :
  2 windows fall off the target
7: In .local(target, windows, bin.num, bin.op, strand.aware) :
  2 windows fall off the target
8: In .local(target, windows, bin.num, bin.op, strand.aware) :
  2 windows fall off the target
> 
> proc.time()
   user  system elapsed 
  30.45    0.76   30.95 

Example timings

genomation.Rcheck/examples_i386/genomation-Ex.timings

nameusersystemelapsed
AnnotationByGeneParts-methods1.100.051.08
ScoreMatrix-methods3.010.093.11
ScoreMatrixBin-methods2.690.242.91
ScoreMatrixList-methods0.720.090.81
annotateWithFeature-methods0.050.000.04
annotateWithFeatureFlank-methods0.310.000.32
annotateWithFeatures-methods1.340.051.28
annotateWithGeneParts-methods0.880.251.02
binMatrix-methods0.200.020.22
convertBed2Exons-methods0.060.000.07
convertBed2Introns-methods0.060.000.06
enrichmentMatrix-ScoreMatrix-method 4.44 0.3120.30
enrichmentMatrix-ScoreMatrixList-ScoreMatrix-method4.940.196.20
enrichmentMatrix-ScoreMatrixList-method4.110.194.30
findFeatureComb-methods0.340.010.35
getFeatsWithTargetsStats-methods0.600.030.50
getFlanks-methods0.230.000.24
getRandomEnrichment-methods000
getTargetAnnotationStats-methods1.010.060.75
gffToGRanges0.170.020.30
heatMatrix0.350.030.38
heatMeta0.470.050.51
heatTargetAnnotation-methods1.100.011.13
intersectScoreMatrixList-methods0.330.020.34
multiHeatMatrix0.460.050.50
orderBy-methods0.590.030.63
patternMatrix-methods0.140.010.15
plotMeta0.420.050.47
plotTargetAnnotation-methods0.740.000.72
readBed0.290.020.30
readBroadPeak0.100.050.11
readFeatureFlank-methods0.420.000.42
readGeneric0.060.030.08
readNarrowPeak0.140.020.13
readTranscriptFeatures-methods1.470.091.36
scaleScoreMatrix-methods0.220.000.21
scaleScoreMatrixList0.550.050.60

genomation.Rcheck/examples_x64/genomation-Ex.timings

nameusersystemelapsed
AnnotationByGeneParts-methods1.230.111.17
ScoreMatrix-methods3.270.133.39
ScoreMatrixBin-methods2.710.092.69
ScoreMatrixList-methods0.870.030.90
annotateWithFeature-methods0.050.020.06
annotateWithFeatureFlank-methods0.360.000.38
annotateWithFeatures-methods1.250.011.12
annotateWithGeneParts-methods0.720.000.64
binMatrix-methods0.210.040.24
convertBed2Exons-methods0.070.000.07
convertBed2Introns-methods0.070.000.07
enrichmentMatrix-ScoreMatrix-method3.810.143.95
enrichmentMatrix-ScoreMatrixList-ScoreMatrix-method4.270.064.43
enrichmentMatrix-ScoreMatrixList-method3.360.113.47
findFeatureComb-methods0.360.000.35
getFeatsWithTargetsStats-methods0.870.030.68
getFlanks-methods0.280.000.28
getRandomEnrichment-methods0.020.000.01
getTargetAnnotationStats-methods1.080.030.86
gffToGRanges0.120.000.13
heatMatrix0.300.030.33
heatMeta0.480.050.53
heatTargetAnnotation-methods1.350.051.14
intersectScoreMatrixList-methods0.360.010.38
multiHeatMatrix1.190.051.23
orderBy-methods0.560.000.57
patternMatrix-methods0.110.010.12
plotMeta0.390.020.40
plotTargetAnnotation-methods0.860.000.85
readBed0.430.010.42
readBroadPeak0.150.020.13
readFeatureFlank-methods0.440.000.44
readGeneric0.090.020.07
readNarrowPeak0.10.00.1
readTranscriptFeatures-methods0.540.040.54
scaleScoreMatrix-methods0.320.020.33
scaleScoreMatrixList0.870.030.91