Back to Multiple platform build/check report for BioC 3.13
ABCDEF[G]HIJKLMNOPQRSTUVWXYZ

This page was generated on 2021-07-30 15:05:53 -0400 (Fri, 30 Jul 2021).

CHECK results for gage on tokay2

To the developers/maintainers of the gage package:
- Please allow up to 24 hours (and sometimes 48 hours) for your latest push to git@git.bioconductor.org:packages/gage.git to
reflect on this report. See How and When does the builder pull? When will my changes propagate? here for more information.
- Make sure to use the following settings in order to reproduce any error or warning you see on this page.

raw results

Package 685/2041HostnameOS / ArchINSTALLBUILDCHECKBUILD BIN
gage 2.42.0  (landing page)
Weijun Luo
Snapshot Date: 2021-07-29 04:50:02 -0400 (Thu, 29 Jul 2021)
URL: https://git.bioconductor.org/packages/gage
Branch: RELEASE_3_13
Last Commit: 8b222d6
Last Changed Date: 2021-05-19 11:46:29 -0400 (Wed, 19 May 2021)
nebbiolo1Linux (Ubuntu 20.04.2 LTS) / x86_64  OK    OK    WARNINGS  UNNEEDED, same version is already published
tokay2Windows Server 2012 R2 Standard / x64  OK    OK    WARNINGS    OK  UNNEEDED, same version is already published
machv2macOS 10.14.6 Mojave / x86_64  OK    OK    WARNINGS    OK  UNNEEDED, same version is already published

Summary

Package: gage
Version: 2.42.0
Command: C:\Users\biocbuild\bbs-3.13-bioc\R\bin\R.exe CMD check --force-multiarch --install=check:gage.install-out.txt --library=C:\Users\biocbuild\bbs-3.13-bioc\R\library --no-vignettes --timings gage_2.42.0.tar.gz
StartedAt: 2021-07-29 23:38:06 -0400 (Thu, 29 Jul 2021)
EndedAt: 2021-07-29 23:40:58 -0400 (Thu, 29 Jul 2021)
EllapsedTime: 172.4 seconds
RetCode: 0
Status:   WARNINGS  
CheckDir: gage.Rcheck
Warnings: 1

Command output

##############################################################################
##############################################################################
###
### Running command:
###
###   C:\Users\biocbuild\bbs-3.13-bioc\R\bin\R.exe CMD check --force-multiarch --install=check:gage.install-out.txt --library=C:\Users\biocbuild\bbs-3.13-bioc\R\library --no-vignettes --timings gage_2.42.0.tar.gz
###
##############################################################################
##############################################################################


* using log directory 'C:/Users/biocbuild/bbs-3.13-bioc/meat/gage.Rcheck'
* using R version 4.1.0 (2021-05-18)
* using platform: x86_64-w64-mingw32 (64-bit)
* using session charset: ISO8859-1
* using option '--no-vignettes'
* checking for file 'gage/DESCRIPTION' ... OK
* checking extension type ... Package
* this is package 'gage' version '2.42.0'
* checking package namespace information ... OK
* checking package dependencies ... OK
* checking if this is a source package ... OK
* checking if there is a namespace ... OK
* checking for hidden files and directories ... OK
* checking for portable file names ... OK
* checking whether package 'gage' can be installed ... OK
* checking installed package size ... OK
* checking package directory ... OK
* checking 'build' directory ... OK
* checking DESCRIPTION meta-information ... OK
* checking top-level files ... OK
* checking for left-over files ... OK
* checking index information ... OK
* checking package subdirectories ... OK
* checking R files for non-ASCII characters ... OK
* checking R files for syntax errors ... OK
* loading checks for arch 'i386'
** checking whether the package can be loaded ... OK
** checking whether the package can be loaded with stated dependencies ... OK
** checking whether the package can be unloaded cleanly ... OK
** checking whether the namespace can be loaded with stated dependencies ... OK
** checking whether the namespace can be unloaded cleanly ... OK
* loading checks for arch 'x64'
** checking whether the package can be loaded ... OK
** checking whether the package can be loaded with stated dependencies ... OK
** checking whether the package can be unloaded cleanly ... OK
** checking whether the namespace can be loaded with stated dependencies ... OK
** checking whether the namespace can be unloaded cleanly ... OK
* checking dependencies in R code ... WARNING
'::' or ':::' import not declared from: 'BiocManager'
'loadNamespace' or 'requireNamespace' call not declared from: 'BiocManager'
* checking S3 generic/method consistency ... OK
* checking replacement functions ... OK
* checking foreign function calls ... OK
* checking R code for possible problems ... NOTE
colorpanel: no visible global function definition for 'col2rgb'
colorpanel: no visible global function definition for 'rgb'
deComp: no visible global function definition for 'annot.db'
deComp: no visible global function definition for 'write.table'
eg2sym: no visible binding for global variable 'egSymb'
essGene: no visible binding for global variable 'sd'
essGene: no visible global function definition for 'qchisq'
esset.grp: no visible global function definition for 'sd'
esset.grp : <anonymous>: no visible global function definition for
  'phyper'
esset.grp: no visible global function definition for 'as'
esset.grp: no visible global function definition for 'write.table'
esset.grp: no visible global function definition for 'nodes'
esset.grp: no visible global function definition for 'edgeNames'
esset.grp: no visible global function definition for 'pdf'
esset.grp: no visible global function definition for 'make.graph'
esset.grp : <anonymous>: no visible global function definition for
  'nodes'
esset.grp: no visible global function definition for 'points'
esset.grp: no visible global function definition for 'dev.off'
gageComp: no visible global function definition for 'pdf'
gageComp: no visible global function definition for 'dev.off'
gagePipe: no visible global function definition for 'write.table'
gagePipe: no visible global function definition for 'pdf'
gagePipe: no visible global function definition for 'dev.off'
gagePrep : <anonymous>: no visible global function definition for
  't.test'
gageSum: no visible global function definition for 'qnorm'
gageSum: no visible global function definition for 'pnorm'
gageSum: no visible global function definition for 'aggregate'
gageSum : <anonymous>: no visible global function definition for
  'pnorm'
gageSum: no visible global function definition for 'pgamma'
gageSum: no visible global function definition for 'p.adjust'
geneData: no visible global function definition for 'write.table'
geneData: no visible global function definition for 'pdf'
geneData: no visible global function definition for 'dev.off'
geneData: no visible global function definition for 'par'
geneData: no visible global function definition for 'abline'
geneData: no visible global function definition for 'points'
geneData: no visible global function definition for 'legend'
go.gsets: no visible global function definition for 'data'
go.gsets: no visible global function definition for 'install.packages'
gs.KSTest : <anonymous>: no visible global function definition for
  'ks.test'
gs.tTest: no visible binding for global variable 'sd'
gs.tTest: no visible global function definition for 'pt'
gs.zTest: no visible binding for global variable 'sd'
gs.zTest: no visible global function definition for 'pnorm'
heatmap2: no visible binding for global variable 'dist'
heatmap2: no visible binding for global variable 'hclust'
heatmap2: no visible global function definition for 'par'
heatmap2: no visible global function definition for 'median'
heatmap2: no visible binding for global variable 'sd'
heatmap2: no visible global function definition for 'order.dendrogram'
heatmap2: no visible global function definition for 'as.dendrogram'
heatmap2: no visible global function definition for 'reorder'
heatmap2: no visible global function definition for 'layout'
heatmap2: no visible global function definition for 'image'
heatmap2: no visible global function definition for 'axis'
heatmap2: no visible global function definition for 'mtext'
heatmap2: no visible global function definition for 'rect'
heatmap2: no visible global function definition for 'abline'
heatmap2: no visible global function definition for 'lines'
heatmap2: no visible global function definition for 'text'
heatmap2: no visible global function definition for 'plot.new'
heatmap2: no visible global function definition for 'title'
heatmap2: no visible global function definition for 'density'
heatmap2: no visible global function definition for 'hist'
kegg.gsets: no visible global function definition for 'data'
kegg.gsets: no visible binding for global variable 'khier'
kegg.species.code: no visible global function definition for 'data'
kegg.species.code: no visible binding for global variable 'korg.1'
readExpData: no visible global function definition for 'read.delim'
rownorm : <anonymous>: no visible global function definition for 'sd'
sigGeneSet: no visible global function definition for 'pdf'
sigGeneSet: no visible global function definition for 'dev.off'
sym2eg: no visible binding for global variable 'egSymb'
vennDiagram2: no visible global function definition for 'is'
vennDiagram2: no visible global function definition for 'par'
vennDiagram2: no visible global function definition for 'lines'
vennDiagram2: no visible global function definition for 'text'
vennDiagram2: no visible global function definition for 'rect'
vennDiagram2 : printing: no visible global function definition for
  'text'
Undefined global functions or variables:
  abline aggregate annot.db as as.dendrogram axis col2rgb data density
  dev.off dist edgeNames egSymb hclust hist image install.packages is
  khier korg.1 ks.test layout legend lines make.graph median mtext
  nodes order.dendrogram p.adjust par pdf pgamma phyper plot.new pnorm
  points pt qchisq qnorm read.delim rect reorder rgb sd t.test text
  title write.table
Consider adding
  importFrom("grDevices", "col2rgb", "dev.off", "pdf", "rgb")
  importFrom("graphics", "abline", "axis", "hist", "image", "layout",
             "legend", "lines", "mtext", "par", "plot.new", "points",
             "rect", "text", "title")
  importFrom("methods", "as", "is")
  importFrom("stats", "aggregate", "as.dendrogram", "density", "dist",
             "hclust", "ks.test", "median", "order.dendrogram",
             "p.adjust", "pgamma", "phyper", "pnorm", "pt", "qchisq",
             "qnorm", "reorder", "sd", "t.test")
  importFrom("utils", "data", "install.packages", "read.delim",
             "write.table")
to your NAMESPACE file (and ensure that your DESCRIPTION Imports field
contains 'methods').
* checking Rd files ... OK
* checking Rd metadata ... OK
* checking Rd cross-references ... OK
* checking for missing documentation entries ... OK
* checking for code/documentation mismatches ... OK
* checking Rd \usage sections ... OK
* checking Rd contents ... OK
* checking for unstated dependencies in examples ... OK
* checking contents of 'data' directory ... OK
* checking data for non-ASCII characters ... OK
* checking data for ASCII and uncompressed saves ... OK
* checking files in 'vignettes' ... OK
* checking examples ...
** running examples for arch 'i386' ... OK
Examples with CPU (user + system) or elapsed time > 5s
           user system elapsed
kegg.gsets 1.19   0.02    5.71
** running examples for arch 'x64' ... OK
Examples with CPU (user + system) or elapsed time > 5s
           user system elapsed
kegg.gsets    1   0.02    5.39
* checking for unstated dependencies in vignettes ... OK
* checking package vignettes in 'inst/doc' ... OK
* checking running R code from vignettes ... SKIPPED
* checking re-building of vignette outputs ... SKIPPED
* checking PDF version of manual ... OK
* DONE

Status: 1 WARNING, 1 NOTE
See
  'C:/Users/biocbuild/bbs-3.13-bioc/meat/gage.Rcheck/00check.log'
for details.



Installation output

gage.Rcheck/00install.out

##############################################################################
##############################################################################
###
### Running command:
###
###   C:\cygwin\bin\curl.exe -O http://155.52.207.165/BBS/3.13/bioc/src/contrib/gage_2.42.0.tar.gz && rm -rf gage.buildbin-libdir && mkdir gage.buildbin-libdir && C:\Users\biocbuild\bbs-3.13-bioc\R\bin\R.exe CMD INSTALL --merge-multiarch --build --library=gage.buildbin-libdir gage_2.42.0.tar.gz && C:\Users\biocbuild\bbs-3.13-bioc\R\bin\R.exe CMD INSTALL gage_2.42.0.zip && rm gage_2.42.0.tar.gz gage_2.42.0.zip
###
##############################################################################
##############################################################################


  % Total    % Received % Xferd  Average Speed   Time    Time     Time  Current
                                 Dload  Upload   Total   Spent    Left  Speed

  0     0    0     0    0     0      0      0 --:--:-- --:--:-- --:--:--     0
 44 1705k   44  767k    0     0   842k      0  0:00:02 --:--:--  0:00:02  842k
100 1705k  100 1705k    0     0  1455k      0  0:00:01  0:00:01 --:--:-- 1456k

install for i386

* installing *source* package 'gage' ...
** using staged installation
** R
** data
** inst
** byte-compile and prepare package for lazy loading
** help
*** installing help indices
  converting help for package 'gage'
    finding HTML links ... done
    eg2sym                                  html  
    egSymb                                  html  
    essGene                                 html  
    esset.grp                               html  
    gage-internal                           html  
    gage                                    html  
    gageComp                                html  
    gagePipe                                html  
    geneData                                html  
    go.gsets                                html  
    gs.tTest                                html  
    gse16873                                html  
    heter.gage                              html  
    kegg.gs                                 html  
    kegg.gsets                              html  
    readExpData                             html  
    readList                                html  
    sigGeneSet                              html  
** building package indices
** installing vignettes
** testing if installed package can be loaded from temporary location
** testing if installed package can be loaded from final location
** testing if installed package keeps a record of temporary installation path

install for x64

* installing *source* package 'gage' ...
** testing if installed package can be loaded
* MD5 sums
packaged installation of 'gage' as gage_2.42.0.zip
* DONE (gage)
* installing to library 'C:/Users/biocbuild/bbs-3.13-bioc/R/library'
package 'gage' successfully unpacked and MD5 sums checked

Tests output


Example timings

gage.Rcheck/examples_i386/gage-Ex.timings

nameusersystemelapsed
eg2sym1.140.051.19
egSymb0.720.000.72
essGene0.330.010.35
esset.grp1.120.021.14
gage1.630.011.64
gageComp0.700.051.03
gagePipe0.840.010.86
geneData0.240.050.28
go.gsets0.010.000.02
gs.tTest0.220.000.21
gse168730.30.00.3
heter.gage0.430.030.47
kegg.gs0.660.010.67
kegg.gsets1.190.025.71
readExpData0.020.000.10
readList0.340.020.36
sigGeneSet0.970.000.97

gage.Rcheck/examples_x64/gage-Ex.timings

nameusersystemelapsed
eg2sym1.190.191.38
egSymb0.580.110.68
essGene0.330.010.35
esset.grp0.870.050.92
gage1.550.011.56
gageComp0.690.020.71
gagePipe0.720.020.74
geneData0.190.010.20
go.gsets0.010.000.01
gs.tTest0.210.000.21
gse168730.260.020.28
heter.gage0.420.010.44
kegg.gs0.680.000.67
kegg.gsets1.000.025.39
readExpData0.010.000.01
readList0.200.010.22
sigGeneSet0.50.00.5