Back to Multiple platform build/check report for BioC 3.13
ABCDE[F]GHIJKLMNOPQRSTUVWXYZ

This page was generated on 2021-08-02 15:05:42 -0400 (Mon, 02 Aug 2021).

CHECK results for fgga on machv2

To the developers/maintainers of the fgga package:
- Please allow up to 24 hours (and sometimes 48 hours) for your latest push to git@git.bioconductor.org:packages/fgga.git to
reflect on this report. See How and When does the builder pull? When will my changes propagate? here for more information.
- Make sure to use the following settings in order to reproduce any error or warning you see on this page.

raw results

Package 630/2041HostnameOS / ArchINSTALLBUILDCHECKBUILD BIN
fgga 1.0.0  (landing page)
Spetale Flavio
Snapshot Date: 2021-08-01 04:50:10 -0400 (Sun, 01 Aug 2021)
URL: https://git.bioconductor.org/packages/fgga
Branch: RELEASE_3_13
Last Commit: aefd8a8
Last Changed Date: 2021-05-19 13:03:00 -0400 (Wed, 19 May 2021)
nebbiolo1Linux (Ubuntu 20.04.2 LTS) / x86_64  OK    OK    OK  UNNEEDED, same version is already published
tokay2Windows Server 2012 R2 Standard / x64  OK    OK    OK    OK  UNNEEDED, same version is already published
machv2macOS 10.14.6 Mojave / x86_64  OK    OK    WARNINGS    OK  UNNEEDED, same version is already published

Summary

Package: fgga
Version: 1.0.0
Command: /Library/Frameworks/R.framework/Versions/Current/Resources/bin/R CMD check --install=check:fgga.install-out.txt --library=/Library/Frameworks/R.framework/Versions/Current/Resources/library --no-vignettes --timings fgga_1.0.0.tar.gz
StartedAt: 2021-08-01 18:35:34 -0400 (Sun, 01 Aug 2021)
EndedAt: 2021-08-01 18:37:56 -0400 (Sun, 01 Aug 2021)
EllapsedTime: 142.3 seconds
RetCode: 0
Status:   WARNINGS  
CheckDir: fgga.Rcheck
Warnings: 1

Command output

##############################################################################
##############################################################################
###
### Running command:
###
###   /Library/Frameworks/R.framework/Versions/Current/Resources/bin/R CMD check --install=check:fgga.install-out.txt --library=/Library/Frameworks/R.framework/Versions/Current/Resources/library --no-vignettes --timings fgga_1.0.0.tar.gz
###
##############################################################################
##############################################################################


* using log directory ‘/Users/biocbuild/bbs-3.13-bioc/meat/fgga.Rcheck’
* using R version 4.1.0 (2021-05-18)
* using platform: x86_64-apple-darwin17.0 (64-bit)
* using session charset: UTF-8
* using option ‘--no-vignettes’
* checking for file ‘fgga/DESCRIPTION’ ... OK
* checking extension type ... Package
* this is package ‘fgga’ version ‘1.0.0’
* package encoding: UTF-8
* checking package namespace information ... OK
* checking package dependencies ... OK
* checking if this is a source package ... OK
* checking if there is a namespace ... OK
* checking for hidden files and directories ... OK
* checking for portable file names ... OK
* checking for sufficient/correct file permissions ... OK
* checking whether package ‘fgga’ can be installed ... WARNING
Found the following significant warnings:
  Warning: DEPRECATION: As of BiocFileCache (>1.15.1), default caching location has changed.
See ‘/Users/biocbuild/bbs-3.13-bioc/meat/fgga.Rcheck/00install.out’ for details.
* checking installed package size ... OK
* checking package directory ... OK
* checking ‘build’ directory ... OK
* checking DESCRIPTION meta-information ... OK
* checking top-level files ... OK
* checking for left-over files ... OK
* checking index information ... OK
* checking package subdirectories ... OK
* checking R files for non-ASCII characters ... OK
* checking R files for syntax errors ... OK
* checking whether the package can be loaded ... OK
* checking whether the package can be loaded with stated dependencies ... OK
* checking whether the package can be unloaded cleanly ... OK
* checking whether the namespace can be loaded with stated dependencies ... NOTE
Warning: DEPRECATION: As of BiocFileCache (>1.15.1), default caching location has changed.
  Problematic cache: /Users/biocbuild/Library/Caches/BiocFileCache
  See https://www.bioconductor.org/packages/devel/bioc/vignettes/BiocFileCache/inst/doc/BiocFileCache.html#default-caching-location-update


A namespace must be able to be loaded with just the base namespace
loaded: otherwise if the namespace gets loaded by a saved object, the
session will be unable to start.

Probably some imports need to be declared in the NAMESPACE file.
* checking whether the namespace can be unloaded cleanly ... OK
* checking dependencies in R code ... OK
* checking S3 generic/method consistency ... OK
* checking replacement functions ... OK
* checking foreign function calls ... OK
* checking R code for possible problems ... OK
* checking Rd files ... OK
* checking Rd metadata ... OK
* checking Rd cross-references ... OK
* checking for missing documentation entries ... OK
* checking for code/documentation mismatches ... OK
* checking Rd \usage sections ... OK
* checking Rd contents ... OK
* checking for unstated dependencies in examples ... OK
* checking contents of ‘data’ directory ... OK
* checking data for non-ASCII characters ... OK
* checking data for ASCII and uncompressed saves ... OK
* checking files in ‘vignettes’ ... OK
* checking examples ... OK
Examples with CPU (user + system) or elapsed time > 5s
          user system elapsed
svmGO    9.603  0.087   9.694
svmTrain 9.009  0.064   9.079
* checking for unstated dependencies in ‘tests’ ... OK
* checking tests ...
  Running ‘runTests.R’
 OK
* checking for unstated dependencies in vignettes ... OK
* checking package vignettes in ‘inst/doc’ ... OK
* checking running R code from vignettes ... SKIPPED
* checking re-building of vignette outputs ... SKIPPED
* checking PDF version of manual ... OK
* DONE

Status: 1 WARNING, 1 NOTE
See
  ‘/Users/biocbuild/bbs-3.13-bioc/meat/fgga.Rcheck/00check.log’
for details.



Installation output

fgga.Rcheck/00install.out

##############################################################################
##############################################################################
###
### Running command:
###
###   /Library/Frameworks/R.framework/Versions/Current/Resources/bin/R CMD INSTALL fgga
###
##############################################################################
##############################################################################


* installing to library ‘/Library/Frameworks/R.framework/Versions/4.1/Resources/library’
* installing *source* package ‘fgga’ ...
** using staged installation
** R
** data
** inst
** byte-compile and prepare package for lazy loading
** help
*** installing help indices
** building package indices
** installing vignettes
** testing if installed package can be loaded from temporary location
Warning: DEPRECATION: As of BiocFileCache (>1.15.1), default caching location has changed.
  Problematic cache: /Users/biocbuild/Library/Caches/BiocFileCache
  See https://www.bioconductor.org/packages/devel/bioc/vignettes/BiocFileCache/inst/doc/BiocFileCache.html#default-caching-location-update

** testing if installed package can be loaded from final location
Warning: DEPRECATION: As of BiocFileCache (>1.15.1), default caching location has changed.
  Problematic cache: /Users/biocbuild/Library/Caches/BiocFileCache
  See https://www.bioconductor.org/packages/devel/bioc/vignettes/BiocFileCache/inst/doc/BiocFileCache.html#default-caching-location-update

** testing if installed package keeps a record of temporary installation path
* DONE (fgga)

Tests output

fgga.Rcheck/tests/runTests.Rout


R version 4.1.0 (2021-05-18) -- "Camp Pontanezen"
Copyright (C) 2021 The R Foundation for Statistical Computing
Platform: x86_64-apple-darwin17.0 (64-bit)

R is free software and comes with ABSOLUTELY NO WARRANTY.
You are welcome to redistribute it under certain conditions.
Type 'license()' or 'licence()' for distribution details.

R is a collaborative project with many contributors.
Type 'contributors()' for more information and
'citation()' on how to cite R or R packages in publications.

Type 'demo()' for some demos, 'help()' for on-line help, or
'help.start()' for an HTML browser interface to help.
Type 'q()' to quit R.

> BiocGenerics:::testPackage("fgga")

Attaching package: 'BiocGenerics'

The following objects are masked from 'package:parallel':

    clusterApply, clusterApplyLB, clusterCall, clusterEvalQ,
    clusterExport, clusterMap, parApply, parCapply, parLapply,
    parLapplyLB, parRapply, parSapply, parSapplyLB

The following objects are masked from 'package:stats':

    IQR, mad, sd, var, xtabs

The following objects are masked from 'package:base':

    Filter, Find, Map, Position, Reduce, anyDuplicated, append,
    as.data.frame, basename, cbind, colnames, dirname, do.call,
    duplicated, eval, evalq, get, grep, grepl, intersect, is.unsorted,
    lapply, mapply, match, mget, order, paste, pmax, pmax.int, pmin,
    pmin.int, rank, rbind, rownames, sapply, setdiff, sort, table,
    tapply, union, unique, unsplit, which.max, which.min

GO-term: GO:0000166
GO-term: GO:0003674
GO-term: GO:0003676
GO-term: GO:0003677
GO-term: GO:0003824
GO-term: GO:0004888
GO-term: GO:0005102
GO-term: GO:1901363
GO-term: GO:1902494
GO-term: GO:1990234
GO-term: GO:FES
GO-term:GO:0000166
GO-term:GO:0003674
GO-term:GO:0003676
GO-term:GO:0003677
GO-term:GO:0003824
GO-term:GO:0004888
GO-term:GO:0005102
GO-term:GO:1901363
GO-term:GO:1902494
GO-term:GO:1990234
GO-term:GO:FES
GO-term: GO:0001
GO-term: GO:0002
GO-term: GO:0003
GO-term: GO:0004
GO-term: GO:0005
GO-term: GO:FES
GO-term: GO:0007
GO-term: GO:0008
GO-term: GO:0009


RUNIT TEST PROTOCOL -- Sun Aug  1 18:37:49 2021 
*********************************************** 
Number of test functions: 8 
Number of errors: 0 
Number of failures: 0 

 
1 Test Suite : 
fgga RUnit Tests - 8 test functions, 0 errors, 0 failures
Number of test functions: 8 
Number of errors: 0 
Number of failures: 0 
Warning message:
DEPRECATION: As of BiocFileCache (>1.15.1), default caching location has changed.
  Problematic cache: /Users/biocbuild/Library/Caches/BiocFileCache
  See https://www.bioconductor.org/packages/devel/bioc/vignettes/BiocFileCache/inst/doc/BiocFileCache.html#default-caching-location-update
 
> 
> proc.time()
   user  system elapsed 
  6.450   0.349   6.785 

Example timings

fgga.Rcheck/fgga-Ex.timings

nameusersystemelapsed
CfData0.1310.0160.146
createFolds0.1400.0630.204
fgga4.4180.1564.577
fgga2bipartite0.2270.0400.269
preCoreFG0.1270.0050.131
sumProduct2.7050.1292.901
svmGO9.6030.0879.694
svmTrain9.0090.0649.079
tableTPG0.0010.0010.002
varianceGO2.1000.0472.149