Back to Multiple platform build/check report for BioC 3.19:   simplified   long
ABCD[E]FGHIJKLMNOPQRSTUVWXYZ

This page was generated on 2024-06-21 17:38 -0400 (Fri, 21 Jun 2024).

HostnameOSArch (*)R versionInstalled pkgs
nebbiolo1Linux (Ubuntu 22.04.3 LTS)x86_644.4.0 (2024-04-24) -- "Puppy Cup" 4758
palomino3Windows Server 2022 Datacenterx644.4.0 (2024-04-24 ucrt) -- "Puppy Cup" 4492
merida1macOS 12.7.4 Montereyx86_644.4.0 (2024-04-24) -- "Puppy Cup" 4506
kjohnson1macOS 13.6.6 Venturaarm644.4.0 (2024-04-24) -- "Puppy Cup" 4464
Click on any hostname to see more info about the system (e.g. compilers)      (*) as reported by 'uname -p', except on Windows and Mac OS X

Package 638/2300HostnameOS / ArchINSTALLBUILDCHECKBUILD BIN
eegc 1.30.0  (landing page)
Xiaoyuan Zhou
Snapshot Date: 2024-06-19 14:00 -0400 (Wed, 19 Jun 2024)
git_url: https://git.bioconductor.org/packages/eegc
git_branch: RELEASE_3_19
git_last_commit: d61283d
git_last_commit_date: 2024-04-30 10:53:13 -0400 (Tue, 30 Apr 2024)
nebbiolo1Linux (Ubuntu 22.04.3 LTS) / x86_64  OK    OK    ERROR  
palomino3Windows Server 2022 Datacenter / x64  OK    OK    WARNINGS    OK  UNNEEDED, same version is already published
merida1macOS 12.7.4 Monterey / x86_64  OK    OK    WARNINGS    OK  UNNEEDED, same version is already published
kjohnson1macOS 13.6.6 Ventura / arm64  OK    OK    WARNINGS    OK  UNNEEDED, same version is already published


CHECK results for eegc on nebbiolo1

To the developers/maintainers of the eegc package:
- Allow up to 24 hours (and sometimes 48 hours) for your latest push to git@git.bioconductor.org:packages/eegc.git to reflect on this report. See Troubleshooting Build Report for more information.
- Use the following Renviron settings to reproduce errors and warnings.
- If 'R CMD check' started to fail recently on the Linux builder(s) over a missing dependency, add the missing dependency to 'Suggests:' in your DESCRIPTION file. See Renviron.bioc for more information.

raw results


Summary

Package: eegc
Version: 1.30.0
Command: /home/biocbuild/bbs-3.19-bioc/R/bin/R CMD check --install=check:eegc.install-out.txt --library=/home/biocbuild/bbs-3.19-bioc/R/site-library --timings eegc_1.30.0.tar.gz
StartedAt: 2024-06-19 22:49:28 -0400 (Wed, 19 Jun 2024)
EndedAt: 2024-06-19 22:57:06 -0400 (Wed, 19 Jun 2024)
EllapsedTime: 457.9 seconds
RetCode: 1
Status:   ERROR  
CheckDir: eegc.Rcheck
Warnings: NA

Command output

##############################################################################
##############################################################################
###
### Running command:
###
###   /home/biocbuild/bbs-3.19-bioc/R/bin/R CMD check --install=check:eegc.install-out.txt --library=/home/biocbuild/bbs-3.19-bioc/R/site-library --timings eegc_1.30.0.tar.gz
###
##############################################################################
##############################################################################


* using log directory ‘/home/biocbuild/bbs-3.19-bioc/meat/eegc.Rcheck’
* using R version 4.4.0 (2024-04-24)
* using platform: x86_64-pc-linux-gnu
* R was compiled by
    gcc (Ubuntu 11.4.0-1ubuntu1~22.04) 11.4.0
    GNU Fortran (Ubuntu 11.4.0-1ubuntu1~22.04) 11.4.0
* running under: Ubuntu 22.04.4 LTS
* using session charset: UTF-8
* checking for file ‘eegc/DESCRIPTION’ ... OK
* checking extension type ... Package
* this is package ‘eegc’ version ‘1.30.0’
* checking package namespace information ... OK
* checking package dependencies ... OK
* checking if this is a source package ... OK
* checking if there is a namespace ... OK
* checking for hidden files and directories ... OK
* checking for portable file names ... OK
* checking for sufficient/correct file permissions ... OK
* checking whether package ‘eegc’ can be installed ... OK
* checking installed package size ... NOTE
  installed size is 10.5Mb
  sub-directories of 1Mb or more:
    data   9.9Mb
* checking package directory ... OK
* checking ‘build’ directory ... OK
* checking DESCRIPTION meta-information ... OK
* checking top-level files ... OK
* checking for left-over files ... OK
* checking index information ... OK
* checking package subdirectories ... OK
* checking code files for non-ASCII characters ... OK
* checking R files for syntax errors ... OK
* checking whether the package can be loaded ... OK
* checking whether the package can be loaded with stated dependencies ... OK
* checking whether the package can be unloaded cleanly ... OK
* checking whether the namespace can be loaded with stated dependencies ... OK
* checking whether the namespace can be unloaded cleanly ... OK
* checking loading without being on the library search path ... OK
* checking whether startup messages can be suppressed ... OK
* checking dependencies in R code ... OK
* checking S3 generic/method consistency ... OK
* checking replacement functions ... OK
* checking foreign function calls ... OK
* checking R code for possible problems ... NOTE
categorizeGene : <anonymous>: no visible global function definition for
  ‘quantile’
densityPlot: no visible binding for global variable ‘density’
densityPlot: no visible global function definition for ‘lines’
densityPlot: no visible global function definition for ‘axis’
densityPlot: no visible global function definition for ‘adjustcolor’
densityPlot: no visible global function definition for ‘legend’
densityPlot : <anonymous>: no visible global function definition for
  ‘quantile’
densityPlot: no visible global function definition for ‘text’
densityPlot: no visible global function definition for ‘dev.copy2pdf’
diffGene: no visible global function definition for ‘model.matrix’
diffGene: no visible binding for global variable ‘treat’
diffGene: no visible binding for global variable ‘control’
diffGene: no visible global function definition for ‘results’
diffGene: no visible global function definition for ‘p.adjust’
dotPercentage: no visible global function definition for ‘lines’
dotPercentage: no visible global function definition for ‘axis’
dotPercentage: no visible global function definition for ‘text’
dotPercentage: no visible global function definition for ‘par’
enrichment : enrichment : <anonymous>: no visible global function
  definition for ‘phyper’
enrichment : enrichment: no visible global function definition for
  ‘p.adjust’
functionEnrich: no visible global function definition for ‘is’
grnPlot: no visible global function definition for ‘title’
grnPlot: no visible global function definition for ‘legend’
markerScatter: no visible global function definition for
  ‘colorRampPalette’
markerScatter: no visible global function definition for ‘points’
markerScatter: no visible global function definition for ‘lm’
markerScatter: no visible global function definition for ‘abline’
markerScatter: no visible global function definition for ‘text’
markerScatter: no visible global function definition for ‘legend’
Undefined global functions or variables:
  abline adjustcolor axis colorRampPalette control density dev.copy2pdf
  is legend lines lm model.matrix p.adjust par phyper points quantile
  results text title treat
Consider adding
  importFrom("grDevices", "adjustcolor", "colorRampPalette",
             "dev.copy2pdf")
  importFrom("graphics", "abline", "axis", "legend", "lines", "par",
             "points", "text", "title")
  importFrom("methods", "is")
  importFrom("stats", "density", "lm", "model.matrix", "p.adjust",
             "phyper", "quantile")
to your NAMESPACE file (and ensure that your DESCRIPTION Imports field
contains 'methods').
* checking Rd files ... OK
* checking Rd metadata ... OK
* checking Rd cross-references ... WARNING
Missing link or links in Rd file 'barplotEnrich.Rd':
  ‘[DOSE]{barplot.enrichResult}’

See section 'Cross-references' in the 'Writing R Extensions' manual.
* checking for missing documentation entries ... OK
* checking for code/documentation mismatches ... OK
* checking Rd \usage sections ... OK
* checking Rd contents ... OK
* checking for unstated dependencies in examples ... OK
* checking contents of ‘data’ directory ... OK
* checking data for non-ASCII characters ... OK
* checking LazyData ... WARNING
  LazyData DB of 9.8 MB without LazyDataCompression set
  See §1.1.6 of 'Writing R Extensions'
* checking data for ASCII and uncompressed saves ... OK
* checking installed files from ‘inst/doc’ ... OK
* checking files in ‘vignettes’ ... OK
* checking examples ... OK
Examples with CPU (user + system) or elapsed time > 5s
                  user system elapsed
functionEnrich 195.964   4.42 206.805
* checking for unstated dependencies in vignettes ... OK
* checking package vignettes ... OK
* checking re-building of vignette outputs ... ERROR
Error(s) in re-building vignettes:
  ...
--- re-building ‘eegc.Rnw’ using knitr

Quitting from lines 27-28 [style] (eegc.Rnw)
Error: processing vignette 'eegc.Rnw' failed with diagnostics:
there is no package called 'BiocStyle'
--- failed re-building ‘eegc.Rnw’

SUMMARY: processing the following file failed:
  ‘eegc.Rnw’

Error: Vignette re-building failed.
Execution halted

* checking PDF version of manual ... OK
* DONE

Status: 1 ERROR, 2 WARNINGs, 2 NOTEs
See
  ‘/home/biocbuild/bbs-3.19-bioc/meat/eegc.Rcheck/00check.log’
for details.


Installation output

eegc.Rcheck/00install.out

##############################################################################
##############################################################################
###
### Running command:
###
###   /home/biocbuild/bbs-3.19-bioc/R/bin/R CMD INSTALL eegc
###
##############################################################################
##############################################################################


* installing to library ‘/home/biocbuild/bbs-3.19-bioc/R/site-library’
* installing *source* package ‘eegc’ ...
** using staged installation
** R
** data
*** moving datasets to lazyload DB
** inst
** byte-compile and prepare package for lazy loading
** help
*** installing help indices
** building package indices
** installing vignettes
** testing if installed package can be loaded from temporary location
Warning in fun(libname, pkgname) :
  Package 'eegc' is deprecated and will be removed from Bioconductor
  version 3.20
** testing if installed package can be loaded from final location
Warning in fun(libname, pkgname) :
  Package 'eegc' is deprecated and will be removed from Bioconductor
  version 3.20
** testing if installed package keeps a record of temporary installation path
* DONE (eegc)

Tests output


Example timings

eegc.Rcheck/eegc-Ex.timings

nameusersystemelapsed
barplotEnrich0.0010.0000.000
categorizeGene0.0430.0120.055
densityPlot0.0030.0000.004
diffGene1.1410.1281.268
dotPercentage0.0020.0000.002
enrichment2.7890.1682.956
functionEnrich195.964 4.420206.805
grnPlot000
heatmapPlot0.2260.0040.230
markerScatter0.2370.0000.237
networkAnalyze0.1070.0000.107