Back to Multiple platform build/check report for BioC 3.13
ABCD[E]FGHIJKLMNOPQRSTUVWXYZ

This page was generated on 2021-09-13 15:06:55 -0400 (Mon, 13 Sep 2021).

CHECK results for eegc on machv2

To the developers/maintainers of the eegc package:
- Please allow up to 24 hours (and sometimes 48 hours) for your latest push to git@git.bioconductor.org:packages/eegc.git to
reflect on this report. See How and When does the builder pull? When will my changes propagate? here for more information.
- Make sure to use the following settings in order to reproduce any error or warning you see on this page.

raw results

Package 558/2041HostnameOS / ArchINSTALLBUILDCHECKBUILD BIN
eegc 1.18.0  (landing page)
Xiaoyuan Zhou
Snapshot Date: 2021-09-12 04:50:10 -0400 (Sun, 12 Sep 2021)
git_url: https://git.bioconductor.org/packages/eegc
git_branch: RELEASE_3_13
git_last_commit: d0acc6a
git_last_commit_date: 2021-05-19 12:22:38 -0400 (Wed, 19 May 2021)
nebbiolo1Linux (Ubuntu 20.04.2 LTS) / x86_64  OK    OK    WARNINGS  UNNEEDED, same version is already published
tokay2Windows Server 2012 R2 Standard / x64  OK    OK    WARNINGS    OK  UNNEEDED, same version is already published
machv2macOS 10.14.6 Mojave / x86_64  OK    OK    WARNINGS    OK  UNNEEDED, same version is already published

Summary

Package: eegc
Version: 1.18.0
Command: /Library/Frameworks/R.framework/Versions/Current/Resources/bin/R CMD check --install=check:eegc.install-out.txt --library=/Library/Frameworks/R.framework/Versions/Current/Resources/library --no-vignettes --timings eegc_1.18.0.tar.gz
StartedAt: 2021-09-12 18:37:55 -0400 (Sun, 12 Sep 2021)
EndedAt: 2021-09-12 18:48:12 -0400 (Sun, 12 Sep 2021)
EllapsedTime: 616.7 seconds
RetCode: 0
Status:   WARNINGS  
CheckDir: eegc.Rcheck
Warnings: 2

Command output

##############################################################################
##############################################################################
###
### Running command:
###
###   /Library/Frameworks/R.framework/Versions/Current/Resources/bin/R CMD check --install=check:eegc.install-out.txt --library=/Library/Frameworks/R.framework/Versions/Current/Resources/library --no-vignettes --timings eegc_1.18.0.tar.gz
###
##############################################################################
##############################################################################


* using log directory ‘/Users/biocbuild/bbs-3.13-bioc/meat/eegc.Rcheck’
* using R version 4.1.1 (2021-08-10)
* using platform: x86_64-apple-darwin17.0 (64-bit)
* using session charset: UTF-8
* using option ‘--no-vignettes’
* checking for file ‘eegc/DESCRIPTION’ ... OK
* checking extension type ... Package
* this is package ‘eegc’ version ‘1.18.0’
* checking package namespace information ... OK
* checking package dependencies ... OK
* checking if this is a source package ... OK
* checking if there is a namespace ... OK
* checking for hidden files and directories ... NOTE
Found the following hidden files and directories:
  .git_fetch_output.txt
  .git_merge_output.txt
These were most likely included in error. See section ‘Package
structure’ in the ‘Writing R Extensions’ manual.
* checking for portable file names ... OK
* checking for sufficient/correct file permissions ... OK
* checking whether package ‘eegc’ can be installed ... OK
* checking installed package size ... NOTE
  installed size is 11.6Mb
  sub-directories of 1Mb or more:
    data  11.0Mb
* checking package directory ... OK
* checking ‘build’ directory ... OK
* checking DESCRIPTION meta-information ... OK
* checking top-level files ... OK
* checking for left-over files ... OK
* checking index information ... OK
* checking package subdirectories ... OK
* checking R files for non-ASCII characters ... OK
* checking R files for syntax errors ... OK
* checking whether the package can be loaded ... OK
* checking whether the package can be loaded with stated dependencies ... OK
* checking whether the package can be unloaded cleanly ... OK
* checking whether the namespace can be loaded with stated dependencies ... OK
* checking whether the namespace can be unloaded cleanly ... OK
* checking dependencies in R code ... OK
* checking S3 generic/method consistency ... OK
* checking replacement functions ... OK
* checking foreign function calls ... OK
* checking R code for possible problems ... NOTE
categorizeGene : <anonymous>: no visible global function definition for
  ‘quantile’
densityPlot: no visible binding for global variable ‘density’
densityPlot: no visible global function definition for ‘lines’
densityPlot: no visible global function definition for ‘axis’
densityPlot: no visible global function definition for ‘adjustcolor’
densityPlot: no visible global function definition for ‘legend’
densityPlot : <anonymous>: no visible global function definition for
  ‘quantile’
densityPlot: no visible global function definition for ‘text’
densityPlot: no visible global function definition for ‘dev.copy2pdf’
diffGene: no visible global function definition for ‘model.matrix’
diffGene: no visible binding for global variable ‘treat’
diffGene: no visible binding for global variable ‘control’
diffGene: no visible global function definition for ‘results’
diffGene: no visible global function definition for ‘p.adjust’
dotPercentage: no visible global function definition for ‘lines’
dotPercentage: no visible global function definition for ‘axis’
dotPercentage: no visible global function definition for ‘text’
dotPercentage: no visible global function definition for ‘par’
enrichment : enrichment : <anonymous>: no visible global function
  definition for ‘phyper’
enrichment : enrichment: no visible global function definition for
  ‘p.adjust’
grnPlot: no visible global function definition for ‘title’
grnPlot: no visible global function definition for ‘legend’
markerScatter: no visible global function definition for
  ‘colorRampPalette’
markerScatter: no visible global function definition for ‘points’
markerScatter: no visible global function definition for ‘lm’
markerScatter: no visible global function definition for ‘abline’
markerScatter: no visible global function definition for ‘text’
markerScatter: no visible global function definition for ‘legend’
Undefined global functions or variables:
  abline adjustcolor axis colorRampPalette control density dev.copy2pdf
  legend lines lm model.matrix p.adjust par phyper points quantile
  results text title treat
Consider adding
  importFrom("grDevices", "adjustcolor", "colorRampPalette",
             "dev.copy2pdf")
  importFrom("graphics", "abline", "axis", "legend", "lines", "par",
             "points", "text", "title")
  importFrom("stats", "density", "lm", "model.matrix", "p.adjust",
             "phyper", "quantile")
to your NAMESPACE file.
* checking Rd files ... OK
* checking Rd metadata ... OK
* checking Rd cross-references ... WARNING
Missing link or links in documentation object 'barplotEnrich.Rd':
  ‘[DOSE]{barplot.enrichResult}’

See section 'Cross-references' in the 'Writing R Extensions' manual.
* checking for missing documentation entries ... OK
* checking for code/documentation mismatches ... OK
* checking Rd \usage sections ... OK
* checking Rd contents ... OK
* checking for unstated dependencies in examples ... OK
* checking contents of ‘data’ directory ... OK
* checking data for non-ASCII characters ... OK
* checking LazyData ... WARNING
  LazyData DB of 10.5 MB without LazyDataCompression set
  See §1.1.6 of 'Writing R Extensions'
* checking data for ASCII and uncompressed saves ... OK
* checking sizes of PDF files under ‘inst/doc’ ... OK
* checking installed files from ‘inst/doc’ ... OK
* checking files in ‘vignettes’ ... OK
* checking examples ... OK
Examples with CPU (user + system) or elapsed time > 5s
                  user system elapsed
functionEnrich 285.118 14.607 304.812
* checking for unstated dependencies in vignettes ... NOTE
'::' or ':::' import not declared from: ‘BiocStyle’
* checking package vignettes in ‘inst/doc’ ... OK
* checking running R code from vignettes ... SKIPPED
* checking re-building of vignette outputs ... SKIPPED
* checking PDF version of manual ... OK
* DONE

Status: 2 WARNINGs, 4 NOTEs
See
  ‘/Users/biocbuild/bbs-3.13-bioc/meat/eegc.Rcheck/00check.log’
for details.



Installation output

eegc.Rcheck/00install.out

##############################################################################
##############################################################################
###
### Running command:
###
###   /Library/Frameworks/R.framework/Versions/Current/Resources/bin/R CMD INSTALL eegc
###
##############################################################################
##############################################################################


* installing to library ‘/Library/Frameworks/R.framework/Versions/4.1/Resources/library’
* installing *source* package ‘eegc’ ...
** using staged installation
** R
** data
*** moving datasets to lazyload DB
** inst
** byte-compile and prepare package for lazy loading
** help
*** installing help indices
** building package indices
** installing vignettes
   ‘eegc.Rnw’ 
** testing if installed package can be loaded from temporary location
** testing if installed package can be loaded from final location
** testing if installed package keeps a record of temporary installation path
* DONE (eegc)

Tests output


Example timings

eegc.Rcheck/eegc-Ex.timings

nameusersystemelapsed
barplotEnrich000
categorizeGene0.0540.0070.061
densityPlot0.0030.0010.005
diffGene0.4920.0400.532
dotPercentage0.0030.0020.005
enrichment3.2750.0843.365
functionEnrich285.118 14.607304.812
grnPlot0.0000.0010.000
heatmapPlot0.4060.0050.412
markerScatter0.3770.0080.385
networkAnalyze0.1190.0030.122