Back to Multiple platform build/check report for BioC 3.19:   simplified   long
AB[C]DEFGHIJKLMNOPQRSTUVWXYZ

This page was generated on 2024-07-16 17:40 -0400 (Tue, 16 Jul 2024).

HostnameOSArch (*)R versionInstalled pkgs
nebbiolo1Linux (Ubuntu 22.04.3 LTS)x86_644.4.1 (2024-06-14) -- "Race for Your Life" 4742
palomino7Windows Server 2022 Datacenterx644.4.1 (2024-06-14 ucrt) -- "Race for Your Life" 4484
merida1macOS 12.7.4 Montereyx86_644.4.1 (2024-06-14) -- "Race for Your Life" 4513
kjohnson1macOS 13.6.6 Venturaarm644.4.1 (2024-06-14) -- "Race for Your Life" 4462
Click on any hostname to see more info about the system (e.g. compilers)      (*) as reported by 'uname -p', except on Windows and Mac OS X

Package 479/2300HostnameOS / ArchINSTALLBUILDCHECKBUILD BIN
cTRAP 1.22.0  (landing page)
Nuno Saraiva-Agostinho
Snapshot Date: 2024-07-14 14:00 -0400 (Sun, 14 Jul 2024)
git_url: https://git.bioconductor.org/packages/cTRAP
git_branch: RELEASE_3_19
git_last_commit: 3cc210c
git_last_commit_date: 2024-04-30 11:10:28 -0400 (Tue, 30 Apr 2024)
nebbiolo1Linux (Ubuntu 22.04.3 LTS) / x86_64  OK    OK    ERROR  
palomino7Windows Server 2022 Datacenter / x64  OK    OK    OK    OK  
merida1macOS 12.7.4 Monterey / x86_64  OK    OK    ERROR    OK  
kjohnson1macOS 13.6.6 Ventura / arm64  OK    OK    OK    OK  UNNEEDED, same version is already published


CHECK results for cTRAP on merida1

To the developers/maintainers of the cTRAP package:
- Allow up to 24 hours (and sometimes 48 hours) for your latest push to git@git.bioconductor.org:packages/cTRAP.git to reflect on this report. See Troubleshooting Build Report for more information.
- Use the following Renviron settings to reproduce errors and warnings.
- If 'R CMD check' started to fail recently on the Linux builder(s) over a missing dependency, add the missing dependency to 'Suggests:' in your DESCRIPTION file. See Renviron.bioc for more information.

raw results


Summary

Package: cTRAP
Version: 1.22.0
Command: /Library/Frameworks/R.framework/Resources/bin/R CMD check --install=check:cTRAP.install-out.txt --library=/Library/Frameworks/R.framework/Resources/library --no-vignettes --timings cTRAP_1.22.0.tar.gz
StartedAt: 2024-07-15 02:48:36 -0400 (Mon, 15 Jul 2024)
EndedAt: 2024-07-15 02:58:43 -0400 (Mon, 15 Jul 2024)
EllapsedTime: 607.4 seconds
RetCode: 1
Status:   ERROR  
CheckDir: cTRAP.Rcheck
Warnings: NA

Command output

##############################################################################
##############################################################################
###
### Running command:
###
###   /Library/Frameworks/R.framework/Resources/bin/R CMD check --install=check:cTRAP.install-out.txt --library=/Library/Frameworks/R.framework/Resources/library --no-vignettes --timings cTRAP_1.22.0.tar.gz
###
##############################################################################
##############################################################################


* using log directory ‘/Users/biocbuild/bbs-3.19-bioc/meat/cTRAP.Rcheck’
* using R version 4.4.1 (2024-06-14)
* using platform: x86_64-apple-darwin20
* R was compiled by
    Apple clang version 14.0.0 (clang-1400.0.29.202)
    GNU Fortran (GCC) 12.2.0
* running under: macOS Monterey 12.7.5
* using session charset: UTF-8
* using option ‘--no-vignettes’
* checking for file ‘cTRAP/DESCRIPTION’ ... OK
* this is package ‘cTRAP’ version ‘1.22.0’
* package encoding: UTF-8
* checking package namespace information ... OK
* checking package dependencies ... OK
* checking if this is a source package ... OK
* checking if there is a namespace ... OK
* checking for hidden files and directories ... NOTE
Found the following hidden files and directories:
  .devcontainer
These were most likely included in error. See section ‘Package
structure’ in the ‘Writing R Extensions’ manual.
* checking for portable file names ... OK
* checking for sufficient/correct file permissions ... OK
* checking whether package ‘cTRAP’ can be installed ... OK
* checking installed package size ... NOTE
  installed size is  5.0Mb
  sub-directories of 1Mb or more:
    data   4.3Mb
* checking package directory ... OK
* checking DESCRIPTION meta-information ... NOTE
License stub is invalid DCF.
* checking top-level files ... OK
* checking for left-over files ... OK
* checking index information ... OK
* checking package subdirectories ... OK
* checking code files for non-ASCII characters ... OK
* checking R files for syntax errors ... OK
* checking whether the package can be loaded ... OK
* checking whether the package can be loaded with stated dependencies ... OK
* checking whether the package can be unloaded cleanly ... OK
* checking whether the namespace can be loaded with stated dependencies ... OK
* checking whether the namespace can be unloaded cleanly ... OK
* checking dependencies in R code ... OK
* checking S3 generic/method consistency ... OK
* checking replacement functions ... OK
* checking foreign function calls ... OK
* checking R code for possible problems ... NOTE
Found the following possibly unsafe calls:
File ‘cTRAP/R/shinyInterface_session.R’:
  assignInNamespace("dataTablesFilter", dt_mod, "DT")

plotComparison: no visible binding for global variable ‘.data’
plotMetricDistribution: no visible binding for global variable ‘.data’
plotSingleCorr: no visible binding for global variable ‘.data’
plotTargetingDrug: no visible binding for global variable ‘.data’
plotTargetingDrugsVSsimilarPerturbations: no visible binding for global
  variable ‘.data’
Undefined global functions or variables:
  .data
* checking Rd files ... OK
* checking Rd metadata ... OK
* checking Rd cross-references ... OK
* checking for missing documentation entries ... OK
* checking for code/documentation mismatches ... OK
* checking Rd \usage sections ... NOTE
Documented arguments not in \usage in Rd file 'compareWithAllMethods.Rd':
  ‘rankByAscending’

Functions with \usage entries need to have the appropriate \alias
entries, and all their arguments documented.
The \usage entries must correspond to syntactically valid R code.
See chapter ‘Writing R documentation files’ in the ‘Writing R
Extensions’ manual.
* checking Rd contents ... OK
* checking for unstated dependencies in examples ... OK
* checking contents of ‘data’ directory ... OK
* checking data for non-ASCII characters ... NOTE
  Note: found 1 marked UTF-8 string
* checking LazyData ... OK
* checking data for ASCII and uncompressed saves ... OK
* checking R/sysdata.rda ... OK
* checking files in ‘vignettes’ ... OK
* checking examples ... ERROR
Running examples in ‘cTRAP-Ex.R’ failed
The error most likely occurred in:

> base::assign(".ptime", proc.time(), pos = "CheckExEnv")
> ### Name: convertGeneIdentifiers
> ### Title: Convert gene identifiers
> ### Aliases: convertGeneIdentifiers
> 
> ### ** Examples
> 
> genes <- c("ENSG00000012048", "ENSG00000083093", "ENSG00000141510",
+            "ENSG00000051180")
> convertGeneIdentifiers(genes)
loading from cache
Warning: Couldn't set cache size: file is not a database
Use `cache_size` = NULL to turn off this warning.
Warning: Couldn't set synchronous mode: file is not a database
Use `synchronous` = NULL to turn off this warning.
Error: failed to load resource
  name: AH116710
  title: org.Hs.eg.db.sqlite
  reason: file is not a database
Execution halted
* checking for unstated dependencies in ‘tests’ ... OK
* checking tests ...
  Running ‘spelling.R’
  Running ‘testthat.R’
 OK
* checking for unstated dependencies in vignettes ... OK
* checking package vignettes ... OK
* checking running R code from vignettes ... SKIPPED
* checking re-building of vignette outputs ... SKIPPED
* checking PDF version of manual ... OK
* DONE

Status: 1 ERROR, 6 NOTEs
See
  ‘/Users/biocbuild/bbs-3.19-bioc/meat/cTRAP.Rcheck/00check.log’
for details.


Installation output

cTRAP.Rcheck/00install.out

##############################################################################
##############################################################################
###
### Running command:
###
###   /Library/Frameworks/R.framework/Resources/bin/R CMD INSTALL cTRAP
###
##############################################################################
##############################################################################


* installing to library ‘/Library/Frameworks/R.framework/Versions/4.4-x86_64/Resources/library’
* installing *source* package ‘cTRAP’ ...
** using staged installation
** R
** data
*** moving datasets to lazyload DB
** inst
** byte-compile and prepare package for lazy loading
** help
*** installing help indices
** building package indices
** installing vignettes
** testing if installed package can be loaded from temporary location
** testing if installed package can be loaded from final location
** testing if installed package keeps a record of temporary installation path
* DONE (cTRAP)

Tests output

cTRAP.Rcheck/tests/spelling.Rout


R version 4.4.1 (2024-06-14) -- "Race for Your Life"
Copyright (C) 2024 The R Foundation for Statistical Computing
Platform: x86_64-apple-darwin20

R is free software and comes with ABSOLUTELY NO WARRANTY.
You are welcome to redistribute it under certain conditions.
Type 'license()' or 'licence()' for distribution details.

R is a collaborative project with many contributors.
Type 'contributors()' for more information and
'citation()' on how to cite R or R packages in publications.

Type 'demo()' for some demos, 'help()' for on-line help, or
'help.start()' for an HTML browser interface to help.
Type 'q()' to quit R.

> if(requireNamespace('spelling', quietly = TRUE))
+   spelling::spell_check_test(vignettes = TRUE, error = FALSE,
+                              skip_on_cran = TRUE)
NULL
> 
> proc.time()
   user  system elapsed 
  0.372   0.122   0.485 

cTRAP.Rcheck/tests/testthat.Rout


R version 4.4.1 (2024-06-14) -- "Race for Your Life"
Copyright (C) 2024 The R Foundation for Statistical Computing
Platform: x86_64-apple-darwin20

R is free software and comes with ABSOLUTELY NO WARRANTY.
You are welcome to redistribute it under certain conditions.
Type 'license()' or 'licence()' for distribution details.

R is a collaborative project with many contributors.
Type 'contributors()' for more information and
'citation()' on how to cite R or R packages in publications.

Type 'demo()' for some demos, 'help()' for on-line help, or
'help.start()' for an HTML browser interface to help.
Type 'q()' to quit R.

> library(testthat)
> library(cTRAP)
> 
> test_check("cTRAP")
trying URL 'https://compbio.imm.medicina.ulisboa.pt/public/cTRAP/expressionDrugSensitivityCorGDSC7.qs'
downloaded 31.6 MB

trying URL 'https://compbio.imm.medicina.ulisboa.pt/public/cTRAP/compound_descriptors_NCI60_2D.qs'
downloaded 2.1 MB

[ FAIL 0 | WARN 0 | SKIP 2 | PASS 243 ]

══ Skipped tests (2) ═══════════════════════════════════════════════════════════
• On Bioconductor (1): 'test_ENCODE.R:16:5'
• empty test (1): 'test_drugSetEnrichment.R:88:1'

[ FAIL 0 | WARN 0 | SKIP 2 | PASS 243 ]
> 
> proc.time()
   user  system elapsed 
100.194   8.680 130.594 

Example timings

cTRAP.Rcheck/cTRAP-Ex.timings

nameusersystemelapsed
analyseDrugSetEnrichment21.456 2.23238.515