Back to Multiple platform build/check report for BioC 3.13
[A]BCDEFGHIJKLMNOPQRSTUVWXYZ

This page was generated on 2021-09-22 15:05:08 -0400 (Wed, 22 Sep 2021).

BUILD results for appreci8R on tokay2

To the developers/maintainers of the appreci8R package:
- Please allow up to 24 hours (and sometimes 48 hours) for your latest push to git@git.bioconductor.org:packages/appreci8R.git to
reflect on this report. See How and When does the builder pull? When will my changes propagate? here for more information.
- Make sure to use the following settings in order to reproduce any error or warning you see on this page.

raw results

Package 79/2041HostnameOS / ArchINSTALLBUILDCHECKBUILD BIN
appreci8R 1.10.0  (landing page)
Sarah Sandmann
Snapshot Date: 2021-09-21 04:50:12 -0400 (Tue, 21 Sep 2021)
git_url: https://git.bioconductor.org/packages/appreci8R
git_branch: RELEASE_3_13
git_last_commit: d1399fc
git_last_commit_date: 2021-05-19 12:36:42 -0400 (Wed, 19 May 2021)
nebbiolo1Linux (Ubuntu 20.04.2 LTS) / x86_64  OK    OK    OK  UNNEEDED, same version is already published
tokay2Windows Server 2012 R2 Standard / x64  OK    ERROR  skippedskipped
machv2macOS 10.14.6 Mojave / x86_64  OK    OK    OK    OK  UNNEEDED, same version is already published

Summary

Package: appreci8R
Version: 1.10.0
Command: chmod a+r appreci8R -R && C:\Users\biocbuild\bbs-3.13-bioc\R\bin\R.exe CMD build --keep-empty-dirs --no-resave-data appreci8R
StartedAt: 2021-09-21 11:33:15 -0400 (Tue, 21 Sep 2021)
EndedAt: 2021-09-21 11:36:12 -0400 (Tue, 21 Sep 2021)
EllapsedTime: 176.7 seconds
RetCode: 1
Status:   ERROR  
PackageFile: None
PackageFileSize: NA

Command output

##############################################################################
##############################################################################
###
### Running command:
###
###   chmod a+r appreci8R -R && C:\Users\biocbuild\bbs-3.13-bioc\R\bin\R.exe CMD build --keep-empty-dirs --no-resave-data appreci8R
###
##############################################################################
##############################################################################


* checking for file 'appreci8R/DESCRIPTION' ... OK
* preparing 'appreci8R':
* checking DESCRIPTION meta-information ... OK
* installing the package to process help pages
* saving partial Rd database
* creating vignettes ... ERROR
--- re-building 'appreci8R.Rnw' using Sweave


0. Reading input
1. Target filtration
2. Normalize
Loading required package: stats4
Loading required package: BiocGenerics
Loading required package: parallel

Attaching package: 'BiocGenerics'

The following objects are masked from 'package:parallel':

    clusterApply, clusterApplyLB, clusterCall, clusterEvalQ, clusterExport, clusterMap,
    parApply, parCapply, parLapply, parLapplyLB, parRapply, parSapply, parSapplyLB

The following object is masked from 'package:appreci8R':

    normalize

The following objects are masked from 'package:stats':

    IQR, mad, sd, var, xtabs

The following objects are masked from 'package:base':

    Filter, Find, Map, Position, Reduce, anyDuplicated, append, as.data.frame, basename,
    cbind, colnames, dirname, do.call, duplicated, eval, evalq, get, grep, grepl,
    intersect, is.unsorted, lapply, mapply, match, mget, order, paste, pmax, pmax.int,
    pmin, pmin.int, rank, rbind, rownames, sapply, setdiff, sort, table, tapply, union,
    unique, unsplit, which.max, which.min

Loading required package: S4Vectors

Attaching package: 'S4Vectors'

The following objects are masked from 'package:base':

    I, expand.grid, unname

Loading required package: IRanges

Attaching package: 'IRanges'

The following object is masked from 'package:grDevices':

    windows

Loading required package: GenomeInfoDb
Loading required package: AnnotationDbi
Loading required package: Biobase
Welcome to Bioconductor

    Vignettes contain introductory material; view with 'browseVignettes()'. To cite
    Bioconductor, see 'citation("Biobase")', and for packages 'citation("pkgname")'.

Loading required package: GenomicFeatures
Loading required package: XVector

Attaching package: 'Biostrings'

The following object is masked from 'package:base':

    strsplit

3. Annotate
'select()' returned 1:1 mapping between keys and columns
Warning in valid.GenomicRanges.seqinfo(x, suggest.trim = TRUE) :
  GRanges object contains 11 out-of-bound ranges located on sequences 10808, 10809, 10810,
  and 18309. Note that ranges located on a sequence whose length is unknown (NA) or on a
  circular sequence are not considered out-of-bound (use seqlengths() and isCircular() to
  get the lengths and circularity flags of the underlying sequences). You can use trim() to
  trim these ranges. See ?`trim,GenomicRanges-method` for more information.
'select()' returned 1:1 mapping between keys and columns
'select()' returned 1:1 mapping between keys and columns
Warning in valid.GenomicRanges.seqinfo(x, suggest.trim = TRUE) :
  GRanges object contains 11 out-of-bound ranges located on sequences 10808, 10809, 10810,
  and 18309. Note that ranges located on a sequence whose length is unknown (NA) or on a
  circular sequence are not considered out-of-bound (use seqlengths() and isCircular() to
  get the lengths and circularity flags of the underlying sequences). You can use trim() to
  trim these ranges. See ?`trim,GenomicRanges-method` for more information.
4. Combine Output
5. Evaluate Coverage and BQ
6. Determine Extended Set of Characteristics (databases)
-> Downloading databases 
-> Pre-processing of the calls
-> Check databases
Getting info about the following rsIDs: rs2454206

Error: processing vignette 'appreci8R.Rnw' failed with diagnostics:
 chunk 9 (label = 9) 
Error in curl::curl_fetch_memory(url, handle = handle) : 
  schannel: next InitializeSecurityContext failed: SEC_E_MESSAGE_ALTERED (0x8009030F) - The message or signature supplied for verification has been altered

--- failed re-building 'appreci8R.Rnw'

SUMMARY: processing the following file failed:
  'appreci8R.Rnw'

Error: Vignette re-building failed.
Execution halted