Back to Multiple platform build/check report for BioC 3.19:   simplified   long
ABCDEFGHIJKLMNOPQRS[T]UVWXYZ

This page was generated on 2024-03-04 11:40:04 -0500 (Mon, 04 Mar 2024).

HostnameOSArch (*)R versionInstalled pkgs
nebbiolo1Linux (Ubuntu 22.04.3 LTS)x86_64R Under development (unstable) (2024-01-16 r85808) -- "Unsuffered Consequences" 4676
palomino3Windows Server 2022 Datacenterx64R Under development (unstable) (2024-01-14 r85805 ucrt) -- "Unsuffered Consequences" 4414
merida1macOS 12.7.1 Montereyx86_64R Under development (unstable) (2024-01-16 r85808) -- "Unsuffered Consequences" 4441
kunpeng2Linux (openEuler 22.03 LTS-SP1)aarch64R Under development (unstable) (2024-01-16 r85812) -- "Unsuffered Consequences" 4417
Click on any hostname to see more info about the system (e.g. compilers)      (*) as reported by 'uname -p', except on Windows and Mac OS X

Package 2100/2251HostnameOS / ArchINSTALLBUILDCHECKBUILD BIN
TENxIO 1.5.3  (landing page)
Marcel Ramos
Snapshot Date: 2024-03-01 14:00:22 -0500 (Fri, 01 Mar 2024)
git_url: https://git.bioconductor.org/packages/TENxIO
git_branch: devel
git_last_commit: 2718164
git_last_commit_date: 2023-11-20 14:40:35 -0500 (Mon, 20 Nov 2023)
nebbiolo1Linux (Ubuntu 22.04.3 LTS) / x86_64  OK    OK    OK  UNNEEDED, same version is already published
palomino3Windows Server 2022 Datacenter / x64  OK    OK    OK    OK  UNNEEDED, same version is already published
merida1macOS 12.7.1 Monterey / x86_64  OK    ERROR  skippedskipped
kunpeng2Linux (openEuler 22.03 LTS-SP1) / aarch64  OK    OK    OK  

BUILD results for TENxIO on merida1


To the developers/maintainers of the TENxIO package:
- Allow up to 24 hours (and sometimes 48 hours) for your latest push to git@git.bioconductor.org:packages/TENxIO.git to reflect on this report. See Troubleshooting Build Report for more information.
- Use the following Renviron settings to reproduce errors and warnings.
- If 'R CMD check' started to fail recently on the Linux builder(s) over a missing dependency, add the missing dependency to 'Suggests:' in your DESCRIPTION file. See Renviron.bioc for more information.

raw results


Summary

Package: TENxIO
Version: 1.5.3
Command: /Library/Frameworks/R.framework/Resources/bin/R CMD build --keep-empty-dirs --no-resave-data TENxIO
StartedAt: 2024-03-01 23:14:15 -0500 (Fri, 01 Mar 2024)
EndedAt: 2024-03-01 23:15:55 -0500 (Fri, 01 Mar 2024)
EllapsedTime: 99.8 seconds
RetCode: 1
Status:   ERROR  
PackageFile: None
PackageFileSize: NA

Command output

##############################################################################
##############################################################################
###
### Running command:
###
###   /Library/Frameworks/R.framework/Resources/bin/R CMD build --keep-empty-dirs --no-resave-data TENxIO
###
##############################################################################
##############################################################################


* checking for file ‘TENxIO/DESCRIPTION’ ... OK
* preparing ‘TENxIO’:
* checking DESCRIPTION meta-information ... OK
* installing the package to build vignettes
* creating vignettes ... ERROR
--- re-building ‘TENxIO.Rmd’ using rmarkdown

Quitting from lines 254-261 [unnamed-chunk-14] (TENxIO.Rmd)
Error: processing vignette 'TENxIO.Rmd' failed with diagnostics:
cannnot determine start/end columns
--- failed re-building ‘TENxIO.Rmd’

SUMMARY: processing the following file failed:
  ‘TENxIO.Rmd’

Error: Vignette re-building failed.
Execution halted