Back to Multiple platform build/check report for BioC 3.13
ABCDEFGHIJKLMNOPQR[S]TUVWXYZ

This page was generated on 2021-07-21 15:05:39 -0400 (Wed, 21 Jul 2021).

CHECK results for SplicingGraphs on tokay2

To the developers/maintainers of the SplicingGraphs package:
- Please allow up to 24 hours (and sometimes 48 hours) for your latest push to git@git.bioconductor.org:packages/SplicingGraphs.git to
reflect on this report. See How and When does the builder pull? When will my changes propagate? here for more information.
- Make sure to use the following settings in order to reproduce any error or warning you see on this page.

raw results

Package 1830/2041HostnameOS / ArchINSTALLBUILDCHECKBUILD BIN
SplicingGraphs 1.32.0  (landing page)
H. Pag├Ęs
Snapshot Date: 2021-07-20 04:50:13 -0400 (Tue, 20 Jul 2021)
URL: https://git.bioconductor.org/packages/SplicingGraphs
Branch: RELEASE_3_13
Last Commit: 6066f74
Last Changed Date: 2021-05-19 11:58:48 -0400 (Wed, 19 May 2021)
nebbiolo1Linux (Ubuntu 20.04.2 LTS) / x86_64  OK    OK    WARNINGS  UNNEEDED, same version is already published
tokay2Windows Server 2012 R2 Standard / x64  OK    OK    WARNINGS    OK  UNNEEDED, same version is already published
machv2macOS 10.14.6 Mojave / x86_64  OK    OK    WARNINGS    OK  UNNEEDED, same version is already published

Summary

Package: SplicingGraphs
Version: 1.32.0
Command: C:\Users\biocbuild\bbs-3.13-bioc\R\bin\R.exe CMD check --force-multiarch --install=check:SplicingGraphs.install-out.txt --library=C:\Users\biocbuild\bbs-3.13-bioc\R\library --no-vignettes --timings SplicingGraphs_1.32.0.tar.gz
StartedAt: 2021-07-21 07:00:02 -0400 (Wed, 21 Jul 2021)
EndedAt: 2021-07-21 07:35:20 -0400 (Wed, 21 Jul 2021)
EllapsedTime: 2118.6 seconds
RetCode: 0
Status:   WARNINGS  
CheckDir: SplicingGraphs.Rcheck
Warnings: 3

Command output

##############################################################################
##############################################################################
###
### Running command:
###
###   C:\Users\biocbuild\bbs-3.13-bioc\R\bin\R.exe CMD check --force-multiarch --install=check:SplicingGraphs.install-out.txt --library=C:\Users\biocbuild\bbs-3.13-bioc\R\library --no-vignettes --timings SplicingGraphs_1.32.0.tar.gz
###
##############################################################################
##############################################################################


* using log directory 'C:/Users/biocbuild/bbs-3.13-bioc/meat/SplicingGraphs.Rcheck'
* using R version 4.1.0 (2021-05-18)
* using platform: x86_64-w64-mingw32 (64-bit)
* using session charset: ISO8859-1
* using option '--no-vignettes'
* checking for file 'SplicingGraphs/DESCRIPTION' ... OK
* this is package 'SplicingGraphs' version '1.32.0'
* package encoding: UTF-8
* checking package namespace information ... OK
* checking package dependencies ... OK
* checking if this is a source package ... OK
* checking if there is a namespace ... OK
* checking for hidden files and directories ... OK
* checking for portable file names ... OK
* checking whether package 'SplicingGraphs' can be installed ... WARNING
Found the following significant warnings:
  Warning: replacing previous import 'IRanges::from' by 'Rgraphviz::from' when loading 'SplicingGraphs'
  Warning: replacing previous import 'IRanges::to' by 'Rgraphviz::to' when loading 'SplicingGraphs'
See 'C:/Users/biocbuild/bbs-3.13-bioc/meat/SplicingGraphs.Rcheck/00install.out' for details.
* checking installed package size ... OK
* checking package directory ... OK
* checking 'build' directory ... OK
* checking DESCRIPTION meta-information ... NOTE
Packages listed in more than one of Depends, Imports, Suggests, Enhances:
  'GenomicFeatures' 'GenomicAlignments' 'Rgraphviz' 'igraph'
A package should be listed in only one of these fields.
* checking top-level files ... OK
* checking for left-over files ... OK
* checking index information ... OK
* checking package subdirectories ... OK
* checking R files for non-ASCII characters ... OK
* checking R files for syntax errors ... OK
* loading checks for arch 'i386'
** checking whether the package can be loaded ... OK
** checking whether the package can be loaded with stated dependencies ... OK
** checking whether the package can be unloaded cleanly ... OK
** checking whether the namespace can be loaded with stated dependencies ... OK
** checking whether the namespace can be unloaded cleanly ... OK
* loading checks for arch 'x64'
** checking whether the package can be loaded ... OK
** checking whether the package can be loaded with stated dependencies ... OK
** checking whether the package can be unloaded cleanly ... OK
** checking whether the namespace can be loaded with stated dependencies ... OK
** checking whether the namespace can be unloaded cleanly ... OK
* checking dependencies in R code ... NOTE
'library' or 'require' call to 'igraph' in package code.
  Please use :: or requireNamespace() instead.
  See section 'Suggested packages' in the 'Writing R Extensions' manual.
':::' calls which should be '::':
  'S4Vectors:::matchIntegerPairs' 'S4Vectors:::orderIntegerPairs'
  'S4Vectors:::selfmatchIntegerPairs'
  See the note in ?`:::` about the use of this operator.
Unexported objects imported by ':::' calls:
  'BiocGenerics:::testPackage' 'GenomicAlignments:::fillJunctionGaps'
  'GenomicFeatures:::.collapse_df' 'IRanges:::newCompressedList0'
  'IRanges:::regroupBySupergroup' 'IRanges:::unlist_as_integer'
  'S4Vectors:::setPrototypeFromObject'
  See the note in ?`:::` about the use of this operator.
* checking S3 generic/method consistency ... OK
* checking replacement functions ... OK
* checking foreign function calls ... OK
* checking R code for possible problems ... OK
* checking Rd files ... OK
* checking Rd metadata ... OK
* checking Rd cross-references ... OK
* checking for missing documentation entries ... WARNING
Undocumented code objects:
  'reportReads'
Undocumented S4 methods:
  generic '[' and siglist 'SplicingGraphs,ANY,ANY,ANY'
  generic 'reportReads' and siglist 'SplicingGraphs'
  generic 'updateObject' and siglist 'SplicingGraphs'
All user-level objects in a package (including S4 classes and methods)
should have documentation entries.
See chapter 'Writing R documentation files' in the 'Writing R
Extensions' manual.
* checking for code/documentation mismatches ... OK
* checking Rd \usage sections ... WARNING
Objects in \usage without \alias in documentation object 'countReads-methods':
  'reportReads'

Functions with \usage entries need to have the appropriate \alias
entries, and all their arguments documented.
The \usage entries must correspond to syntactically valid R code.
See chapter 'Writing R documentation files' in the 'Writing R
Extensions' manual.
* checking Rd contents ... OK
* checking for unstated dependencies in examples ... OK
* checking files in 'vignettes' ... OK
* checking examples ...
** running examples for arch 'i386' ... OK
Examples with CPU (user + system) or elapsed time > 5s
                         user system elapsed
plotTranscripts-methods 45.66   0.76  108.23
toy_data                21.61   0.00   21.61
countReads-methods       9.33   0.03   71.57
sgedges-methods          7.43   0.04   70.48
rsgedgesByGene-methods   6.51   0.13   69.22
sgedgesByGene-methods    5.61   0.08   65.19
txpath-methods           5.43   0.01   65.14
assignReads              5.34   0.08   67.04
bubbles-methods          4.98   0.05   67.00
SplicingGraphs-class     4.81   0.06   65.72
sgraph-methods           3.96   0.02   60.73
** running examples for arch 'x64' ... OK
Examples with CPU (user + system) or elapsed time > 5s
                         user system elapsed
plotTranscripts-methods 46.89   0.28  116.06
toy_data                25.59   0.00   25.61
countReads-methods      10.36   0.03   76.63
sgedges-methods          8.35   0.04   74.01
txpath-methods           7.07   0.07   74.37
rsgedgesByGene-methods   7.09   0.05   74.19
assignReads              6.97   0.07   75.77
sgedgesByGene-methods    6.34   0.05   73.60
bubbles-methods          5.75   0.03   73.67
SplicingGraphs-class     5.21   0.08   72.19
sgraph-methods           4.67   0.03   73.73
* checking for unstated dependencies in 'tests' ... OK
* checking tests ...
** running tests for arch 'i386' ...
  Running 'run_unitTests.R'
 OK
** running tests for arch 'x64' ...
  Running 'run_unitTests.R'
 OK
* checking for unstated dependencies in vignettes ... OK
* checking package vignettes in 'inst/doc' ... OK
* checking running R code from vignettes ... SKIPPED
* checking re-building of vignette outputs ... SKIPPED
* checking PDF version of manual ... OK
* DONE

Status: 3 WARNINGs, 2 NOTEs
See
  'C:/Users/biocbuild/bbs-3.13-bioc/meat/SplicingGraphs.Rcheck/00check.log'
for details.



Installation output

SplicingGraphs.Rcheck/00install.out

##############################################################################
##############################################################################
###
### Running command:
###
###   C:\cygwin\bin\curl.exe -O http://155.52.207.165/BBS/3.13/bioc/src/contrib/SplicingGraphs_1.32.0.tar.gz && rm -rf SplicingGraphs.buildbin-libdir && mkdir SplicingGraphs.buildbin-libdir && C:\Users\biocbuild\bbs-3.13-bioc\R\bin\R.exe CMD INSTALL --merge-multiarch --build --library=SplicingGraphs.buildbin-libdir SplicingGraphs_1.32.0.tar.gz && C:\Users\biocbuild\bbs-3.13-bioc\R\bin\R.exe CMD INSTALL SplicingGraphs_1.32.0.zip && rm SplicingGraphs_1.32.0.tar.gz SplicingGraphs_1.32.0.zip
###
##############################################################################
##############################################################################


  % Total    % Received % Xferd  Average Speed   Time    Time     Time  Current
                                 Dload  Upload   Total   Spent    Left  Speed

  0     0    0     0    0     0      0      0 --:--:-- --:--:-- --:--:--     0
  1 45.5M    1  885k    0     0  2226k      0  0:00:20 --:--:--  0:00:20 2225k
 10 45.5M   10 5001k    0     0  3567k      0  0:00:13  0:00:01  0:00:12 3567k
 23 45.5M   23 10.9M    0     0  4675k      0  0:00:09  0:00:02  0:00:07 4675k
 42 45.5M   42 19.2M    0     0  5805k      0  0:00:08  0:00:03  0:00:05 5805k
 64 45.5M   64 29.6M    0     0  6901k      0  0:00:06  0:00:04  0:00:02 6902k
 89 45.5M   89 40.7M    0     0  7743k      0  0:00:06  0:00:05  0:00:01 8182k
100 45.5M  100 45.5M    0     0  8051k      0  0:00:05  0:00:05 --:--:-- 9481k

install for i386

* installing *source* package 'SplicingGraphs' ...
** using staged installation
** R
** inst
** byte-compile and prepare package for lazy loading
Warning: replacing previous import 'IRanges::from' by 'Rgraphviz::from' when loading 'SplicingGraphs'
Warning: replacing previous import 'IRanges::to' by 'Rgraphviz::to' when loading 'SplicingGraphs'
** help
*** installing help indices
  converting help for package 'SplicingGraphs'
    finding HTML links ... done
    SplicingGraphs-class                    html  
REDIRECT:topic	 class:GeneModel -> SplicingGraphs-class.html [ FAIL ]
REDIRECT:topic	 class:SplicingGraphs -> SplicingGraphs-class.html [ FAIL ]
REDIRECT:topic	 isCircular<-,GeneModel-method -> SplicingGraphs-class.html [ FAIL ]
REDIRECT:topic	 isCircular<-,SplicingGraphs-method -> SplicingGraphs-class.html [ FAIL ]
    SplicingGraphs-package                  html  
    TSPCsg                                  html  
    assignReads                             html  
    bubbles-methods                         html  
    countReads-methods                      html  
    plotTranscripts-methods                 html  
    rsgedgesByGene-methods                  html  
    sgedges-methods                         html  
    sgedgesByGene-methods                   html  
    sgraph-methods                          html  
    toy_data                                html  
    txpath-methods                          html  
REDIRECT:topic	 txweight<- -> txpath-methods.html [ FAIL ]
REDIRECT:topic	 txweight<-,SplicingGraphs-method -> txpath-methods.html [ FAIL ]
** building package indices
** installing vignettes
** testing if installed package can be loaded from temporary location
Warning: replacing previous import 'IRanges::from' by 'Rgraphviz::from' when loading 'SplicingGraphs'
Warning: replacing previous import 'IRanges::to' by 'Rgraphviz::to' when loading 'SplicingGraphs'
** testing if installed package can be loaded from final location
Warning: replacing previous import 'IRanges::from' by 'Rgraphviz::from' when loading 'SplicingGraphs'
Warning: replacing previous import 'IRanges::to' by 'Rgraphviz::to' when loading 'SplicingGraphs'
** testing if installed package keeps a record of temporary installation path

install for x64

* installing *source* package 'SplicingGraphs' ...
** testing if installed package can be loaded
Warning: replacing previous import 'IRanges::from' by 'Rgraphviz::from' when loading 'SplicingGraphs'
Warning: replacing previous import 'IRanges::to' by 'Rgraphviz::to' when loading 'SplicingGraphs'
* MD5 sums
packaged installation of 'SplicingGraphs' as SplicingGraphs_1.32.0.zip
* DONE (SplicingGraphs)
* installing to library 'C:/Users/biocbuild/bbs-3.13-bioc/R/library'
package 'SplicingGraphs' successfully unpacked and MD5 sums checked

Tests output

SplicingGraphs.Rcheck/tests_i386/run_unitTests.Rout


R version 4.1.0 (2021-05-18) -- "Camp Pontanezen"
Copyright (C) 2021 The R Foundation for Statistical Computing
Platform: i386-w64-mingw32/i386 (32-bit)

R is free software and comes with ABSOLUTELY NO WARRANTY.
You are welcome to redistribute it under certain conditions.
Type 'license()' or 'licence()' for distribution details.

R is a collaborative project with many contributors.
Type 'contributors()' for more information and
'citation()' on how to cite R or R packages in publications.

Type 'demo()' for some demos, 'help()' for on-line help, or
'help.start()' for an HTML browser interface to help.
Type 'q()' to quit R.

> require("SplicingGraphs") || stop("unable to load SplicingGraphs package")
Loading required package: SplicingGraphs
Loading required package: GenomicFeatures
Loading required package: BiocGenerics
Loading required package: parallel

Attaching package: 'BiocGenerics'

The following objects are masked from 'package:parallel':

    clusterApply, clusterApplyLB, clusterCall, clusterEvalQ,
    clusterExport, clusterMap, parApply, parCapply, parLapply,
    parLapplyLB, parRapply, parSapply, parSapplyLB

The following objects are masked from 'package:stats':

    IQR, mad, sd, var, xtabs

The following objects are masked from 'package:base':

    Filter, Find, Map, Position, Reduce, anyDuplicated, append,
    as.data.frame, basename, cbind, colnames, dirname, do.call,
    duplicated, eval, evalq, get, grep, grepl, intersect, is.unsorted,
    lapply, mapply, match, mget, order, paste, pmax, pmax.int, pmin,
    pmin.int, rank, rbind, rownames, sapply, setdiff, sort, table,
    tapply, union, unique, unsplit, which.max, which.min

Loading required package: S4Vectors
Loading required package: stats4

Attaching package: 'S4Vectors'

The following objects are masked from 'package:base':

    I, expand.grid, unname

Loading required package: IRanges

Attaching package: 'IRanges'

The following object is masked from 'package:grDevices':

    windows

Loading required package: GenomeInfoDb
Loading required package: GenomicRanges
Loading required package: AnnotationDbi
Loading required package: Biobase
Welcome to Bioconductor

    Vignettes contain introductory material; view with
    'browseVignettes()'. To cite Bioconductor, see
    'citation("Biobase")', and for packages 'citation("pkgname")'.

Loading required package: GenomicAlignments
Loading required package: SummarizedExperiment
Loading required package: MatrixGenerics
Loading required package: matrixStats

Attaching package: 'matrixStats'

The following objects are masked from 'package:Biobase':

    anyMissing, rowMedians


Attaching package: 'MatrixGenerics'

The following objects are masked from 'package:matrixStats':

    colAlls, colAnyNAs, colAnys, colAvgsPerRowSet, colCollapse,
    colCounts, colCummaxs, colCummins, colCumprods, colCumsums,
    colDiffs, colIQRDiffs, colIQRs, colLogSumExps, colMadDiffs,
    colMads, colMaxs, colMeans2, colMedians, colMins, colOrderStats,
    colProds, colQuantiles, colRanges, colRanks, colSdDiffs, colSds,
    colSums2, colTabulates, colVarDiffs, colVars, colWeightedMads,
    colWeightedMeans, colWeightedMedians, colWeightedSds,
    colWeightedVars, rowAlls, rowAnyNAs, rowAnys, rowAvgsPerColSet,
    rowCollapse, rowCounts, rowCummaxs, rowCummins, rowCumprods,
    rowCumsums, rowDiffs, rowIQRDiffs, rowIQRs, rowLogSumExps,
    rowMadDiffs, rowMads, rowMaxs, rowMeans2, rowMedians, rowMins,
    rowOrderStats, rowProds, rowQuantiles, rowRanges, rowRanks,
    rowSdDiffs, rowSds, rowSums2, rowTabulates, rowVarDiffs, rowVars,
    rowWeightedMads, rowWeightedMeans, rowWeightedMedians,
    rowWeightedSds, rowWeightedVars

The following object is masked from 'package:Biobase':

    rowMedians

Loading required package: Biostrings
Loading required package: XVector

Attaching package: 'Biostrings'

The following object is masked from 'package:base':

    strsplit

Loading required package: Rsamtools
Loading required package: Rgraphviz
Loading required package: graph

Attaching package: 'graph'

The following object is masked from 'package:Biostrings':

    complement

Loading required package: grid

Attaching package: 'grid'

The following object is masked from 'package:Biostrings':

    pattern


Attaching package: 'Rgraphviz'

The following objects are masked from 'package:IRanges':

    from, to

The following objects are masked from 'package:S4Vectors':

    from, to

[1] TRUE
Warning messages:
1: replacing previous import 'IRanges::from' by 'Rgraphviz::from' when loading 'SplicingGraphs' 
2: replacing previous import 'IRanges::to' by 'Rgraphviz::to' when loading 'SplicingGraphs' 
> SplicingGraphs:::.test()
Import genomic features from the file as a GRanges object ... OK
Prepare the 'metadata' data frame ... OK
Make the TxDb object ... OK


RUNIT TEST PROTOCOL -- Wed Jul 21 07:34:00 2021 
*********************************************** 
Number of test functions: 1 
Number of errors: 0 
Number of failures: 0 

 
1 Test Suite : 
SplicingGraphs RUnit Tests - 1 test function, 0 errors, 0 failures
Number of test functions: 1 
Number of errors: 0 
Number of failures: 0 
> 
> proc.time()
   user  system elapsed 
  15.59    1.62   64.76 

SplicingGraphs.Rcheck/tests_x64/run_unitTests.Rout


R version 4.1.0 (2021-05-18) -- "Camp Pontanezen"
Copyright (C) 2021 The R Foundation for Statistical Computing
Platform: x86_64-w64-mingw32/x64 (64-bit)

R is free software and comes with ABSOLUTELY NO WARRANTY.
You are welcome to redistribute it under certain conditions.
Type 'license()' or 'licence()' for distribution details.

R is a collaborative project with many contributors.
Type 'contributors()' for more information and
'citation()' on how to cite R or R packages in publications.

Type 'demo()' for some demos, 'help()' for on-line help, or
'help.start()' for an HTML browser interface to help.
Type 'q()' to quit R.

> require("SplicingGraphs") || stop("unable to load SplicingGraphs package")
Loading required package: SplicingGraphs
Loading required package: GenomicFeatures
Loading required package: BiocGenerics
Loading required package: parallel

Attaching package: 'BiocGenerics'

The following objects are masked from 'package:parallel':

    clusterApply, clusterApplyLB, clusterCall, clusterEvalQ,
    clusterExport, clusterMap, parApply, parCapply, parLapply,
    parLapplyLB, parRapply, parSapply, parSapplyLB

The following objects are masked from 'package:stats':

    IQR, mad, sd, var, xtabs

The following objects are masked from 'package:base':

    Filter, Find, Map, Position, Reduce, anyDuplicated, append,
    as.data.frame, basename, cbind, colnames, dirname, do.call,
    duplicated, eval, evalq, get, grep, grepl, intersect, is.unsorted,
    lapply, mapply, match, mget, order, paste, pmax, pmax.int, pmin,
    pmin.int, rank, rbind, rownames, sapply, setdiff, sort, table,
    tapply, union, unique, unsplit, which.max, which.min

Loading required package: S4Vectors
Loading required package: stats4

Attaching package: 'S4Vectors'

The following objects are masked from 'package:base':

    I, expand.grid, unname

Loading required package: IRanges

Attaching package: 'IRanges'

The following object is masked from 'package:grDevices':

    windows

Loading required package: GenomeInfoDb
Loading required package: GenomicRanges
Loading required package: AnnotationDbi
Loading required package: Biobase
Welcome to Bioconductor

    Vignettes contain introductory material; view with
    'browseVignettes()'. To cite Bioconductor, see
    'citation("Biobase")', and for packages 'citation("pkgname")'.

Loading required package: GenomicAlignments
Loading required package: SummarizedExperiment
Loading required package: MatrixGenerics
Loading required package: matrixStats

Attaching package: 'matrixStats'

The following objects are masked from 'package:Biobase':

    anyMissing, rowMedians


Attaching package: 'MatrixGenerics'

The following objects are masked from 'package:matrixStats':

    colAlls, colAnyNAs, colAnys, colAvgsPerRowSet, colCollapse,
    colCounts, colCummaxs, colCummins, colCumprods, colCumsums,
    colDiffs, colIQRDiffs, colIQRs, colLogSumExps, colMadDiffs,
    colMads, colMaxs, colMeans2, colMedians, colMins, colOrderStats,
    colProds, colQuantiles, colRanges, colRanks, colSdDiffs, colSds,
    colSums2, colTabulates, colVarDiffs, colVars, colWeightedMads,
    colWeightedMeans, colWeightedMedians, colWeightedSds,
    colWeightedVars, rowAlls, rowAnyNAs, rowAnys, rowAvgsPerColSet,
    rowCollapse, rowCounts, rowCummaxs, rowCummins, rowCumprods,
    rowCumsums, rowDiffs, rowIQRDiffs, rowIQRs, rowLogSumExps,
    rowMadDiffs, rowMads, rowMaxs, rowMeans2, rowMedians, rowMins,
    rowOrderStats, rowProds, rowQuantiles, rowRanges, rowRanks,
    rowSdDiffs, rowSds, rowSums2, rowTabulates, rowVarDiffs, rowVars,
    rowWeightedMads, rowWeightedMeans, rowWeightedMedians,
    rowWeightedSds, rowWeightedVars

The following object is masked from 'package:Biobase':

    rowMedians

Loading required package: Biostrings
Loading required package: XVector

Attaching package: 'Biostrings'

The following object is masked from 'package:base':

    strsplit

Loading required package: Rsamtools
Loading required package: Rgraphviz
Loading required package: graph

Attaching package: 'graph'

The following object is masked from 'package:Biostrings':

    complement

Loading required package: grid

Attaching package: 'grid'

The following object is masked from 'package:Biostrings':

    pattern


Attaching package: 'Rgraphviz'

The following objects are masked from 'package:IRanges':

    from, to

The following objects are masked from 'package:S4Vectors':

    from, to

[1] TRUE
Warning messages:
1: replacing previous import 'IRanges::from' by 'Rgraphviz::from' when loading 'SplicingGraphs' 
2: replacing previous import 'IRanges::to' by 'Rgraphviz::to' when loading 'SplicingGraphs' 
> SplicingGraphs:::.test()
Import genomic features from the file as a GRanges object ... OK
Prepare the 'metadata' data frame ... OK
Make the TxDb object ... OK


RUNIT TEST PROTOCOL -- Wed Jul 21 07:35:12 2021 
*********************************************** 
Number of test functions: 1 
Number of errors: 0 
Number of failures: 0 

 
1 Test Suite : 
SplicingGraphs RUnit Tests - 1 test function, 0 errors, 0 failures
Number of test functions: 1 
Number of errors: 0 
Number of failures: 0 
> 
> proc.time()
   user  system elapsed 
  18.79    0.46   72.00 

Example timings

SplicingGraphs.Rcheck/examples_i386/SplicingGraphs-Ex.timings

nameusersystemelapsed
SplicingGraphs-class 4.81 0.0665.72
SplicingGraphs-package000
assignReads 5.34 0.0867.04
bubbles-methods 4.98 0.0567.00
countReads-methods 9.33 0.0371.57
plotTranscripts-methods 45.66 0.76108.23
rsgedgesByGene-methods 6.51 0.1369.22
sgedges-methods 7.43 0.0470.48
sgedgesByGene-methods 5.61 0.0865.19
sgraph-methods 3.96 0.0260.73
toy_data21.61 0.0021.61
txpath-methods 5.43 0.0165.14

SplicingGraphs.Rcheck/examples_x64/SplicingGraphs-Ex.timings

nameusersystemelapsed
SplicingGraphs-class 5.21 0.0872.19
SplicingGraphs-package000
assignReads 6.97 0.0775.77
bubbles-methods 5.75 0.0373.67
countReads-methods10.36 0.0376.63
plotTranscripts-methods 46.89 0.28116.06
rsgedgesByGene-methods 7.09 0.0574.19
sgedges-methods 8.35 0.0474.01
sgedgesByGene-methods 6.34 0.0573.60
sgraph-methods 4.67 0.0373.73
toy_data25.59 0.0025.61
txpath-methods 7.07 0.0774.37