Back to Multiple platform build/check report for BioC 3.19:   simplified   long
ABCDEFGHIJKLMNOPQ[R]STUVWXYZ

This page was generated on 2024-06-21 17:40 -0400 (Fri, 21 Jun 2024).

HostnameOSArch (*)R versionInstalled pkgs
nebbiolo1Linux (Ubuntu 22.04.3 LTS)x86_644.4.0 (2024-04-24) -- "Puppy Cup" 4758
palomino3Windows Server 2022 Datacenterx644.4.0 (2024-04-24 ucrt) -- "Puppy Cup" 4492
merida1macOS 12.7.4 Montereyx86_644.4.0 (2024-04-24) -- "Puppy Cup" 4506
kjohnson1macOS 13.6.6 Venturaarm644.4.0 (2024-04-24) -- "Puppy Cup" 4464
Click on any hostname to see more info about the system (e.g. compilers)      (*) as reported by 'uname -p', except on Windows and Mac OS X

Package 1796/2300HostnameOS / ArchINSTALLBUILDCHECKBUILD BIN
RNAsense 1.18.0  (landing page)
Marcus Rosenblatt
Snapshot Date: 2024-06-19 14:00 -0400 (Wed, 19 Jun 2024)
git_url: https://git.bioconductor.org/packages/RNAsense
git_branch: RELEASE_3_19
git_last_commit: 3f6e431
git_last_commit_date: 2024-04-30 11:19:01 -0400 (Tue, 30 Apr 2024)
nebbiolo1Linux (Ubuntu 22.04.3 LTS) / x86_64  OK    OK    WARNINGS  UNNEEDED, same version is already published
palomino3Windows Server 2022 Datacenter / x64  OK    OK    WARNINGS    OK  UNNEEDED, same version is already published
merida1macOS 12.7.4 Monterey / x86_64  OK    OK    WARNINGS    OK  UNNEEDED, same version is already published
kjohnson1macOS 13.6.6 Ventura / arm64  OK    OK    WARNINGS    NA  


CHECK results for RNAsense on palomino3

To the developers/maintainers of the RNAsense package:
- Allow up to 24 hours (and sometimes 48 hours) for your latest push to git@git.bioconductor.org:packages/RNAsense.git to reflect on this report. See Troubleshooting Build Report for more information.
- Use the following Renviron settings to reproduce errors and warnings.
- If 'R CMD check' started to fail recently on the Linux builder(s) over a missing dependency, add the missing dependency to 'Suggests:' in your DESCRIPTION file. See Renviron.bioc for more information.

raw results


Summary

Package: RNAsense
Version: 1.18.0
Command: F:\biocbuild\bbs-3.19-bioc\R\bin\R.exe CMD check --no-multiarch --install=check:RNAsense.install-out.txt --library=F:\biocbuild\bbs-3.19-bioc\R\library --no-vignettes --timings RNAsense_1.18.0.tar.gz
StartedAt: 2024-06-20 10:50:19 -0400 (Thu, 20 Jun 2024)
EndedAt: 2024-06-20 11:09:48 -0400 (Thu, 20 Jun 2024)
EllapsedTime: 1169.3 seconds
RetCode: 0
Status:   WARNINGS  
CheckDir: RNAsense.Rcheck
Warnings: 1

Command output

##############################################################################
##############################################################################
###
### Running command:
###
###   F:\biocbuild\bbs-3.19-bioc\R\bin\R.exe CMD check --no-multiarch --install=check:RNAsense.install-out.txt --library=F:\biocbuild\bbs-3.19-bioc\R\library --no-vignettes --timings RNAsense_1.18.0.tar.gz
###
##############################################################################
##############################################################################


* using log directory 'F:/biocbuild/bbs-3.19-bioc/meat/RNAsense.Rcheck'
* using R version 4.4.0 (2024-04-24 ucrt)
* using platform: x86_64-w64-mingw32
* R was compiled by
    gcc.exe (GCC) 13.2.0
    GNU Fortran (GCC) 13.2.0
* running under: Windows Server 2022 x64 (build 20348)
* using session charset: UTF-8
* using option '--no-vignettes'
* checking for file 'RNAsense/DESCRIPTION' ... OK
* checking extension type ... Package
* this is package 'RNAsense' version '1.18.0'
* package encoding: UTF-8
* checking package namespace information ... OK
* checking package dependencies ... OK
* checking if this is a source package ... OK
* checking if there is a namespace ... OK
* checking for hidden files and directories ... OK
* checking for portable file names ... OK
* checking whether package 'RNAsense' can be installed ... OK
* checking installed package size ... OK
* checking package directory ... OK
* checking 'build' directory ... OK
* checking DESCRIPTION meta-information ... OK
* checking top-level files ... OK
* checking for left-over files ... OK
* checking index information ... OK
* checking package subdirectories ... OK
* checking code files for non-ASCII characters ... OK
* checking R files for syntax errors ... OK
* checking whether the package can be loaded ... OK
* checking whether the package can be loaded with stated dependencies ... OK
* checking whether the package can be unloaded cleanly ... OK
* checking whether the namespace can be loaded with stated dependencies ... OK
* checking whether the namespace can be unloaded cleanly ... OK
* checking dependencies in R code ... OK
* checking S3 generic/method consistency ... OK
* checking replacement functions ... OK
* checking foreign function calls ... OK
* checking R code for possible problems ... NOTE
combineResults: no visible binding for global variable 'resultSwitch'
combineResults: no visible binding for global variable 'resultFC'
combineResults : getFCupdown: no visible binding for global variable
  'resultFC'
combineResults : getFCupdown: no visible binding for global variable
  'name'
combineResults : getFCupdown: no visible binding for global variable
  'FCdetect'
getFC: no visible binding for global variable 'mydata'
getFC: no visible binding for global variable 'analyzeConditions'
getFC: no visible binding for global variable 'times'
getSwitch: no visible binding for global variable 'mydata'
getSwitch: no visible binding for global variable 'times'
outputGeneTables: no visible binding for global variable
  'resultCombined'
outputGeneTables: no visible binding for global variable 'times'
outputGeneTables: no visible binding for global variable
  'analyzeConditions'
outputGeneTables: no visible binding for global variable 'timepoint'
outputGeneTables: no visible binding for global variable 'FCdown'
outputGeneTables: no visible binding for global variable 'FCup'
outputGeneTables: no visible binding for global variable 'experiment'
plotSSGS: no visible binding for global variable 'resultCombined'
plotSSGS: no visible binding for global variable 'times'
plotSSGS: no visible binding for global variable 'analyzeConditions'
plotSSGS : getFT: no visible binding for global variable 'result'
plotSSGS : getFT: no visible binding for global variable 'timepoint'
plotSSGS : getFT: no visible binding for global variable 'FCdown'
plotSSGS : getFT: no visible binding for global variable 'FCup'
plotSSGS : <anonymous> : <anonymous> : <anonymous> : <anonymous>: no
  visible binding for global variable 'experiment'
plotSSGS: no visible binding for global variable 'xaxis'
plotSSGS: no visible binding for global variable 'cluster'
Undefined global functions or variables:
  FCdetect FCdown FCup analyzeConditions cluster experiment mydata name
  result resultCombined resultFC resultSwitch timepoint times xaxis
* checking Rd files ... NOTE
checkRd: (-1) MZsox.Rd:9: Lost braces in \itemize; meant \describe ?
checkRd: (-1) MZsox.Rd:10: Lost braces in \itemize; meant \describe ?
checkRd: (-1) MZsox.Rd:11: Lost braces in \itemize; meant \describe ?
checkRd: (-1) MZsox.Rd:12: Lost braces in \itemize; meant \describe ?
checkRd: (-1) MZsox.Rd:13: Lost braces in \itemize; meant \describe ?
* checking Rd metadata ... OK
* checking Rd cross-references ... WARNING
Missing link or links in Rd file 'getFC.Rd':
  'DataFrame'

Missing link or links in Rd file 'getSwitch.Rd':
  'DataFrame'

See section 'Cross-references' in the 'Writing R Extensions' manual.
* checking for missing documentation entries ... OK
* checking for code/documentation mismatches ... OK
* checking Rd \usage sections ... OK
* checking Rd contents ... OK
* checking for unstated dependencies in examples ... OK
* checking contents of 'data' directory ... OK
* checking data for non-ASCII characters ... OK
* checking data for ASCII and uncompressed saves ... OK
* checking files in 'vignettes' ... OK
* checking examples ... OK
Examples with CPU (user + system) or elapsed time > 5s
                   user system elapsed
outputGeneTables 183.70   8.74  192.53
combineResults   179.83   6.46  186.38
plotSSGS         170.36   8.48  178.83
getSwitch         81.47   4.42   85.89
getFC             58.04   2.09   60.14
* checking for unstated dependencies in vignettes ... OK
* checking package vignettes ... OK
* checking running R code from vignettes ... SKIPPED
* checking re-building of vignette outputs ... SKIPPED
* checking PDF version of manual ... OK
* DONE

Status: 1 WARNING, 2 NOTEs
See
  'F:/biocbuild/bbs-3.19-bioc/meat/RNAsense.Rcheck/00check.log'
for details.


Installation output

RNAsense.Rcheck/00install.out

##############################################################################
##############################################################################
###
### Running command:
###
###   F:\biocbuild\bbs-3.19-bioc\R\bin\R.exe CMD INSTALL RNAsense
###
##############################################################################
##############################################################################


* installing to library 'F:/biocbuild/bbs-3.19-bioc/R/library'
* installing *source* package 'RNAsense' ...
** using staged installation
** R
** data
** byte-compile and prepare package for lazy loading
** help
*** installing help indices
** building package indices
** installing vignettes
** testing if installed package can be loaded from temporary location
** testing if installed package can be loaded from final location
** testing if installed package keeps a record of temporary installation path
* DONE (RNAsense)

Tests output


Example timings

RNAsense.Rcheck/RNAsense-Ex.timings

nameusersystemelapsed
combineResults179.83 6.46186.38
getFC58.04 2.0960.14
getSwitch81.47 4.4285.89
outputGeneTables183.70 8.74192.53
plotSSGS170.36 8.48178.83