Back to Multiple platform build/check report for BioC 3.19:   simplified   long
ABCDEFGHIJKLMNO[P]QRSTUVWXYZ

This page was generated on 2024-06-11 14:40 -0400 (Tue, 11 Jun 2024).

HostnameOSArch (*)R versionInstalled pkgs
nebbiolo1Linux (Ubuntu 22.04.3 LTS)x86_644.4.0 (2024-04-24) -- "Puppy Cup" 4757
palomino3Windows Server 2022 Datacenterx644.4.0 (2024-04-24 ucrt) -- "Puppy Cup" 4491
lconwaymacOS 12.7.1 Montereyx86_644.4.0 (2024-04-24) -- "Puppy Cup" 4522
kjohnson3macOS 13.6.5 Venturaarm644.4.0 (2024-04-24) -- "Puppy Cup" 4468
Click on any hostname to see more info about the system (e.g. compilers)      (*) as reported by 'uname -p', except on Windows and Mac OS X

Package 1635/2300HostnameOS / ArchINSTALLBUILDCHECKBUILD BIN
Pviz 1.38.0  (landing page)
Renan Sauteraud
Snapshot Date: 2024-06-09 14:00 -0400 (Sun, 09 Jun 2024)
git_url: https://git.bioconductor.org/packages/Pviz
git_branch: RELEASE_3_19
git_last_commit: 66b3eba
git_last_commit_date: 2024-04-30 10:37:23 -0400 (Tue, 30 Apr 2024)
nebbiolo1Linux (Ubuntu 22.04.3 LTS) / x86_64  OK    OK    WARNINGS  UNNEEDED, same version is already published
palomino3Windows Server 2022 Datacenter / x64  OK    OK    WARNINGS    OK  UNNEEDED, same version is already published
lconwaymacOS 12.7.1 Monterey / x86_64  OK    OK    WARNINGS    OK  UNNEEDED, same version is already published
kjohnson3macOS 13.6.5 Ventura / arm64  OK    OK    WARNINGS    OK  UNNEEDED, same version is already published


CHECK results for Pviz on nebbiolo1

To the developers/maintainers of the Pviz package:
- Allow up to 24 hours (and sometimes 48 hours) for your latest push to git@git.bioconductor.org:packages/Pviz.git to reflect on this report. See Troubleshooting Build Report for more information.
- Use the following Renviron settings to reproduce errors and warnings.
- If 'R CMD check' started to fail recently on the Linux builder(s) over a missing dependency, add the missing dependency to 'Suggests:' in your DESCRIPTION file. See Renviron.bioc for more information.

raw results


Summary

Package: Pviz
Version: 1.38.0
Command: /home/biocbuild/bbs-3.19-bioc/R/bin/R CMD check --install=check:Pviz.install-out.txt --library=/home/biocbuild/bbs-3.19-bioc/R/site-library --timings Pviz_1.38.0.tar.gz
StartedAt: 2024-06-10 02:19:25 -0400 (Mon, 10 Jun 2024)
EndedAt: 2024-06-10 02:25:29 -0400 (Mon, 10 Jun 2024)
EllapsedTime: 363.8 seconds
RetCode: 0
Status:   WARNINGS  
CheckDir: Pviz.Rcheck
Warnings: 1

Command output

##############################################################################
##############################################################################
###
### Running command:
###
###   /home/biocbuild/bbs-3.19-bioc/R/bin/R CMD check --install=check:Pviz.install-out.txt --library=/home/biocbuild/bbs-3.19-bioc/R/site-library --timings Pviz_1.38.0.tar.gz
###
##############################################################################
##############################################################################


* using log directory ‘/home/biocbuild/bbs-3.19-bioc/meat/Pviz.Rcheck’
* using R version 4.4.0 (2024-04-24)
* using platform: x86_64-pc-linux-gnu
* R was compiled by
    gcc (Ubuntu 11.4.0-1ubuntu1~22.04) 11.4.0
    GNU Fortran (Ubuntu 11.4.0-1ubuntu1~22.04) 11.4.0
* running under: Ubuntu 22.04.4 LTS
* using session charset: UTF-8
* checking for file ‘Pviz/DESCRIPTION’ ... OK
* checking extension type ... Package
* this is package ‘Pviz’ version ‘1.38.0’
* checking package namespace information ... OK
* checking package dependencies ... OK
* checking if this is a source package ... OK
* checking if there is a namespace ... OK
* checking for hidden files and directories ... OK
* checking for portable file names ... OK
* checking for sufficient/correct file permissions ... OK
* checking whether package ‘Pviz’ can be installed ... OK
* checking installed package size ... OK
* checking package directory ... OK
* checking ‘build’ directory ... OK
* checking DESCRIPTION meta-information ... OK
* checking top-level files ... OK
* checking for left-over files ... OK
* checking index information ... OK
* checking package subdirectories ... OK
* checking code files for non-ASCII characters ... OK
* checking R files for syntax errors ... OK
* checking whether the package can be loaded ... OK
* checking whether the package can be loaded with stated dependencies ... OK
* checking whether the package can be unloaded cleanly ... OK
* checking whether the namespace can be loaded with stated dependencies ... OK
* checking whether the namespace can be unloaded cleanly ... OK
* checking loading without being on the library search path ... OK
* checking dependencies in R code ... OK
* checking S3 generic/method consistency ... OK
* checking replacement functions ... OK
* checking foreign function calls ... OK
* checking R code for possible problems ... NOTE
.makeParMapping: no visible global function definition for
  'assignInNamespace'
plot_clade: no visible global function definition for 'tail'
drawGD,ProbeTrack: no visible global function definition for
  'pushViewport'
drawGD,ProbeTrack: no visible global function definition for 'viewport'
drawGD,ProbeTrack: no visible global function definition for
  'popViewport'
drawGD,ProbeTrack: no visible global function definition for 'unit'
drawGD,ProbeTrack: no visible global function definition for 'gpar'
drawGD,ProbeTrack: no visible global function definition for
  'convertWidth'
drawGD,ProbeTrack: no visible global function definition for
  'stringWidth'
drawGD,ProbeTrack: no visible global function definition for
  'stringHeight'
drawGD,ProbeTrack: no visible global function definition for
  'grid.text'
drawGD,ProbeTrack: no visible global function definition for
  'grid.rect'
drawGD,ProbeTrack: no visible global function definition for
  'dataViewport'
drawGD,ProbeTrack : <anonymous>: no visible global function definition
  for 'grid.rect'
drawGD,ProbeTrack : <anonymous>: no visible global function definition
  for 'gpar'
drawGD,ProbeTrack : <anonymous>: no visible global function definition
  for 'grid.text'
drawGD,ProteinAxisTrack: no visible global function definition for
  'pushViewport'
drawGD,ProteinAxisTrack: no visible global function definition for
  'dataViewport'
drawGD,ProteinAxisTrack: no visible global function definition for
  'convertHeight'
drawGD,ProteinAxisTrack: no visible global function definition for
  'stringHeight'
drawGD,ProteinAxisTrack: no visible global function definition for
  'popViewport'
drawGD,ProteinAxisTrack: no visible global function definition for
  '.getGapPos'
drawGD,ProteinAxisTrack: no visible global function definition for
  'gaps'
drawGD,ProteinAxisTrack: no visible global function definition for
  'viewport'
drawGD,ProteinAxisTrack: no visible global function definition for
  'grid.segments'
drawGD,ProteinAxisTrack: no visible global function definition for
  'gpar'
drawGD,ProteinAxisTrack: no visible global function definition for
  'coord2ext'
drawGD,ProteinAxisTrack: no visible global function definition for
  'grid.text'
drawGD,ProteinAxisTrack: no visible global function definition for
  'convertWidth'
drawGD,ProteinAxisTrack: no visible global function definition for
  'stringWidth'
drawGD,ProteinSequenceTrack: no visible global function definition for
  'pushViewport'
drawGD,ProteinSequenceTrack: no visible global function definition for
  'dataViewport'
drawGD,ProteinSequenceTrack: no visible global function definition for
  'gpar'
drawGD,ProteinSequenceTrack: no visible global function definition for
  'popViewport'
drawGD,ProteinSequenceTrack: no visible global function definition for
  'convertUnit'
drawGD,ProteinSequenceTrack: no visible global function definition for
  'stringWidth'
drawGD,ProteinSequenceTrack: no visible global function definition for
  'grid.lines'
drawGD,ProteinSequenceTrack: no visible global function definition for
  'unit'
drawGD,ProteinSequenceTrack: no visible global function definition for
  'grid.text'
drawGD,ProteinSequenceTrack: no visible global function definition for
  'grid.rect'
Undefined global functions or variables:
  .getGapPos assignInNamespace convertHeight convertUnit convertWidth
  coord2ext dataViewport gaps gpar grid.lines grid.rect grid.segments
  grid.text popViewport pushViewport stringHeight stringWidth tail unit
  viewport
Consider adding
  importFrom("utils", "assignInNamespace", "tail")
to your NAMESPACE file.
* checking Rd files ... OK
* checking Rd metadata ... OK
* checking Rd cross-references ... WARNING
Missing link or links in Rd file 'ATrack.Rd':
  ‘GdObject’

Missing link or links in Rd file 'DTrack.Rd':
  ‘GdObject’

Missing link or links in Rd file 'ProbeTrack.Rd':
  ‘GdObject’

See section 'Cross-references' in the 'Writing R Extensions' manual.
* checking for missing documentation entries ... OK
* checking for code/documentation mismatches ... OK
* checking Rd \usage sections ... OK
* checking Rd contents ... OK
* checking for unstated dependencies in examples ... OK
* checking installed files from ‘inst/doc’ ... OK
* checking files in ‘vignettes’ ... OK
* checking examples ... OK
* checking for unstated dependencies in vignettes ... OK
* checking package vignettes ... OK
* checking re-building of vignette outputs ... OK
* checking PDF version of manual ... OK
* DONE

Status: 1 WARNING, 1 NOTE
See
  ‘/home/biocbuild/bbs-3.19-bioc/meat/Pviz.Rcheck/00check.log’
for details.


Installation output

Pviz.Rcheck/00install.out

##############################################################################
##############################################################################
###
### Running command:
###
###   /home/biocbuild/bbs-3.19-bioc/R/bin/R CMD INSTALL Pviz
###
##############################################################################
##############################################################################


* installing to library ‘/home/biocbuild/bbs-3.19-bioc/R/site-library’
* installing *source* package ‘Pviz’ ...
** using staged installation
** R
** inst
** byte-compile and prepare package for lazy loading
** help
*** installing help indices
** building package indices
** installing vignettes
** testing if installed package can be loaded from temporary location
** testing if installed package can be loaded from final location
** testing if installed package keeps a record of temporary installation path
* DONE (Pviz)

Tests output


Example timings

Pviz.Rcheck/Pviz-Ex.timings

nameusersystemelapsed
ATrack2.8900.1072.998
CladeTrack1.3790.0681.448
DTrack0.1010.0080.110
ProbeTrack2.6620.0242.687
ProteinAxisTrack0.4340.0040.439
ProteinSequenceTrack0.1950.0040.199
plot_clade1.3560.0961.452
plot_inter0.6350.0030.633