Back to Multiple platform build/check report for BioC 3.13
ABCDEFGHIJKLMNO[P]QRSTUVWXYZ

This page was generated on 2021-07-30 15:06:04 -0400 (Fri, 30 Jul 2021).

BUILD results for PoTRA on tokay2

To the developers/maintainers of the PoTRA package:
- Please allow up to 24 hours (and sometimes 48 hours) for your latest push to git@git.bioconductor.org:packages/PoTRA.git to
reflect on this report. See How and When does the builder pull? When will my changes propagate? here for more information.
- Make sure to use the following settings in order to reproduce any error or warning you see on this page.

raw results

Package 1416/2041HostnameOS / ArchINSTALLBUILDCHECKBUILD BIN
PoTRA 1.8.2  (landing page)
Margaret Linan
Snapshot Date: 2021-07-29 04:50:02 -0400 (Thu, 29 Jul 2021)
URL: https://git.bioconductor.org/packages/PoTRA
Branch: RELEASE_3_13
Last Commit: cf90958
Last Changed Date: 2021-07-19 16:59:29 -0400 (Mon, 19 Jul 2021)
nebbiolo1Linux (Ubuntu 20.04.2 LTS) / x86_64  OK    OK    OK  UNNEEDED, same version is already published
tokay2Windows Server 2012 R2 Standard / x64  OK    ERROR  skippedskipped
machv2macOS 10.14.6 Mojave / x86_64  OK    OK    OK    OK  UNNEEDED, same version is already published

Summary

Package: PoTRA
Version: 1.8.2
Command: chmod a+r PoTRA -R && C:\Users\biocbuild\bbs-3.13-bioc\R\bin\R.exe CMD build --keep-empty-dirs --no-resave-data PoTRA
StartedAt: 2021-07-29 17:24:00 -0400 (Thu, 29 Jul 2021)
EndedAt: 2021-07-29 17:25:51 -0400 (Thu, 29 Jul 2021)
EllapsedTime: 110.8 seconds
RetCode: 1
Status:   ERROR  
PackageFile: None
PackageFileSize: NA

Command output

##############################################################################
##############################################################################
###
### Running command:
###
###   chmod a+r PoTRA -R && C:\Users\biocbuild\bbs-3.13-bioc\R\bin\R.exe CMD build --keep-empty-dirs --no-resave-data PoTRA
###
##############################################################################
##############################################################################


* checking for file 'PoTRA/DESCRIPTION' ... OK
* preparing 'PoTRA':
* checking DESCRIPTION meta-information ... OK
* installing the package to build vignettes
* creating vignettes ... ERROR
--- re-building 'PoTRA.Rmd' using rmarkdown
Quitting from lines 223-227 (PoTRA.Rmd) 
Error: processing vignette 'PoTRA.Rmd' failed with diagnostics:
cannot download pathway data: are you offline?
--- failed re-building 'PoTRA.Rmd'

SUMMARY: processing the following file failed:
  'PoTRA.Rmd'

Error: Vignette re-building failed.
Execution halted