Back to Multiple platform build/check report for BioC 3.13
ABCDEF[G]HIJKLMNOPQRSTUVWXYZ

This page was generated on 2021-09-20 15:05:14 -0400 (Mon, 20 Sep 2021).

CHECK results for GenoGAM on tokay2

To the developers/maintainers of the GenoGAM package:
- Please allow up to 24 hours (and sometimes 48 hours) for your latest push to git@git.bioconductor.org:packages/GenoGAM.git to
reflect on this report. See How and When does the builder pull? When will my changes propagate? here for more information.
- Make sure to use the following settings in order to reproduce any error or warning you see on this page.

raw results

Package 734/2041HostnameOS / ArchINSTALLBUILDCHECKBUILD BIN
GenoGAM 2.10.0  (landing page)
Georg Stricker
Snapshot Date: 2021-09-19 04:50:10 -0400 (Sun, 19 Sep 2021)
git_url: https://git.bioconductor.org/packages/GenoGAM
git_branch: RELEASE_3_13
git_last_commit: 3b86b0c
git_last_commit_date: 2021-05-19 12:19:19 -0400 (Wed, 19 May 2021)
nebbiolo1Linux (Ubuntu 20.04.2 LTS) / x86_64  OK    OK    WARNINGS  UNNEEDED, same version is already published
tokay2Windows Server 2012 R2 Standard / x64  OK    OK    WARNINGS    OK  UNNEEDED, same version is already published
machv2macOS 10.14.6 Mojave / x86_64  OK    OK    WARNINGS    OK  UNNEEDED, same version is already published

Summary

Package: GenoGAM
Version: 2.10.0
Command: C:\Users\biocbuild\bbs-3.13-bioc\R\bin\R.exe CMD check --force-multiarch --install=check:GenoGAM.install-out.txt --library=C:\Users\biocbuild\bbs-3.13-bioc\R\library --no-vignettes --timings GenoGAM_2.10.0.tar.gz
StartedAt: 2021-09-19 22:53:23 -0400 (Sun, 19 Sep 2021)
EndedAt: 2021-09-19 23:22:36 -0400 (Sun, 19 Sep 2021)
EllapsedTime: 1753.1 seconds
RetCode: 0
Status:   WARNINGS  
CheckDir: GenoGAM.Rcheck
Warnings: 3

Command output

##############################################################################
##############################################################################
###
### Running command:
###
###   C:\Users\biocbuild\bbs-3.13-bioc\R\bin\R.exe CMD check --force-multiarch --install=check:GenoGAM.install-out.txt --library=C:\Users\biocbuild\bbs-3.13-bioc\R\library --no-vignettes --timings GenoGAM_2.10.0.tar.gz
###
##############################################################################
##############################################################################


* using log directory 'C:/Users/biocbuild/bbs-3.13-bioc/meat/GenoGAM.Rcheck'
* using R version 4.1.1 (2021-08-10)
* using platform: x86_64-w64-mingw32 (64-bit)
* using session charset: ISO8859-1
* using option '--no-vignettes'
* checking for file 'GenoGAM/DESCRIPTION' ... OK
* checking extension type ... Package
* this is package 'GenoGAM' version '2.10.0'
* package encoding: UTF-8
* checking package namespace information ... OK
* checking package dependencies ... NOTE
Depends: includes the non-default packages:
  'SummarizedExperiment', 'HDF5Array', 'rhdf5', 'S4Vectors', 'Matrix',
  'data.table'
Adding so many packages to the search path is excessive and importing
selectively is preferable.
* checking if this is a source package ... OK
* checking if there is a namespace ... OK
* checking for hidden files and directories ... OK
* checking for portable file names ... OK
* checking whether package 'GenoGAM' can be installed ... WARNING
Found the following significant warnings:
  Warning: replacing previous import 'HDF5Array::h5ls' by 'rhdf5::h5ls' when loading 'GenoGAM'
  Warning: replacing previous import 'S4Vectors::na.omit' by 'stats::na.omit' when loading 'GenoGAM'
See 'C:/Users/biocbuild/bbs-3.13-bioc/meat/GenoGAM.Rcheck/00install.out' for details.
* checking installed package size ... NOTE
  installed size is  7.4Mb
  sub-directories of 1Mb or more:
    R         1.3Mb
    extdata   3.0Mb
    libs      2.5Mb
* checking package directory ... OK
* checking 'build' directory ... OK
* checking DESCRIPTION meta-information ... OK
* checking top-level files ... OK
* checking for left-over files ... OK
* checking index information ... OK
* checking package subdirectories ... OK
* checking R files for non-ASCII characters ... OK
* checking R files for syntax errors ... OK
* loading checks for arch 'i386'
** checking whether the package can be loaded ... OK
** checking whether the package can be loaded with stated dependencies ... OK
** checking whether the package can be unloaded cleanly ... OK
** checking whether the namespace can be loaded with stated dependencies ... OK
** checking whether the namespace can be unloaded cleanly ... OK
* loading checks for arch 'x64'
** checking whether the package can be loaded ... OK
** checking whether the package can be loaded with stated dependencies ... OK
** checking whether the package can be unloaded cleanly ... OK
** checking whether the namespace can be loaded with stated dependencies ... OK
** checking whether the namespace can be unloaded cleanly ... OK
* checking dependencies in R code ... NOTE
Namespace in Imports field not imported from: 'Biostrings'
  All declared Imports should be used.
Packages in Depends field not imported from:
  'Matrix' 'data.table'
  These packages need to be imported from (in the NAMESPACE file)
  for when this namespace is loaded but not attached.
':::' calls which should be '::':
  'DelayedArray:::getAutoBlockLength' 'DelayedArray:::read_block'
  See the note in ?`:::` about the use of this operator.
* checking S3 generic/method consistency ... OK
* checking replacement functions ... OK
* checking foreign function calls ... OK
* checking R code for possible problems ... NOTE
.GenoGAMFromHDF5: no visible binding for global variable 'h5fits'
.GenoGAMFromHDF5: no visible binding for global variable 'h5ses'
.callBroadPeaks_default: no visible binding for global variable 'pval'
.callBroadPeaks_default: no visible binding for global variable
  'region'
.callBroadPeaks_default: no visible binding for global variable
  'estimate'
.callBroadPeaks_hdf5: no visible binding for global variable 'pval'
.callBroadPeaks_hdf5: no visible binding for global variable 'region'
.callBroadPeaks_hdf5: no visible binding for global variable 'estimate'
.callBroadPeaks_split: no visible binding for global variable 'pval'
.callBroadPeaks_split: no visible binding for global variable 'region'
.callBroadPeaks_split: no visible binding for global variable
  'estimate'
.callBroadPeaks_split_hdf5: no visible binding for global variable
  'pval'
.callBroadPeaks_split_hdf5: no visible binding for global variable
  'region'
.callBroadPeaks_split_hdf5: no visible binding for global variable
  'estimate'
.pvals_hdf5_split: no visible binding for global variable 'chrom'
.setOptimalChunkSize: no visible global function definition for
  'count.fields'
.shorth_hdf5 : COMBINE : <anonymous>: no visible binding for global
  variable 'tmp'
callPeaks: no visible binding for global variable 'fdr'
computeRegionSignificance: no visible binding for global variable 'p'
computeRegionSignificance: no visible binding for global variable
  'region'
plot_base: no visible global function definition for 'par'
plot_base: no visible global function definition for 'x11'
plot_base: no visible global function definition for 'lines'
plot_base: no visible global function definition for 'abline'
writeToBroadPeaks: no visible global function definition for
  'write.table'
writeToNarrowPeaks: no visible binding for global variable 'chromosome'
writeToNarrowPeaks: no visible global function definition for
  'write.table'
Undefined global functions or variables:
  abline chrom chromosome count.fields estimate fdr h5fits h5ses lines
  p par pval region tmp write.table x11
Consider adding
  importFrom("grDevices", "x11")
  importFrom("graphics", "abline", "lines", "par")
  importFrom("utils", "count.fields", "write.table")
to your NAMESPACE file.
* checking Rd files ... OK
* checking Rd metadata ... WARNING
Rd files with duplicated alias 'GenoGAM':
  'GenoGAM-class.Rd' 'GenoGAM.Rd'
* checking Rd cross-references ... OK
* checking for missing documentation entries ... WARNING
Undocumented code objects:
  'getCountMatrix' 'is.HDF5' 'pvalue'
Undocumented S4 methods:
  generic 'dim' and siglist 'GenoGAMSetup'
  generic 'length' and siglist 'GenoGAMSetup'
All user-level objects in a package (including S4 classes and methods)
should have documentation entries.
See chapter 'Writing R documentation files' in the 'Writing R
Extensions' manual.
* checking for code/documentation mismatches ... OK
* checking Rd \usage sections ... OK
* checking Rd contents ... OK
* checking for unstated dependencies in examples ... OK
* checking line endings in C/C++/Fortran sources/headers ... OK
* checking line endings in Makefiles ... OK
* checking compilation flags in Makevars ... OK
* checking for GNU extensions in Makefiles ... OK
* checking for portable use of $(BLAS_LIBS) and $(LAPACK_LIBS) ... OK
* checking use of PKG_*FLAGS in Makefiles ... OK
* checking compiled code ... NOTE
Note: information on .o files for i386 is not available
Note: information on .o files for x64 is not available
File 'C:/Users/biocbuild/bbs-3.13-bioc/R/library/GenoGAM/libs/i386/GenoGAM.dll':
  Found '_exit', possibly from '_exit' (C)
  Found 'abort', possibly from 'abort' (C), 'runtime' (Fortran)
  Found 'exit', possibly from 'exit' (C), 'stop' (Fortran)
  Found 'printf', possibly from 'printf' (C)
File 'C:/Users/biocbuild/bbs-3.13-bioc/R/library/GenoGAM/libs/x64/GenoGAM.dll':
  Found '_exit', possibly from '_exit' (C)
  Found 'abort', possibly from 'abort' (C), 'runtime' (Fortran)
  Found 'exit', possibly from 'exit' (C), 'stop' (Fortran)
  Found 'printf', possibly from 'printf' (C)

Compiled code should not call entry points which might terminate R nor
write to stdout/stderr instead of to the console, nor use Fortran I/O
nor system RNGs. The detected symbols are linked into the code but
might come from libraries and not actually be called.

See 'Writing portable packages' in the 'Writing R Extensions' manual.
* checking files in 'vignettes' ... OK
* checking examples ...
** running examples for arch 'i386' ... OK
Examples with CPU (user + system) or elapsed time > 5s
                            user system elapsed
GenoGAMDataSet-class       10.14   0.53   11.86
GenoGAMDataSet-subsetting   5.86   0.05    5.91
GenoGAMDataSetList-metrics  5.04   0.09   18.56
fitGenoGAM                  1.99   0.00   48.72
makeTestGenoGAMDataSetList  1.41   0.00   14.91
callPeaks                   1.04   0.00   13.89
** running examples for arch 'x64' ... OK
Examples with CPU (user + system) or elapsed time > 5s
                            user system elapsed
GenoGAMDataSet-class       13.70   0.15   13.86
GenoGAMDataSet-subsetting   7.32   0.00    7.31
GenoGAMDataSetList-metrics  5.85   0.08   22.76
readData                    5.23   0.04    5.28
computeSizeFactors          5.11   0.00    5.11
fitGenoGAM                  2.92   0.05   48.98
makeTestGenoGAMDataSetList  1.55   0.00   16.05
callPeaks                   1.29   0.00   14.89
* checking for unstated dependencies in 'tests' ... OK
* checking tests ...
** running tests for arch 'i386' ...
  Running 'testthat.R'
 OK
** running tests for arch 'x64' ...
  Running 'testthat.R'
 OK
* checking for unstated dependencies in vignettes ... OK
* checking package vignettes in 'inst/doc' ... OK
* checking running R code from vignettes ... SKIPPED
* checking re-building of vignette outputs ... SKIPPED
* checking PDF version of manual ... OK
* DONE

Status: 3 WARNINGs, 5 NOTEs
See
  'C:/Users/biocbuild/bbs-3.13-bioc/meat/GenoGAM.Rcheck/00check.log'
for details.



Installation output

GenoGAM.Rcheck/00install.out

##############################################################################
##############################################################################
###
### Running command:
###
###   C:\cygwin\bin\curl.exe -O http://155.52.207.165/BBS/3.13/bioc/src/contrib/GenoGAM_2.10.0.tar.gz && rm -rf GenoGAM.buildbin-libdir && mkdir GenoGAM.buildbin-libdir && C:\Users\biocbuild\bbs-3.13-bioc\R\bin\R.exe CMD INSTALL --merge-multiarch --build --library=GenoGAM.buildbin-libdir GenoGAM_2.10.0.tar.gz && C:\Users\biocbuild\bbs-3.13-bioc\R\bin\R.exe CMD INSTALL GenoGAM_2.10.0.zip && rm GenoGAM_2.10.0.tar.gz GenoGAM_2.10.0.zip
###
##############################################################################
##############################################################################


  % Total    % Received % Xferd  Average Speed   Time    Time     Time  Current
                                 Dload  Upload   Total   Spent    Left  Speed

  0     0    0     0    0     0      0      0 --:--:-- --:--:-- --:--:--     0
 60 3286k   60 1987k    0     0  3563k      0 --:--:-- --:--:-- --:--:-- 3562k
100 3286k  100 3286k    0     0  4428k      0 --:--:-- --:--:-- --:--:-- 4428k

install for i386

* installing *source* package 'GenoGAM' ...
** using staged installation
** libs
"C:/rtools40/mingw32/bin/"g++  -std=gnu++11 -I"C:/Users/BIOCBU~1/BBS-3~1.13-/R/include" -DNDEBUG -I../inst/include -DARMA_64BIT_WORD=1 -I'C:/Users/biocbuild/bbs-3.13-bioc/R/library/Rcpp/include' -I'C:/Users/biocbuild/bbs-3.13-bioc/R/library/RcppArmadillo/include'   -I"c:/extsoft/include"  -fopenmp    -O2 -Wall  -mfpmath=sse -msse2 -mstackrealign  -c RcppExports.cpp -o RcppExports.o
"C:/rtools40/mingw32/bin/"g++  -std=gnu++11 -I"C:/Users/BIOCBU~1/BBS-3~1.13-/R/include" -DNDEBUG -I../inst/include -DARMA_64BIT_WORD=1 -I'C:/Users/biocbuild/bbs-3.13-bioc/R/library/Rcpp/include' -I'C:/Users/biocbuild/bbs-3.13-bioc/R/library/RcppArmadillo/include'   -I"c:/extsoft/include"  -fopenmp    -O2 -Wall  -mfpmath=sse -msse2 -mstackrealign  -c matrixMult.cpp -o matrixMult.o
C:/rtools40/mingw32/bin/g++ -shared -s -static-libgcc -o GenoGAM.dll tmp.def RcppExports.o matrixMult.o -fopenmp -LC:/Users/BIOCBU~1/BBS-3~1.13-/R/bin/i386 -lRlapack -LC:/Users/BIOCBU~1/BBS-3~1.13-/R/bin/i386 -lRblas -lgfortran -lm -lquadmath -Lc:/extsoft/lib/i386 -Lc:/extsoft/lib -LC:/Users/BIOCBU~1/BBS-3~1.13-/R/bin/i386 -lR
installing to C:/Users/biocbuild/bbs-3.13-bioc/meat/GenoGAM.buildbin-libdir/00LOCK-GenoGAM/00new/GenoGAM/libs/i386
** R
** inst
** byte-compile and prepare package for lazy loading
Warning: replacing previous import 'HDF5Array::h5ls' by 'rhdf5::h5ls' when loading 'GenoGAM'
Warning: replacing previous import 'S4Vectors::na.omit' by 'stats::na.omit' when loading 'GenoGAM'
** help
*** installing help indices
  converting help for package 'GenoGAM'
    finding HTML links ... done
    Coordinates-class                       html  
    GenoGAM-class                           html  
    GenoGAM                                 html  
REDIRECT:topic	 Previous alias or file overwritten by alias: C:/Users/biocbuild/bbs-3.13-bioc/meat/GenoGAM.buildbin-libdir/00LOCK-GenoGAM/00new/GenoGAM/help/GenoGAM.html
    GenoGAMDataSet-class                    html  
    GenoGAMDataSet-metrics                  html  
    GenoGAMDataSet-subsetting               html  
    GenoGAMDataSetList-class                html  
    GenoGAMDataSetList-metrics              html  
    GenoGAMDataSetList-subsetting           html  
    GenoGAMFamily-class                     html  
    GenoGAMList-class                       html  
    GenoGAMList-subsetting                  html  
    GenoGAMSettings-class                   html  
    asCoordinates                           html  
    callPeaks                               html  
    computeRegionSignificance               html  
    computeSignificance                     html  
    computeSizeFactors                      html  
    fitGenoGAM                              html  
REDIRECT:topic	 Previous alias or file overwritten by alias: C:/Users/biocbuild/bbs-3.13-bioc/meat/GenoGAM.buildbin-libdir/00LOCK-GenoGAM/00new/GenoGAM/help/genogam.html
    makeTestGenoGAM                         html  
    makeTestGenoGAMDataSet                  html  
    makeTestGenoGAMDataSetList              html  
    makeTestGenoGAMList                     html  
    plotGenoGAM                             html  
    readData                                html  
    writeToBEDFile                          html  
** building package indices
** installing vignettes
** testing if installed package can be loaded from temporary location
Warning: replacing previous import 'HDF5Array::h5ls' by 'rhdf5::h5ls' when loading 'GenoGAM'
Warning: replacing previous import 'S4Vectors::na.omit' by 'stats::na.omit' when loading 'GenoGAM'
** testing if installed package can be loaded from final location
Warning: replacing previous import 'HDF5Array::h5ls' by 'rhdf5::h5ls' when loading 'GenoGAM'
Warning: replacing previous import 'S4Vectors::na.omit' by 'stats::na.omit' when loading 'GenoGAM'
** testing if installed package keeps a record of temporary installation path

install for x64

* installing *source* package 'GenoGAM' ...
** libs
"C:/rtools40/mingw64/bin/"g++  -std=gnu++11 -I"C:/Users/BIOCBU~1/BBS-3~1.13-/R/include" -DNDEBUG -I../inst/include -DARMA_64BIT_WORD=1 -I'C:/Users/biocbuild/bbs-3.13-bioc/R/library/Rcpp/include' -I'C:/Users/biocbuild/bbs-3.13-bioc/R/library/RcppArmadillo/include'   -I"C:/extsoft/include"  -fopenmp    -O2 -Wall  -mfpmath=sse -msse2 -mstackrealign  -c RcppExports.cpp -o RcppExports.o
"C:/rtools40/mingw64/bin/"g++  -std=gnu++11 -I"C:/Users/BIOCBU~1/BBS-3~1.13-/R/include" -DNDEBUG -I../inst/include -DARMA_64BIT_WORD=1 -I'C:/Users/biocbuild/bbs-3.13-bioc/R/library/Rcpp/include' -I'C:/Users/biocbuild/bbs-3.13-bioc/R/library/RcppArmadillo/include'   -I"C:/extsoft/include"  -fopenmp    -O2 -Wall  -mfpmath=sse -msse2 -mstackrealign  -c matrixMult.cpp -o matrixMult.o
C:/rtools40/mingw64/bin/g++ -shared -s -static-libgcc -o GenoGAM.dll tmp.def RcppExports.o matrixMult.o -fopenmp -LC:/Users/BIOCBU~1/BBS-3~1.13-/R/bin/x64 -lRlapack -LC:/Users/BIOCBU~1/BBS-3~1.13-/R/bin/x64 -lRblas -lgfortran -lm -lquadmath -LC:/extsoft/lib/x64 -LC:/extsoft/lib -LC:/Users/BIOCBU~1/BBS-3~1.13-/R/bin/x64 -lR
installing to C:/Users/biocbuild/bbs-3.13-bioc/meat/GenoGAM.buildbin-libdir/GenoGAM/libs/x64
** testing if installed package can be loaded
Warning: replacing previous import 'HDF5Array::h5ls' by 'rhdf5::h5ls' when loading 'GenoGAM'
Warning: replacing previous import 'S4Vectors::na.omit' by 'stats::na.omit' when loading 'GenoGAM'
* MD5 sums
packaged installation of 'GenoGAM' as GenoGAM_2.10.0.zip
* DONE (GenoGAM)
* installing to library 'C:/Users/biocbuild/bbs-3.13-bioc/R/library'
package 'GenoGAM' successfully unpacked and MD5 sums checked

Tests output

GenoGAM.Rcheck/tests_i386/testthat.Rout


R version 4.1.1 (2021-08-10) -- "Kick Things"
Copyright (C) 2021 The R Foundation for Statistical Computing
Platform: i386-w64-mingw32/i386 (32-bit)

R is free software and comes with ABSOLUTELY NO WARRANTY.
You are welcome to redistribute it under certain conditions.
Type 'license()' or 'licence()' for distribution details.

R is a collaborative project with many contributors.
Type 'contributors()' for more information and
'citation()' on how to cite R or R packages in publications.

Type 'demo()' for some demos, 'help()' for on-line help, or
'help.start()' for an HTML browser interface to help.
Type 'q()' to quit R.

> library(testthat)
> library(GenoGAM)
Loading required package: SummarizedExperiment
Loading required package: MatrixGenerics
Loading required package: matrixStats

Attaching package: 'MatrixGenerics'

The following objects are masked from 'package:matrixStats':

    colAlls, colAnyNAs, colAnys, colAvgsPerRowSet, colCollapse,
    colCounts, colCummaxs, colCummins, colCumprods, colCumsums,
    colDiffs, colIQRDiffs, colIQRs, colLogSumExps, colMadDiffs,
    colMads, colMaxs, colMeans2, colMedians, colMins, colOrderStats,
    colProds, colQuantiles, colRanges, colRanks, colSdDiffs, colSds,
    colSums2, colTabulates, colVarDiffs, colVars, colWeightedMads,
    colWeightedMeans, colWeightedMedians, colWeightedSds,
    colWeightedVars, rowAlls, rowAnyNAs, rowAnys, rowAvgsPerColSet,
    rowCollapse, rowCounts, rowCummaxs, rowCummins, rowCumprods,
    rowCumsums, rowDiffs, rowIQRDiffs, rowIQRs, rowLogSumExps,
    rowMadDiffs, rowMads, rowMaxs, rowMeans2, rowMedians, rowMins,
    rowOrderStats, rowProds, rowQuantiles, rowRanges, rowRanks,
    rowSdDiffs, rowSds, rowSums2, rowTabulates, rowVarDiffs, rowVars,
    rowWeightedMads, rowWeightedMeans, rowWeightedMedians,
    rowWeightedSds, rowWeightedVars

Loading required package: GenomicRanges
Loading required package: stats4
Loading required package: BiocGenerics
Loading required package: parallel

Attaching package: 'BiocGenerics'

The following objects are masked from 'package:parallel':

    clusterApply, clusterApplyLB, clusterCall, clusterEvalQ,
    clusterExport, clusterMap, parApply, parCapply, parLapply,
    parLapplyLB, parRapply, parSapply, parSapplyLB

The following objects are masked from 'package:stats':

    IQR, mad, sd, var, xtabs

The following objects are masked from 'package:base':

    Filter, Find, Map, Position, Reduce, anyDuplicated, append,
    as.data.frame, basename, cbind, colnames, dirname, do.call,
    duplicated, eval, evalq, get, grep, grepl, intersect, is.unsorted,
    lapply, mapply, match, mget, order, paste, pmax, pmax.int, pmin,
    pmin.int, rank, rbind, rownames, sapply, setdiff, sort, table,
    tapply, union, unique, unsplit, which.max, which.min

Loading required package: S4Vectors

Attaching package: 'S4Vectors'

The following objects are masked from 'package:base':

    I, expand.grid, unname

Loading required package: IRanges

Attaching package: 'IRanges'

The following object is masked from 'package:grDevices':

    windows

Loading required package: GenomeInfoDb
Loading required package: Biobase
Welcome to Bioconductor

    Vignettes contain introductory material; view with
    'browseVignettes()'. To cite Bioconductor, see
    'citation("Biobase")', and for packages 'citation("pkgname")'.


Attaching package: 'Biobase'

The following object is masked from 'package:MatrixGenerics':

    rowMedians

The following objects are masked from 'package:matrixStats':

    anyMissing, rowMedians

Loading required package: HDF5Array
Loading required package: DelayedArray
Loading required package: Matrix

Attaching package: 'Matrix'

The following object is masked from 'package:S4Vectors':

    expand


Attaching package: 'DelayedArray'

The following objects are masked from 'package:base':

    aperm, apply, rowsum, scale, sweep

Loading required package: rhdf5

Attaching package: 'HDF5Array'

The following object is masked from 'package:rhdf5':

    h5ls

Loading required package: data.table

Attaching package: 'data.table'

The following object is masked from 'package:SummarizedExperiment':

    shift

The following object is masked from 'package:GenomicRanges':

    shift

The following object is masked from 'package:IRanges':

    shift

The following objects are masked from 'package:S4Vectors':

    first, second

Warning messages:
1: replacing previous import 'HDF5Array::h5ls' by 'rhdf5::h5ls' when loading 'GenoGAM' 
2: replacing previous import 'S4Vectors::na.omit' by 'stats::na.omit' when loading 'GenoGAM' 
> 
> test_check("GenoGAM")
INFO [2021-09-19 23:03:30] Creating GenoGAMDataSet
INFO [2021-09-19 23:03:31] GenoGAMDataSet created
INFO [2021-09-19 23:03:31] Creating GenoGAMDataSet
INFO [2021-09-19 23:03:31] Creating GenoGAMDataSet
INFO [2021-09-19 23:03:31] Creating GenoGAMDataSet
INFO [2021-09-19 23:03:31] Creating GenoGAMDataSet
INFO [2021-09-19 23:03:32] Creating GenoGAMDataSet
INFO [2021-09-19 23:03:32] Reading in data
INFO [2021-09-19 23:03:32] Reading in wt_1
INFO [2021-09-19 23:03:34] Reading in wt_2
INFO [2021-09-19 23:03:34] Reading in mutant_1
INFO [2021-09-19 23:03:34] Reading in mutant_2
INFO [2021-09-19 23:03:35] Finished reading in data
INFO [2021-09-19 23:03:35] GenoGAMDataSet created
INFO [2021-09-19 23:03:35] Creating GenoGAMDataSet
INFO [2021-09-19 23:03:36] Reading in data
INFO [2021-09-19 23:03:36] Reading in wt_1
INFO [2021-09-19 23:03:36] Reading in wt_2
INFO [2021-09-19 23:03:36] Reading in mutant_1
INFO [2021-09-19 23:03:37] Reading in mutant_2
INFO [2021-09-19 23:03:37] Finished reading in data
INFO [2021-09-19 23:03:37] GenoGAMDataSet created
INFO [2021-09-19 23:03:37] Creating GenoGAMDataSet
ERROR [2021-09-19 23:03:37] The data does not match the region specification in the bamParams settings.
INFO [2021-09-19 23:03:37] GenoGAMDataSet created
WARN [2021-09-19 23:03:37] Checks dismissed due to empty object or forgotten setting
INFO [2021-09-19 23:03:37] Creating GenoGAMDataSet
ERROR [2021-09-19 23:03:38] No chromosomes to read in. Check either the specified settings or the header of BAM file
INFO [2021-09-19 23:03:38] GenoGAMDataSet created
WARN [2021-09-19 23:03:38] Checks dismissed due to empty object or forgotten setting
INFO [2021-09-19 23:03:38] Creating GenoGAMDataSet
INFO [2021-09-19 23:03:38] Reading in data
INFO [2021-09-19 23:03:38] Reading in wt_1
INFO [2021-09-19 23:03:39] Reading in wt_2
INFO [2021-09-19 23:03:39] Reading in mutant_1
INFO [2021-09-19 23:03:40] Reading in mutant_2
INFO [2021-09-19 23:03:40] Finished reading in data
ERROR [2021-09-19 23:03:41] Checks failed. Following settings display errors:
                                       formula 
"'by' variables in design don't match colData" 
INFO [2021-09-19 23:03:41] GenoGAMDataSet created
ERROR [2021-09-19 23:03:41] Checks failed. Following settings display errors:
                                       formula 
"'by' variables in design don't match colData" 
WARN [2021-09-19 23:04:58] Settings checking deactivated. Modeling on these tiles might yield wrong results.
WARN [2021-09-19 23:04:58] Checks dismissed due to empty object or forgotten setting
ERROR [2021-09-19 23:04:58] 'by' variables could not be found in colData
INFO [2021-09-19 23:05:00] Reading in data
INFO [2021-09-19 23:05:00] Reading in wt_1
INFO [2021-09-19 23:05:00] Reading in wt_2
INFO [2021-09-19 23:05:01] Reading in mutant_1
INFO [2021-09-19 23:05:01] Reading in mutant_2
INFO [2021-09-19 23:05:02] Finished reading in data
INFO [2021-09-19 23:05:02] Creating GenoGAMDataSet
INFO [2021-09-19 23:05:03] Reading in data
INFO [2021-09-19 23:05:03] Reading in wt_1
INFO [2021-09-19 23:05:03] Reading in wt_2
INFO [2021-09-19 23:05:04] Reading in mutant_1
INFO [2021-09-19 23:05:04] Reading in mutant_2
INFO [2021-09-19 23:05:04] Finished reading in data
INFO [2021-09-19 23:05:04] GenoGAMDataSet created
INFO [2021-09-19 23:05:06] Creating GenoGAMDataSet
INFO [2021-09-19 23:05:07] GenoGAMDataSet created
INFO [2021-09-19 23:05:08] Creating GenoGAMDataSet
INFO [2021-09-19 23:05:09] GenoGAMDataSet created
INFO [2021-09-19 23:05:10] Creating GenoGAMDataSet
INFO [2021-09-19 23:05:11] GenoGAMDataSet created
INFO [2021-09-19 23:05:11] Creating GenoGAMDataSet
INFO [2021-09-19 23:05:12] GenoGAMDataSet created
INFO [2021-09-19 23:05:12] Creating GenoGAMDataSet
INFO [2021-09-19 23:05:13] Reading in data
INFO [2021-09-19 23:05:13] Reading in wt_1
INFO [2021-09-19 23:05:13] Reading in wt_2
INFO [2021-09-19 23:05:14] Reading in mutant_1
INFO [2021-09-19 23:05:14] Reading in mutant_2
INFO [2021-09-19 23:05:14] Finished reading in data
INFO [2021-09-19 23:05:15] GenoGAMDataSet created
INFO [2021-09-19 23:05:15] Creating GenoGAMDataSet
INFO [2021-09-19 23:05:16] Reading in data
INFO [2021-09-19 23:05:16] Reading in wt_1
INFO [2021-09-19 23:05:16] Reading in wt_2
INFO [2021-09-19 23:05:16] Reading in mutant_1
INFO [2021-09-19 23:05:17] Reading in mutant_2
INFO [2021-09-19 23:05:17] Finished reading in data
INFO [2021-09-19 23:05:18] GenoGAMDataSet created
INFO [2021-09-19 23:05:18] Creating GenoGAMDataSet
INFO [2021-09-19 23:05:18] Reading in data
INFO [2021-09-19 23:05:18] Reading in wt_1
INFO [2021-09-19 23:05:19] Reading in wt_2
INFO [2021-09-19 23:05:19] Reading in mutant_1
INFO [2021-09-19 23:05:19] Reading in mutant_2
INFO [2021-09-19 23:05:20] Finished reading in data
INFO [2021-09-19 23:05:20] GenoGAMDataSet created
INFO [2021-09-19 23:05:20] Creating GenoGAMDataSet
ERROR [2021-09-19 23:05:20] The data does not match the region specification in the bamParams settings.
INFO [2021-09-19 23:05:20] GenoGAMDataSet created
WARN [2021-09-19 23:05:20] Checks dismissed due to empty object or forgotten setting
INFO [2021-09-19 23:05:21] Creating GenoGAMDataSet
ERROR [2021-09-19 23:05:21] The data does not match the region specification in the bamParams settings.
INFO [2021-09-19 23:05:21] GenoGAMDataSet created
WARN [2021-09-19 23:05:21] Checks dismissed due to empty object or forgotten setting
INFO [2021-09-19 23:05:21] Creating GenoGAMDataSet
INFO [2021-09-19 23:05:21] Reading in data
INFO [2021-09-19 23:05:21] Reading in wt_1
INFO [2021-09-19 23:05:22] Reading in wt_2
INFO [2021-09-19 23:05:22] Reading in mutant_1
INFO [2021-09-19 23:05:23] Reading in mutant_2
INFO [2021-09-19 23:05:24] Finished reading in data
ERROR [2021-09-19 23:05:24] Checks failed. Following settings display errors:
                                       formula 
"'by' variables in design don't match colData" 
INFO [2021-09-19 23:05:24] GenoGAMDataSet created
ERROR [2021-09-19 23:05:24] Checks failed. Following settings display errors:
                                       formula 
"'by' variables in design don't match colData" 
WARN [2021-09-19 23:05:44] Settings checking deactivated. Modeling on these tiles might yield wrong results.
WARN [2021-09-19 23:05:44] Checks dismissed due to empty object or forgotten setting
INFO [2021-09-19 23:05:44] Creating GenoGAMDataSet
INFO [2021-09-19 23:05:45] Reading in data
INFO [2021-09-19 23:05:45] Reading in wt_1
INFO [2021-09-19 23:05:45] Reading in wt_2
INFO [2021-09-19 23:05:45] Reading in mutant_1
INFO [2021-09-19 23:05:46] Reading in mutant_2
INFO [2021-09-19 23:05:46] Finished reading in data
INFO [2021-09-19 23:05:46] GenoGAMDataSet created
ERROR [2021-09-19 23:05:46] 'by' variables could not be found in colData
WARN [2021-09-19 23:08:30] Some supplied parameters aren't valid and won't be used
WARN [2021-09-19 23:08:30] Some supplied parameters aren't valid and won't be used
INFO [2021-09-19 23:08:30] Creating GenoGAMDataSet
INFO [2021-09-19 23:08:31] GenoGAMDataSet created
INFO [2021-09-19 23:08:32] Creating GenoGAMDataSet
INFO [2021-09-19 23:08:33] GenoGAMDataSet created
ERROR [2021-09-19 23:12:21] The overhang size covers the entire tile. Change parameter to a lower meaningful value. See getOverhangSize().
INFO [2021-09-19 23:12:21] Creating GenoGAMDataSet
INFO [2021-09-19 23:12:22] GenoGAMDataSet created
WARN [2021-09-19 23:12:25] Some supplied parameters aren't valid and won't be used
INFO [2021-09-19 23:12:41] Creating GenoGAMDataSet
INFO [2021-09-19 23:12:43] GenoGAMDataSet created
INFO [2021-09-19 23:12:43] Computing size factors
INFO [2021-09-19 23:12:44] DONE
INFO [2021-09-19 23:12:44] Computing size factors
INFO [2021-09-19 23:12:44] Creating GenoGAMDataSet
INFO [2021-09-19 23:12:45] GenoGAMDataSet created
INFO [2021-09-19 23:12:45] Computing size factors
ERROR [2021-09-19 23:12:45] GenoGAMDataSet doesn't have column names. No size factors computed.
INFO [2021-09-19 23:12:45] Creating GenoGAMDataSet
INFO [2021-09-19 23:12:46] GenoGAMDataSet created
[ FAIL 0 | WARN 109 | SKIP 0 | PASS 427 ]
> 
> proc.time()
   user  system elapsed 
  93.17    2.56  569.73 

GenoGAM.Rcheck/tests_x64/testthat.Rout


R version 4.1.1 (2021-08-10) -- "Kick Things"
Copyright (C) 2021 The R Foundation for Statistical Computing
Platform: x86_64-w64-mingw32/x64 (64-bit)

R is free software and comes with ABSOLUTELY NO WARRANTY.
You are welcome to redistribute it under certain conditions.
Type 'license()' or 'licence()' for distribution details.

R is a collaborative project with many contributors.
Type 'contributors()' for more information and
'citation()' on how to cite R or R packages in publications.

Type 'demo()' for some demos, 'help()' for on-line help, or
'help.start()' for an HTML browser interface to help.
Type 'q()' to quit R.

> library(testthat)
> library(GenoGAM)
Loading required package: SummarizedExperiment
Loading required package: MatrixGenerics
Loading required package: matrixStats

Attaching package: 'MatrixGenerics'

The following objects are masked from 'package:matrixStats':

    colAlls, colAnyNAs, colAnys, colAvgsPerRowSet, colCollapse,
    colCounts, colCummaxs, colCummins, colCumprods, colCumsums,
    colDiffs, colIQRDiffs, colIQRs, colLogSumExps, colMadDiffs,
    colMads, colMaxs, colMeans2, colMedians, colMins, colOrderStats,
    colProds, colQuantiles, colRanges, colRanks, colSdDiffs, colSds,
    colSums2, colTabulates, colVarDiffs, colVars, colWeightedMads,
    colWeightedMeans, colWeightedMedians, colWeightedSds,
    colWeightedVars, rowAlls, rowAnyNAs, rowAnys, rowAvgsPerColSet,
    rowCollapse, rowCounts, rowCummaxs, rowCummins, rowCumprods,
    rowCumsums, rowDiffs, rowIQRDiffs, rowIQRs, rowLogSumExps,
    rowMadDiffs, rowMads, rowMaxs, rowMeans2, rowMedians, rowMins,
    rowOrderStats, rowProds, rowQuantiles, rowRanges, rowRanks,
    rowSdDiffs, rowSds, rowSums2, rowTabulates, rowVarDiffs, rowVars,
    rowWeightedMads, rowWeightedMeans, rowWeightedMedians,
    rowWeightedSds, rowWeightedVars

Loading required package: GenomicRanges
Loading required package: stats4
Loading required package: BiocGenerics
Loading required package: parallel

Attaching package: 'BiocGenerics'

The following objects are masked from 'package:parallel':

    clusterApply, clusterApplyLB, clusterCall, clusterEvalQ,
    clusterExport, clusterMap, parApply, parCapply, parLapply,
    parLapplyLB, parRapply, parSapply, parSapplyLB

The following objects are masked from 'package:stats':

    IQR, mad, sd, var, xtabs

The following objects are masked from 'package:base':

    Filter, Find, Map, Position, Reduce, anyDuplicated, append,
    as.data.frame, basename, cbind, colnames, dirname, do.call,
    duplicated, eval, evalq, get, grep, grepl, intersect, is.unsorted,
    lapply, mapply, match, mget, order, paste, pmax, pmax.int, pmin,
    pmin.int, rank, rbind, rownames, sapply, setdiff, sort, table,
    tapply, union, unique, unsplit, which.max, which.min

Loading required package: S4Vectors

Attaching package: 'S4Vectors'

The following objects are masked from 'package:base':

    I, expand.grid, unname

Loading required package: IRanges

Attaching package: 'IRanges'

The following object is masked from 'package:grDevices':

    windows

Loading required package: GenomeInfoDb
Loading required package: Biobase
Welcome to Bioconductor

    Vignettes contain introductory material; view with
    'browseVignettes()'. To cite Bioconductor, see
    'citation("Biobase")', and for packages 'citation("pkgname")'.


Attaching package: 'Biobase'

The following object is masked from 'package:MatrixGenerics':

    rowMedians

The following objects are masked from 'package:matrixStats':

    anyMissing, rowMedians

Loading required package: HDF5Array
Loading required package: DelayedArray
Loading required package: Matrix

Attaching package: 'Matrix'

The following object is masked from 'package:S4Vectors':

    expand


Attaching package: 'DelayedArray'

The following objects are masked from 'package:base':

    aperm, apply, rowsum, scale, sweep

Loading required package: rhdf5

Attaching package: 'HDF5Array'

The following object is masked from 'package:rhdf5':

    h5ls

Loading required package: data.table

Attaching package: 'data.table'

The following object is masked from 'package:SummarizedExperiment':

    shift

The following object is masked from 'package:GenomicRanges':

    shift

The following object is masked from 'package:IRanges':

    shift

The following objects are masked from 'package:S4Vectors':

    first, second

Warning messages:
1: replacing previous import 'HDF5Array::h5ls' by 'rhdf5::h5ls' when loading 'GenoGAM' 
2: replacing previous import 'S4Vectors::na.omit' by 'stats::na.omit' when loading 'GenoGAM' 
> 
> test_check("GenoGAM")
INFO [2021-09-19 23:13:01] Creating GenoGAMDataSet
INFO [2021-09-19 23:13:03] GenoGAMDataSet created
INFO [2021-09-19 23:13:03] Creating GenoGAMDataSet
INFO [2021-09-19 23:13:03] Creating GenoGAMDataSet
INFO [2021-09-19 23:13:03] Creating GenoGAMDataSet
INFO [2021-09-19 23:13:04] Creating GenoGAMDataSet
INFO [2021-09-19 23:13:04] Creating GenoGAMDataSet
INFO [2021-09-19 23:13:04] Reading in data
INFO [2021-09-19 23:13:05] Reading in wt_1
INFO [2021-09-19 23:13:06] Reading in wt_2
INFO [2021-09-19 23:13:06] Reading in mutant_1
INFO [2021-09-19 23:13:07] Reading in mutant_2
INFO [2021-09-19 23:13:07] Finished reading in data
INFO [2021-09-19 23:13:07] GenoGAMDataSet created
INFO [2021-09-19 23:13:07] Creating GenoGAMDataSet
INFO [2021-09-19 23:13:08] Reading in data
INFO [2021-09-19 23:13:08] Reading in wt_1
INFO [2021-09-19 23:13:09] Reading in wt_2
INFO [2021-09-19 23:13:09] Reading in mutant_1
INFO [2021-09-19 23:13:10] Reading in mutant_2
INFO [2021-09-19 23:13:10] Finished reading in data
INFO [2021-09-19 23:13:10] GenoGAMDataSet created
INFO [2021-09-19 23:13:10] Creating GenoGAMDataSet
ERROR [2021-09-19 23:13:11] The data does not match the region specification in the bamParams settings.
INFO [2021-09-19 23:13:11] GenoGAMDataSet created
WARN [2021-09-19 23:13:11] Checks dismissed due to empty object or forgotten setting
INFO [2021-09-19 23:13:11] Creating GenoGAMDataSet
ERROR [2021-09-19 23:13:11] No chromosomes to read in. Check either the specified settings or the header of BAM file
INFO [2021-09-19 23:13:11] GenoGAMDataSet created
WARN [2021-09-19 23:13:11] Checks dismissed due to empty object or forgotten setting
INFO [2021-09-19 23:13:11] Creating GenoGAMDataSet
INFO [2021-09-19 23:13:11] Reading in data
INFO [2021-09-19 23:13:11] Reading in wt_1
INFO [2021-09-19 23:13:12] Reading in wt_2
INFO [2021-09-19 23:13:12] Reading in mutant_1
INFO [2021-09-19 23:13:13] Reading in mutant_2
INFO [2021-09-19 23:13:13] Finished reading in data
ERROR [2021-09-19 23:13:14] Checks failed. Following settings display errors:
                                       formula 
"'by' variables in design don't match colData" 
INFO [2021-09-19 23:13:14] GenoGAMDataSet created
ERROR [2021-09-19 23:13:14] Checks failed. Following settings display errors:
                                       formula 
"'by' variables in design don't match colData" 
WARN [2021-09-19 23:14:19] Settings checking deactivated. Modeling on these tiles might yield wrong results.
WARN [2021-09-19 23:14:19] Checks dismissed due to empty object or forgotten setting
ERROR [2021-09-19 23:14:19] 'by' variables could not be found in colData
INFO [2021-09-19 23:14:21] Reading in data
INFO [2021-09-19 23:14:21] Reading in wt_1
INFO [2021-09-19 23:14:21] Reading in wt_2
INFO [2021-09-19 23:14:22] Reading in mutant_1
INFO [2021-09-19 23:14:22] Reading in mutant_2
INFO [2021-09-19 23:14:23] Finished reading in data
INFO [2021-09-19 23:14:23] Creating GenoGAMDataSet
INFO [2021-09-19 23:14:24] Reading in data
INFO [2021-09-19 23:14:24] Reading in wt_1
INFO [2021-09-19 23:14:24] Reading in wt_2
INFO [2021-09-19 23:14:25] Reading in mutant_1
INFO [2021-09-19 23:14:25] Reading in mutant_2
INFO [2021-09-19 23:14:25] Finished reading in data
INFO [2021-09-19 23:14:26] GenoGAMDataSet created
INFO [2021-09-19 23:14:28] Creating GenoGAMDataSet
INFO [2021-09-19 23:14:28] GenoGAMDataSet created
INFO [2021-09-19 23:14:29] Creating GenoGAMDataSet
INFO [2021-09-19 23:14:30] GenoGAMDataSet created
INFO [2021-09-19 23:14:32] Creating GenoGAMDataSet
INFO [2021-09-19 23:14:33] GenoGAMDataSet created
INFO [2021-09-19 23:14:33] Creating GenoGAMDataSet
INFO [2021-09-19 23:14:34] GenoGAMDataSet created
INFO [2021-09-19 23:14:34] Creating GenoGAMDataSet
INFO [2021-09-19 23:14:35] Reading in data
INFO [2021-09-19 23:14:35] Reading in wt_1
INFO [2021-09-19 23:14:35] Reading in wt_2
INFO [2021-09-19 23:14:35] Reading in mutant_1
INFO [2021-09-19 23:14:36] Reading in mutant_2
INFO [2021-09-19 23:14:36] Finished reading in data
INFO [2021-09-19 23:14:37] GenoGAMDataSet created
INFO [2021-09-19 23:14:37] Creating GenoGAMDataSet
INFO [2021-09-19 23:14:38] Reading in data
INFO [2021-09-19 23:14:38] Reading in wt_1
INFO [2021-09-19 23:14:38] Reading in wt_2
INFO [2021-09-19 23:14:38] Reading in mutant_1
INFO [2021-09-19 23:14:39] Reading in mutant_2
INFO [2021-09-19 23:14:39] Finished reading in data
INFO [2021-09-19 23:14:40] GenoGAMDataSet created
INFO [2021-09-19 23:14:40] Creating GenoGAMDataSet
INFO [2021-09-19 23:14:41] Reading in data
INFO [2021-09-19 23:14:41] Reading in wt_1
INFO [2021-09-19 23:14:41] Reading in wt_2
INFO [2021-09-19 23:14:42] Reading in mutant_1
INFO [2021-09-19 23:14:42] Reading in mutant_2
INFO [2021-09-19 23:14:42] Finished reading in data
INFO [2021-09-19 23:14:43] GenoGAMDataSet created
INFO [2021-09-19 23:14:43] Creating GenoGAMDataSet
ERROR [2021-09-19 23:14:44] The data does not match the region specification in the bamParams settings.
INFO [2021-09-19 23:14:44] GenoGAMDataSet created
WARN [2021-09-19 23:14:44] Checks dismissed due to empty object or forgotten setting
INFO [2021-09-19 23:14:44] Creating GenoGAMDataSet
ERROR [2021-09-19 23:14:44] The data does not match the region specification in the bamParams settings.
INFO [2021-09-19 23:14:44] GenoGAMDataSet created
WARN [2021-09-19 23:14:44] Checks dismissed due to empty object or forgotten setting
INFO [2021-09-19 23:14:44] Creating GenoGAMDataSet
INFO [2021-09-19 23:14:45] Reading in data
INFO [2021-09-19 23:14:45] Reading in wt_1
INFO [2021-09-19 23:14:46] Reading in wt_2
INFO [2021-09-19 23:14:46] Reading in mutant_1
INFO [2021-09-19 23:14:47] Reading in mutant_2
INFO [2021-09-19 23:14:47] Finished reading in data
ERROR [2021-09-19 23:14:48] Checks failed. Following settings display errors:
                                       formula 
"'by' variables in design don't match colData" 
INFO [2021-09-19 23:14:48] GenoGAMDataSet created
ERROR [2021-09-19 23:14:48] Checks failed. Following settings display errors:
                                       formula 
"'by' variables in design don't match colData" 
WARN [2021-09-19 23:15:07] Settings checking deactivated. Modeling on these tiles might yield wrong results.
WARN [2021-09-19 23:15:07] Checks dismissed due to empty object or forgotten setting
INFO [2021-09-19 23:15:07] Creating GenoGAMDataSet
INFO [2021-09-19 23:15:08] Reading in data
INFO [2021-09-19 23:15:08] Reading in wt_1
INFO [2021-09-19 23:15:09] Reading in wt_2
INFO [2021-09-19 23:15:09] Reading in mutant_1
INFO [2021-09-19 23:15:09] Reading in mutant_2
INFO [2021-09-19 23:15:10] Finished reading in data
INFO [2021-09-19 23:15:10] GenoGAMDataSet created
ERROR [2021-09-19 23:15:10] 'by' variables could not be found in colData
WARN [2021-09-19 23:18:02] Some supplied parameters aren't valid and won't be used
WARN [2021-09-19 23:18:02] Some supplied parameters aren't valid and won't be used
INFO [2021-09-19 23:18:02] Creating GenoGAMDataSet
INFO [2021-09-19 23:18:03] GenoGAMDataSet created
INFO [2021-09-19 23:18:03] Creating GenoGAMDataSet
INFO [2021-09-19 23:18:04] GenoGAMDataSet created
ERROR [2021-09-19 23:22:02] The overhang size covers the entire tile. Change parameter to a lower meaningful value. See getOverhangSize().
INFO [2021-09-19 23:22:02] Creating GenoGAMDataSet
INFO [2021-09-19 23:22:03] GenoGAMDataSet created
WARN [2021-09-19 23:22:05] Some supplied parameters aren't valid and won't be used
INFO [2021-09-19 23:22:23] Creating GenoGAMDataSet
INFO [2021-09-19 23:22:24] GenoGAMDataSet created
INFO [2021-09-19 23:22:24] Computing size factors
INFO [2021-09-19 23:22:25] DONE
INFO [2021-09-19 23:22:26] Computing size factors
INFO [2021-09-19 23:22:26] Creating GenoGAMDataSet
INFO [2021-09-19 23:22:27] GenoGAMDataSet created
INFO [2021-09-19 23:22:27] Computing size factors
ERROR [2021-09-19 23:22:27] GenoGAMDataSet doesn't have column names. No size factors computed.
INFO [2021-09-19 23:22:27] Creating GenoGAMDataSet
INFO [2021-09-19 23:22:28] GenoGAMDataSet created
[ FAIL 0 | WARN 109 | SKIP 0 | PASS 427 ]
> 
> proc.time()
   user  system elapsed 
 103.29    1.35  581.01 

Example timings

GenoGAM.Rcheck/examples_i386/GenoGAM-Ex.timings

nameusersystemelapsed
GenoGAM-class0.900.010.92
GenoGAMDataSet-class10.14 0.5311.86
GenoGAMDataSet-metrics3.500.143.64
GenoGAMDataSet-subsetting5.860.055.91
GenoGAMDataSetList-metrics 5.04 0.0918.56
GenoGAMList-class0.240.020.25
GenoGAMSettings-class0.040.000.04
callPeaks 1.04 0.0013.89
computeRegionSignificance0.750.020.76
computeSignificance0.250.000.25
computeSizeFactors4.140.004.14
fitGenoGAM 1.99 0.0048.72
makeTestGenoGAM0.120.000.13
makeTestGenoGAMDataSet3.580.003.57
makeTestGenoGAMDataSetList 1.41 0.0014.91
makeTestGenoGAMList0.360.000.36
readData4.960.014.96

GenoGAM.Rcheck/examples_x64/GenoGAM-Ex.timings

nameusersystemelapsed
GenoGAM-class1.360.021.37
GenoGAMDataSet-class13.70 0.1513.86
GenoGAMDataSet-metrics4.640.004.64
GenoGAMDataSet-subsetting7.320.007.31
GenoGAMDataSetList-metrics 5.85 0.0822.76
GenoGAMList-class0.330.000.33
GenoGAMSettings-class0.030.000.03
callPeaks 1.29 0.0014.89
computeRegionSignificance0.760.000.77
computeSignificance0.220.000.22
computeSizeFactors5.110.005.11
fitGenoGAM 2.92 0.0548.98
makeTestGenoGAM0.160.000.16
makeTestGenoGAMDataSet3.920.003.92
makeTestGenoGAMDataSetList 1.55 0.0016.05
makeTestGenoGAMList0.390.000.39
readData5.230.045.28