Back to Multiple platform build/check report for BioC 3.13
ABCDEF[G]HIJKLMNOPQRSTUVWXYZ

This page was generated on 2021-09-22 15:04:52 -0400 (Wed, 22 Sep 2021).

CHECK results for GenoGAM on nebbiolo1

To the developers/maintainers of the GenoGAM package:
- Please allow up to 24 hours (and sometimes 48 hours) for your latest push to git@git.bioconductor.org:packages/GenoGAM.git to
reflect on this report. See How and When does the builder pull? When will my changes propagate? here for more information.
- Make sure to use the following settings in order to reproduce any error or warning you see on this page.

raw results

Package 734/2041HostnameOS / ArchINSTALLBUILDCHECKBUILD BIN
GenoGAM 2.10.0  (landing page)
Georg Stricker
Snapshot Date: 2021-09-21 04:50:12 -0400 (Tue, 21 Sep 2021)
git_url: https://git.bioconductor.org/packages/GenoGAM
git_branch: RELEASE_3_13
git_last_commit: 3b86b0c
git_last_commit_date: 2021-05-19 12:19:19 -0400 (Wed, 19 May 2021)
nebbiolo1Linux (Ubuntu 20.04.2 LTS) / x86_64  OK    OK    WARNINGS  UNNEEDED, same version is already published
tokay2Windows Server 2012 R2 Standard / x64  OK    OK    WARNINGS    OK  UNNEEDED, same version is already published
machv2macOS 10.14.6 Mojave / x86_64  OK    OK    WARNINGS    OK  UNNEEDED, same version is already published

Summary

Package: GenoGAM
Version: 2.10.0
Command: /home/biocbuild/bbs-3.13-bioc/R/bin/R CMD check --install=check:GenoGAM.install-out.txt --library=/home/biocbuild/bbs-3.13-bioc/R/library --no-vignettes --timings GenoGAM_2.10.0.tar.gz
StartedAt: 2021-09-21 10:01:16 -0400 (Tue, 21 Sep 2021)
EndedAt: 2021-09-21 10:07:14 -0400 (Tue, 21 Sep 2021)
EllapsedTime: 357.6 seconds
RetCode: 0
Status:   WARNINGS  
CheckDir: GenoGAM.Rcheck
Warnings: 3

Command output

##############################################################################
##############################################################################
###
### Running command:
###
###   /home/biocbuild/bbs-3.13-bioc/R/bin/R CMD check --install=check:GenoGAM.install-out.txt --library=/home/biocbuild/bbs-3.13-bioc/R/library --no-vignettes --timings GenoGAM_2.10.0.tar.gz
###
##############################################################################
##############################################################################


* using log directory ‘/home/biocbuild/bbs-3.13-bioc/meat/GenoGAM.Rcheck’
* using R version 4.1.1 (2021-08-10)
* using platform: x86_64-pc-linux-gnu (64-bit)
* using session charset: UTF-8
* using option ‘--no-vignettes’
* checking for file ‘GenoGAM/DESCRIPTION’ ... OK
* checking extension type ... Package
* this is package ‘GenoGAM’ version ‘2.10.0’
* package encoding: UTF-8
* checking package namespace information ... OK
* checking package dependencies ... NOTE
Depends: includes the non-default packages:
  'SummarizedExperiment', 'HDF5Array', 'rhdf5', 'S4Vectors', 'Matrix',
  'data.table'
Adding so many packages to the search path is excessive and importing
selectively is preferable.
* checking if this is a source package ... OK
* checking if there is a namespace ... OK
* checking for hidden files and directories ... OK
* checking for portable file names ... OK
* checking for sufficient/correct file permissions ... OK
* checking whether package ‘GenoGAM’ can be installed ... WARNING
Found the following significant warnings:
  Warning: replacing previous import ‘HDF5Array::h5ls’ by ‘rhdf5::h5ls’ when loading ‘GenoGAM’
  Warning: replacing previous import ‘S4Vectors::na.omit’ by ‘stats::na.omit’ when loading ‘GenoGAM’
See ‘/home/biocbuild/bbs-3.13-bioc/meat/GenoGAM.Rcheck/00install.out’ for details.
* checking installed package size ... NOTE
  installed size is  6.6Mb
  sub-directories of 1Mb or more:
    R         1.1Mb
    extdata   3.1Mb
    libs      2.2Mb
* checking package directory ... OK
* checking ‘build’ directory ... OK
* checking DESCRIPTION meta-information ... OK
* checking top-level files ... OK
* checking for left-over files ... OK
* checking index information ... OK
* checking package subdirectories ... OK
* checking R files for non-ASCII characters ... OK
* checking R files for syntax errors ... OK
* checking whether the package can be loaded ... OK
* checking whether the package can be loaded with stated dependencies ... OK
* checking whether the package can be unloaded cleanly ... OK
* checking whether the namespace can be loaded with stated dependencies ... OK
* checking whether the namespace can be unloaded cleanly ... OK
* checking dependencies in R code ... NOTE
Namespace in Imports field not imported from: ‘Biostrings’
  All declared Imports should be used.
Packages in Depends field not imported from:
  ‘Matrix’ ‘data.table’
  These packages need to be imported from (in the NAMESPACE file)
  for when this namespace is loaded but not attached.
':::' calls which should be '::':
  ‘DelayedArray:::getAutoBlockLength’ ‘DelayedArray:::read_block’
  See the note in ?`:::` about the use of this operator.
* checking S3 generic/method consistency ... OK
* checking replacement functions ... OK
* checking foreign function calls ... OK
* checking R code for possible problems ... NOTE
.GenoGAMFromHDF5: no visible binding for global variable ‘h5fits’
.GenoGAMFromHDF5: no visible binding for global variable ‘h5ses’
.callBroadPeaks_default: no visible binding for global variable ‘pval’
.callBroadPeaks_default: no visible binding for global variable
  ‘region’
.callBroadPeaks_default: no visible binding for global variable
  ‘estimate’
.callBroadPeaks_hdf5: no visible binding for global variable ‘pval’
.callBroadPeaks_hdf5: no visible binding for global variable ‘region’
.callBroadPeaks_hdf5: no visible binding for global variable ‘estimate’
.callBroadPeaks_split: no visible binding for global variable ‘pval’
.callBroadPeaks_split: no visible binding for global variable ‘region’
.callBroadPeaks_split: no visible binding for global variable
  ‘estimate’
.callBroadPeaks_split_hdf5: no visible binding for global variable
  ‘pval’
.callBroadPeaks_split_hdf5: no visible binding for global variable
  ‘region’
.callBroadPeaks_split_hdf5: no visible binding for global variable
  ‘estimate’
.pvals_hdf5_split: no visible binding for global variable ‘chrom’
.setOptimalChunkSize: no visible global function definition for
  ‘count.fields’
.shorth_hdf5 : COMBINE : <anonymous>: no visible binding for global
  variable ‘tmp’
callPeaks: no visible binding for global variable ‘fdr’
computeRegionSignificance: no visible binding for global variable ‘p’
computeRegionSignificance: no visible binding for global variable
  ‘region’
plot_base: no visible global function definition for ‘par’
plot_base: no visible global function definition for ‘x11’
plot_base: no visible global function definition for ‘lines’
plot_base: no visible global function definition for ‘abline’
writeToBroadPeaks: no visible global function definition for
  ‘write.table’
writeToNarrowPeaks: no visible binding for global variable ‘chromosome’
writeToNarrowPeaks: no visible global function definition for
  ‘write.table’
Undefined global functions or variables:
  abline chrom chromosome count.fields estimate fdr h5fits h5ses lines
  p par pval region tmp write.table x11
Consider adding
  importFrom("grDevices", "x11")
  importFrom("graphics", "abline", "lines", "par")
  importFrom("utils", "count.fields", "write.table")
to your NAMESPACE file.
* checking Rd files ... OK
* checking Rd metadata ... WARNING
Rd files with duplicated alias 'GenoGAM':
  ‘GenoGAM-class.Rd’ ‘GenoGAM.Rd’
* checking Rd cross-references ... OK
* checking for missing documentation entries ... WARNING
Undocumented code objects:
  ‘getCountMatrix’ ‘is.HDF5’ ‘pvalue’
Undocumented S4 methods:
  generic 'dim' and siglist 'GenoGAMSetup'
  generic 'length' and siglist 'GenoGAMSetup'
All user-level objects in a package (including S4 classes and methods)
should have documentation entries.
See chapter ‘Writing R documentation files’ in the ‘Writing R
Extensions’ manual.
* checking for code/documentation mismatches ... OK
* checking Rd \usage sections ... OK
* checking Rd contents ... OK
* checking for unstated dependencies in examples ... OK
* checking line endings in C/C++/Fortran sources/headers ... OK
* checking line endings in Makefiles ... OK
* checking compilation flags in Makevars ... OK
* checking for GNU extensions in Makefiles ... OK
* checking for portable use of $(BLAS_LIBS) and $(LAPACK_LIBS) ... OK
* checking use of PKG_*FLAGS in Makefiles ... OK
* checking compiled code ... NOTE
Note: information on .o files is not available
* checking files in ‘vignettes’ ... OK
* checking examples ... OK
Examples with CPU (user + system) or elapsed time > 5s
                            user system elapsed
GenoGAMDataSet-class       9.297  0.135   9.445
makeTestGenoGAMDataSetList 6.112  2.736   4.153
fitGenoGAM                 5.072  1.427   2.675
GenoGAMDataSet-subsetting  6.127  0.012   6.139
GenoGAMDataSetList-metrics 4.917  0.618   4.552
* checking for unstated dependencies in ‘tests’ ... OK
* checking tests ...
  Running ‘testthat.R’
 OK
* checking for unstated dependencies in vignettes ... OK
* checking package vignettes in ‘inst/doc’ ... OK
* checking running R code from vignettes ... SKIPPED
* checking re-building of vignette outputs ... SKIPPED
* checking PDF version of manual ... OK
* DONE

Status: 3 WARNINGs, 5 NOTEs
See
  ‘/home/biocbuild/bbs-3.13-bioc/meat/GenoGAM.Rcheck/00check.log’
for details.



Installation output

GenoGAM.Rcheck/00install.out

##############################################################################
##############################################################################
###
### Running command:
###
###   /home/biocbuild/bbs-3.13-bioc/R/bin/R CMD INSTALL GenoGAM
###
##############################################################################
##############################################################################


* installing to library ‘/home/biocbuild/bbs-3.13-bioc/R/library’
* installing *source* package ‘GenoGAM’ ...
** using staged installation
** libs
g++ -std=gnu++11 -I"/home/biocbuild/bbs-3.13-bioc/R/include" -DNDEBUG -I../inst/include -DARMA_64BIT_WORD=1 -I'/home/biocbuild/bbs-3.13-bioc/R/library/Rcpp/include' -I'/home/biocbuild/bbs-3.13-bioc/R/library/RcppArmadillo/include' -I/usr/local/include   -fpic  -g -O2  -Wall -c RcppExports.cpp -o RcppExports.o
g++ -std=gnu++11 -I"/home/biocbuild/bbs-3.13-bioc/R/include" -DNDEBUG -I../inst/include -DARMA_64BIT_WORD=1 -I'/home/biocbuild/bbs-3.13-bioc/R/library/Rcpp/include' -I'/home/biocbuild/bbs-3.13-bioc/R/library/RcppArmadillo/include' -I/usr/local/include   -fpic  -g -O2  -Wall -c matrixMult.cpp -o matrixMult.o
g++ -std=gnu++11 -shared -L/home/biocbuild/bbs-3.13-bioc/R/lib -L/usr/local/lib -o GenoGAM.so RcppExports.o matrixMult.o -L/home/biocbuild/bbs-3.13-bioc/R/lib -lRlapack -L/home/biocbuild/bbs-3.13-bioc/R/lib -lRblas -lgfortran -lm -lquadmath -L/home/biocbuild/bbs-3.13-bioc/R/lib -lR
installing to /home/biocbuild/bbs-3.13-bioc/R/library/00LOCK-GenoGAM/00new/GenoGAM/libs
** R
** inst
** byte-compile and prepare package for lazy loading
Warning: replacing previous import ‘HDF5Array::h5ls’ by ‘rhdf5::h5ls’ when loading ‘GenoGAM’
Warning: replacing previous import ‘S4Vectors::na.omit’ by ‘stats::na.omit’ when loading ‘GenoGAM’
** help
*** installing help indices
** building package indices
** installing vignettes
** testing if installed package can be loaded from temporary location
Warning: replacing previous import ‘HDF5Array::h5ls’ by ‘rhdf5::h5ls’ when loading ‘GenoGAM’
Warning: replacing previous import ‘S4Vectors::na.omit’ by ‘stats::na.omit’ when loading ‘GenoGAM’
** checking absolute paths in shared objects and dynamic libraries
** testing if installed package can be loaded from final location
Warning: replacing previous import ‘HDF5Array::h5ls’ by ‘rhdf5::h5ls’ when loading ‘GenoGAM’
Warning: replacing previous import ‘S4Vectors::na.omit’ by ‘stats::na.omit’ when loading ‘GenoGAM’
** testing if installed package keeps a record of temporary installation path
* DONE (GenoGAM)

Tests output

GenoGAM.Rcheck/tests/testthat.Rout


R version 4.1.1 (2021-08-10) -- "Kick Things"
Copyright (C) 2021 The R Foundation for Statistical Computing
Platform: x86_64-pc-linux-gnu (64-bit)

R is free software and comes with ABSOLUTELY NO WARRANTY.
You are welcome to redistribute it under certain conditions.
Type 'license()' or 'licence()' for distribution details.

R is a collaborative project with many contributors.
Type 'contributors()' for more information and
'citation()' on how to cite R or R packages in publications.

Type 'demo()' for some demos, 'help()' for on-line help, or
'help.start()' for an HTML browser interface to help.
Type 'q()' to quit R.

> library(testthat)
> library(GenoGAM)
Loading required package: SummarizedExperiment
Loading required package: MatrixGenerics
Loading required package: matrixStats

Attaching package: 'MatrixGenerics'

The following objects are masked from 'package:matrixStats':

    colAlls, colAnyNAs, colAnys, colAvgsPerRowSet, colCollapse,
    colCounts, colCummaxs, colCummins, colCumprods, colCumsums,
    colDiffs, colIQRDiffs, colIQRs, colLogSumExps, colMadDiffs,
    colMads, colMaxs, colMeans2, colMedians, colMins, colOrderStats,
    colProds, colQuantiles, colRanges, colRanks, colSdDiffs, colSds,
    colSums2, colTabulates, colVarDiffs, colVars, colWeightedMads,
    colWeightedMeans, colWeightedMedians, colWeightedSds,
    colWeightedVars, rowAlls, rowAnyNAs, rowAnys, rowAvgsPerColSet,
    rowCollapse, rowCounts, rowCummaxs, rowCummins, rowCumprods,
    rowCumsums, rowDiffs, rowIQRDiffs, rowIQRs, rowLogSumExps,
    rowMadDiffs, rowMads, rowMaxs, rowMeans2, rowMedians, rowMins,
    rowOrderStats, rowProds, rowQuantiles, rowRanges, rowRanks,
    rowSdDiffs, rowSds, rowSums2, rowTabulates, rowVarDiffs, rowVars,
    rowWeightedMads, rowWeightedMeans, rowWeightedMedians,
    rowWeightedSds, rowWeightedVars

Loading required package: GenomicRanges
Loading required package: stats4
Loading required package: BiocGenerics
Loading required package: parallel

Attaching package: 'BiocGenerics'

The following objects are masked from 'package:parallel':

    clusterApply, clusterApplyLB, clusterCall, clusterEvalQ,
    clusterExport, clusterMap, parApply, parCapply, parLapply,
    parLapplyLB, parRapply, parSapply, parSapplyLB

The following objects are masked from 'package:stats':

    IQR, mad, sd, var, xtabs

The following objects are masked from 'package:base':

    Filter, Find, Map, Position, Reduce, anyDuplicated, append,
    as.data.frame, basename, cbind, colnames, dirname, do.call,
    duplicated, eval, evalq, get, grep, grepl, intersect, is.unsorted,
    lapply, mapply, match, mget, order, paste, pmax, pmax.int, pmin,
    pmin.int, rank, rbind, rownames, sapply, setdiff, sort, table,
    tapply, union, unique, unsplit, which.max, which.min

Loading required package: S4Vectors

Attaching package: 'S4Vectors'

The following objects are masked from 'package:base':

    I, expand.grid, unname

Loading required package: IRanges
Loading required package: GenomeInfoDb
Loading required package: Biobase
Welcome to Bioconductor

    Vignettes contain introductory material; view with
    'browseVignettes()'. To cite Bioconductor, see
    'citation("Biobase")', and for packages 'citation("pkgname")'.


Attaching package: 'Biobase'

The following object is masked from 'package:MatrixGenerics':

    rowMedians

The following objects are masked from 'package:matrixStats':

    anyMissing, rowMedians

Loading required package: HDF5Array
Loading required package: DelayedArray
Loading required package: Matrix

Attaching package: 'Matrix'

The following object is masked from 'package:S4Vectors':

    expand


Attaching package: 'DelayedArray'

The following objects are masked from 'package:base':

    aperm, apply, rowsum, scale, sweep

Loading required package: rhdf5

Attaching package: 'HDF5Array'

The following object is masked from 'package:rhdf5':

    h5ls

Loading required package: data.table

Attaching package: 'data.table'

The following object is masked from 'package:SummarizedExperiment':

    shift

The following object is masked from 'package:GenomicRanges':

    shift

The following object is masked from 'package:IRanges':

    shift

The following objects are masked from 'package:S4Vectors':

    first, second

Warning messages:
1: replacing previous import 'HDF5Array::h5ls' by 'rhdf5::h5ls' when loading 'GenoGAM' 
2: replacing previous import 'S4Vectors::na.omit' by 'stats::na.omit' when loading 'GenoGAM' 
> 
> test_check("GenoGAM")
INFO [2021-09-21 10:05:47] Creating GenoGAMDataSet
INFO [2021-09-21 10:05:50] GenoGAMDataSet created
INFO [2021-09-21 10:05:50] Creating GenoGAMDataSet
INFO [2021-09-21 10:05:50] Creating GenoGAMDataSet
INFO [2021-09-21 10:05:50] Creating GenoGAMDataSet
INFO [2021-09-21 10:05:50] Creating GenoGAMDataSet
INFO [2021-09-21 10:05:50] Creating GenoGAMDataSet
INFO [2021-09-21 10:05:51] Reading in data
INFO [2021-09-21 10:05:51] Reading in wt_1
INFO [2021-09-21 10:05:52] Reading in wt_2
INFO [2021-09-21 10:05:52] Reading in mutant_1
INFO [2021-09-21 10:05:53] Reading in mutant_2
INFO [2021-09-21 10:05:53] Finished reading in data
INFO [2021-09-21 10:05:53] GenoGAMDataSet created
INFO [2021-09-21 10:05:53] Creating GenoGAMDataSet
INFO [2021-09-21 10:05:54] Reading in data
INFO [2021-09-21 10:05:54] Reading in wt_1
INFO [2021-09-21 10:05:55] Reading in wt_2
INFO [2021-09-21 10:05:55] Reading in mutant_1
INFO [2021-09-21 10:05:55] Reading in mutant_2
INFO [2021-09-21 10:05:56] Finished reading in data
INFO [2021-09-21 10:05:56] GenoGAMDataSet created
INFO [2021-09-21 10:05:56] Creating GenoGAMDataSet
ERROR [2021-09-21 10:05:56] The data does not match the region specification in the bamParams settings.
INFO [2021-09-21 10:05:56] GenoGAMDataSet created
WARN [2021-09-21 10:05:56] Checks dismissed due to empty object or forgotten setting
INFO [2021-09-21 10:05:56] Creating GenoGAMDataSet
ERROR [2021-09-21 10:05:56] No chromosomes to read in. Check either the specified settings or the header of BAM file
INFO [2021-09-21 10:05:56] GenoGAMDataSet created
WARN [2021-09-21 10:05:56] Checks dismissed due to empty object or forgotten setting
INFO [2021-09-21 10:05:56] Creating GenoGAMDataSet
INFO [2021-09-21 10:05:57] Reading in data
INFO [2021-09-21 10:05:57] Reading in wt_1
INFO [2021-09-21 10:05:57] Reading in wt_2
INFO [2021-09-21 10:05:58] Reading in mutant_1
INFO [2021-09-21 10:05:58] Reading in mutant_2
INFO [2021-09-21 10:05:59] Finished reading in data
ERROR [2021-09-21 10:05:59] Checks failed. Following settings display errors:
                                       formula 
"'by' variables in design don't match colData" 
INFO [2021-09-21 10:05:59] GenoGAMDataSet created
ERROR [2021-09-21 10:05:59] Checks failed. Following settings display errors:
                                       formula 
"'by' variables in design don't match colData" 
WARN [2021-09-21 10:06:02] Settings checking deactivated. Modeling on these tiles might yield wrong results.
WARN [2021-09-21 10:06:02] Checks dismissed due to empty object or forgotten setting
ERROR [2021-09-21 10:06:02] 'by' variables could not be found in colData
INFO [2021-09-21 10:06:04] Reading in data
INFO [2021-09-21 10:06:04] Reading in wt_1
INFO [2021-09-21 10:06:04] Reading in wt_2
INFO [2021-09-21 10:06:05] Reading in mutant_1
INFO [2021-09-21 10:06:05] Reading in mutant_2
INFO [2021-09-21 10:06:06] Finished reading in data
INFO [2021-09-21 10:06:07] Creating GenoGAMDataSet
INFO [2021-09-21 10:06:07] Reading in data
INFO [2021-09-21 10:06:07] Reading in wt_1
INFO [2021-09-21 10:06:08] Reading in wt_2
INFO [2021-09-21 10:06:08] Reading in mutant_1
INFO [2021-09-21 10:06:09] Reading in mutant_2
INFO [2021-09-21 10:06:09] Finished reading in data
INFO [2021-09-21 10:06:09] GenoGAMDataSet created
INFO [2021-09-21 10:06:11] Creating GenoGAMDataSet
INFO [2021-09-21 10:06:12] GenoGAMDataSet created
INFO [2021-09-21 10:06:13] Creating GenoGAMDataSet
INFO [2021-09-21 10:06:14] GenoGAMDataSet created
INFO [2021-09-21 10:06:16] Creating GenoGAMDataSet
INFO [2021-09-21 10:06:17] GenoGAMDataSet created
INFO [2021-09-21 10:06:17] Creating GenoGAMDataSet
INFO [2021-09-21 10:06:18] GenoGAMDataSet created
INFO [2021-09-21 10:06:19] Creating GenoGAMDataSet
INFO [2021-09-21 10:06:19] Reading in data
INFO [2021-09-21 10:06:20] Reading in wt_1
INFO [2021-09-21 10:06:20] Reading in wt_2
INFO [2021-09-21 10:06:20] Reading in mutant_1
INFO [2021-09-21 10:06:21] Reading in mutant_2
INFO [2021-09-21 10:06:21] Finished reading in data
INFO [2021-09-21 10:06:22] GenoGAMDataSet created
INFO [2021-09-21 10:06:22] Creating GenoGAMDataSet
INFO [2021-09-21 10:06:23] Reading in data
INFO [2021-09-21 10:06:23] Reading in wt_1
INFO [2021-09-21 10:06:24] Reading in wt_2
INFO [2021-09-21 10:06:24] Reading in mutant_1
INFO [2021-09-21 10:06:24] Reading in mutant_2
INFO [2021-09-21 10:06:25] Finished reading in data
INFO [2021-09-21 10:06:26] GenoGAMDataSet created
INFO [2021-09-21 10:06:26] Creating GenoGAMDataSet
INFO [2021-09-21 10:06:27] Reading in data
INFO [2021-09-21 10:06:27] Reading in wt_1
INFO [2021-09-21 10:06:27] Reading in wt_2
INFO [2021-09-21 10:06:27] Reading in mutant_1
INFO [2021-09-21 10:06:28] Reading in mutant_2
INFO [2021-09-21 10:06:29] Finished reading in data
INFO [2021-09-21 10:06:30] GenoGAMDataSet created
INFO [2021-09-21 10:06:30] Creating GenoGAMDataSet
ERROR [2021-09-21 10:06:30] The data does not match the region specification in the bamParams settings.
INFO [2021-09-21 10:06:30] GenoGAMDataSet created
WARN [2021-09-21 10:06:30] Checks dismissed due to empty object or forgotten setting
INFO [2021-09-21 10:06:30] Creating GenoGAMDataSet
ERROR [2021-09-21 10:06:31] The data does not match the region specification in the bamParams settings.
INFO [2021-09-21 10:06:31] GenoGAMDataSet created
WARN [2021-09-21 10:06:31] Checks dismissed due to empty object or forgotten setting
INFO [2021-09-21 10:06:31] Creating GenoGAMDataSet
INFO [2021-09-21 10:06:31] Reading in data
INFO [2021-09-21 10:06:31] Reading in wt_1
INFO [2021-09-21 10:06:32] Reading in wt_2
INFO [2021-09-21 10:06:32] Reading in mutant_1
INFO [2021-09-21 10:06:33] Reading in mutant_2
INFO [2021-09-21 10:06:33] Finished reading in data
ERROR [2021-09-21 10:06:34] Checks failed. Following settings display errors:
                                       formula 
"'by' variables in design don't match colData" 
INFO [2021-09-21 10:06:34] GenoGAMDataSet created
ERROR [2021-09-21 10:06:35] Checks failed. Following settings display errors:
                                       formula 
"'by' variables in design don't match colData" 
WARN [2021-09-21 10:06:36] Settings checking deactivated. Modeling on these tiles might yield wrong results.
WARN [2021-09-21 10:06:36] Checks dismissed due to empty object or forgotten setting
INFO [2021-09-21 10:06:36] Creating GenoGAMDataSet
INFO [2021-09-21 10:06:37] Reading in data
INFO [2021-09-21 10:06:37] Reading in wt_1
INFO [2021-09-21 10:06:37] Reading in wt_2
INFO [2021-09-21 10:06:37] Reading in mutant_1
INFO [2021-09-21 10:06:38] Reading in mutant_2
INFO [2021-09-21 10:06:38] Finished reading in data
INFO [2021-09-21 10:06:38] GenoGAMDataSet created
ERROR [2021-09-21 10:06:38] 'by' variables could not be found in colData
WARN [2021-09-21 10:06:54] Some supplied parameters aren't valid and won't be used
WARN [2021-09-21 10:06:54] Some supplied parameters aren't valid and won't be used
INFO [2021-09-21 10:06:54] Creating GenoGAMDataSet
INFO [2021-09-21 10:06:55] GenoGAMDataSet created
INFO [2021-09-21 10:06:55] Creating GenoGAMDataSet
INFO [2021-09-21 10:06:56] GenoGAMDataSet created
ERROR [2021-09-21 10:07:00] The overhang size covers the entire tile. Change parameter to a lower meaningful value. See getOverhangSize().
INFO [2021-09-21 10:07:00] Creating GenoGAMDataSet
INFO [2021-09-21 10:07:01] GenoGAMDataSet created
WARN [2021-09-21 10:07:03] Some supplied parameters aren't valid and won't be used
INFO [2021-09-21 10:07:05] Creating GenoGAMDataSet
INFO [2021-09-21 10:07:06] GenoGAMDataSet created
INFO [2021-09-21 10:07:06] Computing size factors
INFO [2021-09-21 10:07:07] DONE
INFO [2021-09-21 10:07:07] Computing size factors
INFO [2021-09-21 10:07:08] Creating GenoGAMDataSet
INFO [2021-09-21 10:07:09] GenoGAMDataSet created
INFO [2021-09-21 10:07:09] Computing size factors
ERROR [2021-09-21 10:07:09] GenoGAMDataSet doesn't have column names. No size factors computed.
INFO [2021-09-21 10:07:09] Creating GenoGAMDataSet
INFO [2021-09-21 10:07:10] GenoGAMDataSet created
[ FAIL 0 | WARN 109 | SKIP 0 | PASS 427 ]
> 
> proc.time()
   user  system elapsed 
 99.261  12.215  95.334 

Example timings

GenoGAM.Rcheck/GenoGAM-Ex.timings

nameusersystemelapsed
GenoGAM-class2.0540.0302.077
GenoGAMDataSet-class9.2970.1359.445
GenoGAMDataSet-metrics4.0270.0204.047
GenoGAMDataSet-subsetting6.1270.0126.139
GenoGAMDataSetList-metrics4.9170.6184.552
GenoGAMList-class0.2580.0040.263
GenoGAMSettings-class0.0280.0040.032
callPeaks0.4830.2790.488
computeRegionSignificance0.5260.0630.562
computeSignificance0.1810.0000.181
computeSizeFactors4.3440.0284.372
fitGenoGAM5.0721.4272.675
makeTestGenoGAM0.0880.0000.088
makeTestGenoGAMDataSet3.4030.0563.469
makeTestGenoGAMDataSetList6.1122.7364.153
makeTestGenoGAMList0.2380.0000.238
readData4.3590.1034.463