Back to Multiple platform build/check report for BioC 3.19:   simplified   long
ABCDEF[G]HIJKLMNOPQRSTUVWXYZ

This page was generated on 2024-06-14 14:37 -0400 (Fri, 14 Jun 2024).

HostnameOSArch (*)R versionInstalled pkgs
nebbiolo1Linux (Ubuntu 22.04.3 LTS)x86_644.4.0 (2024-04-24) -- "Puppy Cup" 4757
palomino3Windows Server 2022 Datacenterx644.4.0 (2024-04-24 ucrt) -- "Puppy Cup" 4491
Click on any hostname to see more info about the system (e.g. compilers)      (*) as reported by 'uname -p', except on Windows and Mac OS X

Package 778/2300HostnameOS / ArchINSTALLBUILDCHECKBUILD BIN
GateFinder 1.24.0  (landing page)
Nima Aghaeepour
Snapshot Date: 2024-06-12 14:00 -0400 (Wed, 12 Jun 2024)
git_url: https://git.bioconductor.org/packages/GateFinder
git_branch: RELEASE_3_19
git_last_commit: 75e4ad6
git_last_commit_date: 2024-04-30 11:05:07 -0400 (Tue, 30 Apr 2024)
nebbiolo1Linux (Ubuntu 22.04.3 LTS) / x86_64  OK    OK    WARNINGS  UNNEEDED, same version is already published
palomino3Windows Server 2022 Datacenter / x64  OK    OK    WARNINGS    OK  UNNEEDED, same version is already published


CHECK results for GateFinder on nebbiolo1

To the developers/maintainers of the GateFinder package:
- Allow up to 24 hours (and sometimes 48 hours) for your latest push to git@git.bioconductor.org:packages/GateFinder.git to reflect on this report. See Troubleshooting Build Report for more information.
- Use the following Renviron settings to reproduce errors and warnings.
- If 'R CMD check' started to fail recently on the Linux builder(s) over a missing dependency, add the missing dependency to 'Suggests:' in your DESCRIPTION file. See Renviron.bioc for more information.

raw results


Summary

Package: GateFinder
Version: 1.24.0
Command: /home/biocbuild/bbs-3.19-bioc/R/bin/R CMD check --install=check:GateFinder.install-out.txt --library=/home/biocbuild/bbs-3.19-bioc/R/site-library --timings GateFinder_1.24.0.tar.gz
StartedAt: 2024-06-12 23:17:04 -0400 (Wed, 12 Jun 2024)
EndedAt: 2024-06-12 23:18:15 -0400 (Wed, 12 Jun 2024)
EllapsedTime: 71.2 seconds
RetCode: 0
Status:   WARNINGS  
CheckDir: GateFinder.Rcheck
Warnings: 1

Command output

##############################################################################
##############################################################################
###
### Running command:
###
###   /home/biocbuild/bbs-3.19-bioc/R/bin/R CMD check --install=check:GateFinder.install-out.txt --library=/home/biocbuild/bbs-3.19-bioc/R/site-library --timings GateFinder_1.24.0.tar.gz
###
##############################################################################
##############################################################################


* using log directory ‘/home/biocbuild/bbs-3.19-bioc/meat/GateFinder.Rcheck’
* using R version 4.4.0 (2024-04-24)
* using platform: x86_64-pc-linux-gnu
* R was compiled by
    gcc (Ubuntu 11.4.0-1ubuntu1~22.04) 11.4.0
    GNU Fortran (Ubuntu 11.4.0-1ubuntu1~22.04) 11.4.0
* running under: Ubuntu 22.04.4 LTS
* using session charset: UTF-8
* checking for file ‘GateFinder/DESCRIPTION’ ... OK
* checking extension type ... Package
* this is package ‘GateFinder’ version ‘1.24.0’
* checking package namespace information ... OK
* checking package dependencies ... OK
* checking if this is a source package ... OK
* checking if there is a namespace ... OK
* checking for hidden files and directories ... OK
* checking for portable file names ... OK
* checking for sufficient/correct file permissions ... OK
* checking whether package ‘GateFinder’ can be installed ... OK
* checking installed package size ... OK
* checking package directory ... OK
* checking ‘build’ directory ... OK
* checking DESCRIPTION meta-information ... OK
* checking top-level files ... OK
* checking for left-over files ... OK
* checking index information ... OK
* checking package subdirectories ... OK
* checking code files for non-ASCII characters ... OK
* checking R files for syntax errors ... OK
* checking whether the package can be loaded ... OK
* checking whether the package can be loaded with stated dependencies ... OK
* checking whether the package can be unloaded cleanly ... OK
* checking whether the namespace can be loaded with stated dependencies ... OK
* checking whether the namespace can be unloaded cleanly ... OK
* checking loading without being on the library search path ... OK
* checking dependencies in R code ... OK
* checking S3 generic/method consistency ... OK
* checking replacement functions ... OK
* checking foreign function calls ... OK
* checking R code for possible problems ... NOTE
.ah2sp: no visible global function definition for ‘CRS’
.ah2sp: no visible global function definition for ‘anglesArc’
.ah2sp: no visible global function definition for ‘Line’
.ah2sp: no visible global function definition for ‘Lines’
.ah2sp: no visible global function definition for ‘SpatialLines’
.ah2sp: no visible global function definition for ‘slot’
.ah2sp : <anonymous>: no visible global function definition for ‘slot’
.ah2sp: no visible global function definition for ‘SpatialPolygons’
.ah2sp: no visible global function definition for ‘Polygons’
.ah2sp : <anonymous>: no visible global function definition for
  ‘Polygon’
.ah2sp: no visible binding for global variable
  ‘SpatialPolygonsDataFrame’
.ah2sp: no visible global function definition for
  ‘SpatialPolygonsDataFrame’
.binsearch: no visible global function definition for ‘test’
.flowFPOutliers: no visible global function definition for ‘new’
.getBestPoly: no visible global function definition for ‘quantile’
.getBestPoly: no visible global function definition for ‘chull’
.getBestPoly: no visible global function definition for ‘ahull’
.getBestPoly : <anonymous>: no visible global function definition for
  ‘ahull’
.getBestPoly : <anonymous>: no visible global function definition for
  ‘chull’
.getGates : <anonymous>: no visible global function definition for
  ‘chull’
.spline.poly: no visible global function definition for ‘spline’
GateFinder: no visible global function definition for ‘median’
GateFinder: no visible global function definition for ‘new’
plot.GateFinder: no visible global function definition for ‘par’
plot.GateFinder: no visible global function definition for ‘colors’
plot.GateFinder: no visible global function definition for ‘points’
plot.GateFinder: no visible global function definition for ‘axis’
plot.GateFinder: no visible global function definition for ‘box’
plot.GateFinder: no visible global function definition for ‘lines’
plot,GatingProjection-ANY: no visible global function definition for
  ‘par’
plot,GatingProjection-ANY: no visible global function definition for
  ‘lines’
plot,GatingProjection-ANY: no visible global function definition for
  ‘legend’
Undefined global functions or variables:
  CRS Line Lines Polygon Polygons SpatialLines SpatialPolygons
  SpatialPolygonsDataFrame ahull anglesArc axis box chull colors legend
  lines median new par points quantile slot spline test
Consider adding
  importFrom("grDevices", "chull", "colors")
  importFrom("graphics", "axis", "box", "legend", "lines", "par",
             "points")
  importFrom("methods", "new", "slot")
  importFrom("stats", "median", "quantile", "spline")
to your NAMESPACE file (and ensure that your DESCRIPTION Imports field
contains 'methods').
* checking Rd files ... WARNING
checkRd: (7) LPSData.Rd:27: Invalid email address: <naghaeep@gmail.com>
checkRd: (7) LPSData.Rd:27: Invalid email address: <erin.simonds@gmail.com>
* checking Rd metadata ... OK
* checking Rd cross-references ... OK
* checking for missing documentation entries ... OK
* checking for code/documentation mismatches ... OK
* checking Rd \usage sections ... OK
* checking Rd contents ... NOTE
Auto-generated content requiring editing in Rd file 'GateFinder-package.Rd':
  \details: ‘...the package, including the most important ~~ ~~ functions ~~’
* checking for unstated dependencies in examples ... OK
* checking contents of ‘data’ directory ... OK
* checking data for non-ASCII characters ... OK
* checking data for ASCII and uncompressed saves ... OK
* checking files in ‘vignettes’ ... OK
* checking examples ... OK
* checking for unstated dependencies in ‘tests’ ... OK
* checking tests ...
  Running ‘runTests.R’
 OK
* checking for unstated dependencies in vignettes ... OK
* checking package vignettes ... OK
* checking re-building of vignette outputs ... OK
* checking PDF version of manual ... OK
* DONE

Status: 1 WARNING, 2 NOTEs
See
  ‘/home/biocbuild/bbs-3.19-bioc/meat/GateFinder.Rcheck/00check.log’
for details.


Installation output

GateFinder.Rcheck/00install.out

##############################################################################
##############################################################################
###
### Running command:
###
###   /home/biocbuild/bbs-3.19-bioc/R/bin/R CMD INSTALL GateFinder
###
##############################################################################
##############################################################################


* installing to library ‘/home/biocbuild/bbs-3.19-bioc/R/site-library’
* installing *source* package ‘GateFinder’ ...
** using staged installation
** R
** data
** inst
** byte-compile and prepare package for lazy loading
** help
*** installing help indices
** building package indices
** installing vignettes
** testing if installed package can be loaded from temporary location
** testing if installed package can be loaded from final location
** testing if installed package keeps a record of temporary installation path
* DONE (GateFinder)

Tests output

GateFinder.Rcheck/tests/runTests.Rout


R version 4.4.0 (2024-04-24) -- "Puppy Cup"
Copyright (C) 2024 The R Foundation for Statistical Computing
Platform: x86_64-pc-linux-gnu

R is free software and comes with ABSOLUTELY NO WARRANTY.
You are welcome to redistribute it under certain conditions.
Type 'license()' or 'licence()' for distribution details.

R is a collaborative project with many contributors.
Type 'contributors()' for more information and
'citation()' on how to cite R or R packages in publications.

Type 'demo()' for some demos, 'help()' for on-line help, or
'help.start()' for an HTML browser interface to help.
Type 'q()' to quit R.

> BiocGenerics:::testPackage('GateFinder')


RUNIT TEST PROTOCOL -- Wed Jun 12 23:18:06 2024 
*********************************************** 
Number of test functions: 1 
Number of errors: 0 
Number of failures: 0 

 
1 Test Suite : 
GateFinder RUnit Tests - 1 test function, 0 errors, 0 failures
Number of test functions: 1 
Number of errors: 0 
Number of failures: 0 
> 
> proc.time()
   user  system elapsed 
  2.515   0.149   2.653 

Example timings

GateFinder.Rcheck/GateFinder-Ex.timings

nameusersystemelapsed
GateFinder-package0.9850.0361.021
GateFinder0.6740.0160.690
GatingProjection-class0.6230.0000.622
LPSData0.0230.0000.024
plot.GateFinder0.6460.0000.645