Back to Multiple platform build/check report for BioC 3.13
ABC[D]EFGHIJKLMNOPQRSTUVWXYZ

This page was generated on 2021-10-13 15:05:50 -0400 (Wed, 13 Oct 2021).

CHECK results for DRIMSeq on machv2

To the developers/maintainers of the DRIMSeq package:
- Please allow up to 24 hours (and sometimes 48 hours) for your latest push to git@git.bioconductor.org:packages/DRIMSeq.git to
reflect on this report. See How and When does the builder pull? When will my changes propagate? here for more information.
- Make sure to use the following settings in order to reproduce any error or warning you see on this page.

raw results

Package 532/2041HostnameOS / ArchINSTALLBUILDCHECKBUILD BIN
DRIMSeq 1.20.0  (landing page)
Malgorzata Nowicka
Snapshot Date: 2021-10-12 04:50:13 -0400 (Tue, 12 Oct 2021)
git_url: https://git.bioconductor.org/packages/DRIMSeq
git_branch: RELEASE_3_13
git_last_commit: 27f2619
git_last_commit_date: 2021-05-19 12:18:54 -0400 (Wed, 19 May 2021)
nebbiolo1Linux (Ubuntu 20.04.2 LTS) / x86_64  OK    OK    WARNINGS  UNNEEDED, same version is already published
tokay2Windows Server 2012 R2 Standard / x64  OK    OK    WARNINGS    OK  UNNEEDED, same version is already published
machv2macOS 10.14.6 Mojave / x86_64  OK    OK    WARNINGS    OK  UNNEEDED, same version is already published

Summary

Package: DRIMSeq
Version: 1.20.0
Command: /Library/Frameworks/R.framework/Versions/Current/Resources/bin/R CMD check --install=check:DRIMSeq.install-out.txt --library=/Library/Frameworks/R.framework/Versions/Current/Resources/library --no-vignettes --timings DRIMSeq_1.20.0.tar.gz
StartedAt: 2021-10-12 18:32:35 -0400 (Tue, 12 Oct 2021)
EndedAt: 2021-10-12 18:38:50 -0400 (Tue, 12 Oct 2021)
EllapsedTime: 375.3 seconds
RetCode: 0
Status:   WARNINGS  
CheckDir: DRIMSeq.Rcheck
Warnings: 1

Command output

##############################################################################
##############################################################################
###
### Running command:
###
###   /Library/Frameworks/R.framework/Versions/Current/Resources/bin/R CMD check --install=check:DRIMSeq.install-out.txt --library=/Library/Frameworks/R.framework/Versions/Current/Resources/library --no-vignettes --timings DRIMSeq_1.20.0.tar.gz
###
##############################################################################
##############################################################################


* using log directory ‘/Users/biocbuild/bbs-3.13-bioc/meat/DRIMSeq.Rcheck’
* using R version 4.1.1 (2021-08-10)
* using platform: x86_64-apple-darwin17.0 (64-bit)
* using session charset: UTF-8
* using option ‘--no-vignettes’
* checking for file ‘DRIMSeq/DESCRIPTION’ ... OK
* checking extension type ... Package
* this is package ‘DRIMSeq’ version ‘1.20.0’
* checking package namespace information ... OK
* checking package dependencies ... OK
* checking if this is a source package ... OK
* checking if there is a namespace ... OK
* checking for hidden files and directories ... NOTE
Found the following hidden files and directories:
  .git_fetch_output.txt
  .git_merge_output.txt
These were most likely included in error. See section ‘Package
structure’ in the ‘Writing R Extensions’ manual.
* checking for portable file names ... OK
* checking for sufficient/correct file permissions ... OK
* checking whether package ‘DRIMSeq’ can be installed ... OK
* checking installed package size ... OK
* checking package directory ... OK
* checking ‘build’ directory ... OK
* checking DESCRIPTION meta-information ... OK
* checking top-level files ... OK
* checking for left-over files ... OK
* checking index information ... OK
* checking package subdirectories ... OK
* checking R files for non-ASCII characters ... OK
* checking R files for syntax errors ... OK
* checking whether the package can be loaded ... OK
* checking whether the package can be loaded with stated dependencies ... OK
* checking whether the package can be unloaded cleanly ... OK
* checking whether the namespace can be loaded with stated dependencies ... OK
* checking whether the namespace can be unloaded cleanly ... OK
* checking dependencies in R code ... OK
* checking S3 generic/method consistency ... OK
* checking replacement functions ... OK
* checking foreign function calls ... OK
* checking R code for possible problems ... OK
* checking Rd files ... OK
* checking Rd metadata ... OK
* checking Rd cross-references ... OK
* checking for missing documentation entries ... OK
* checking for code/documentation mismatches ... OK
* checking Rd \usage sections ... WARNING
Documented arguments not in \usage in documentation object 'dmSQTLtest-class':
  ‘...’

Functions with \usage entries need to have the appropriate \alias
entries, and all their arguments documented.
The \usage entries must correspond to syntactically valid R code.
See chapter ‘Writing R documentation files’ in the ‘Writing R
Extensions’ manual.
* checking Rd contents ... OK
* checking for unstated dependencies in examples ... OK
* checking sizes of PDF files under ‘inst/doc’ ... OK
* checking files in ‘vignettes’ ... OK
* checking examples ... OK
Examples with CPU (user + system) or elapsed time > 5s
                    user system elapsed
dmSQTLtest-class 192.335  1.086 193.610
dmDStest-class    24.117  0.104  24.247
* checking for unstated dependencies in ‘tests’ ... OK
* checking tests ...
  Running ‘testthat.R’
 OK
* checking for unstated dependencies in vignettes ... OK
* checking package vignettes in ‘inst/doc’ ... OK
* checking running R code from vignettes ... SKIPPED
* checking re-building of vignette outputs ... SKIPPED
* checking PDF version of manual ... OK
* DONE

Status: 1 WARNING, 1 NOTE
See
  ‘/Users/biocbuild/bbs-3.13-bioc/meat/DRIMSeq.Rcheck/00check.log’
for details.



Installation output

DRIMSeq.Rcheck/00install.out

##############################################################################
##############################################################################
###
### Running command:
###
###   /Library/Frameworks/R.framework/Versions/Current/Resources/bin/R CMD INSTALL DRIMSeq
###
##############################################################################
##############################################################################


* installing to library ‘/Library/Frameworks/R.framework/Versions/4.1/Resources/library’
* installing *source* package ‘DRIMSeq’ ...
** using staged installation
** R
** inst
** preparing package for lazy loading
Creating a new generic function for ‘proportions’ in package ‘DRIMSeq’
** help
*** installing help indices
** building package indices
** installing vignettes
** testing if installed package can be loaded from temporary location
** testing if installed package can be loaded from final location
** testing if installed package keeps a record of temporary installation path
* DONE (DRIMSeq)

Tests output

DRIMSeq.Rcheck/tests/testthat.Rout


R version 4.1.1 (2021-08-10) -- "Kick Things"
Copyright (C) 2021 The R Foundation for Statistical Computing
Platform: x86_64-apple-darwin17.0 (64-bit)

R is free software and comes with ABSOLUTELY NO WARRANTY.
You are welcome to redistribute it under certain conditions.
Type 'license()' or 'licence()' for distribution details.

R is a collaborative project with many contributors.
Type 'contributors()' for more information and
'citation()' on how to cite R or R packages in publications.

Type 'demo()' for some demos, 'help()' for on-line help, or
'help.start()' for an HTML browser interface to help.
Type 'q()' to quit R.

> library(testthat)
> library(DRIMSeq)

Attaching package: 'DRIMSeq'

The following object is masked from 'package:base':

    proportions

> 
> test_check("DRIMSeq")
[ FAIL 0 | WARN 0 | SKIP 0 | PASS 21 ]
> 
> proc.time()
   user  system elapsed 
 14.894   0.396  15.280 

Example timings

DRIMSeq.Rcheck/DRIMSeq-Ex.timings

nameusersystemelapsed
dmDSdata-class0.0090.0020.012
dmDSdata0.0140.0010.015
dmDSfit-class0.0080.0010.008
dmDSprecision-class0.0090.0010.010
dmDStest-class24.117 0.10424.247
dmFilter0.0290.0030.034
dmFit0.0130.0010.014
dmPrecision0.0110.0010.011
dmSQTLdata-class0.0140.0010.015
dmSQTLdata0.0140.0010.015
dmSQTLfit-class0.0120.0010.013
dmSQTLprecision-class0.0090.0010.009
dmSQTLtest-class192.335 1.086193.610
dmTest0.0140.0010.015
plotData0.0210.0010.022
plotPValues0.0080.0010.009
plotPrecision0.0120.0000.013
plotProportions0.0090.0000.010