Back to Multiple platform build/check report for BioC 3.13
ABC[D]EFGHIJKLMNOPQRSTUVWXYZ

This page was generated on 2021-09-22 15:05:13 -0400 (Wed, 22 Sep 2021).

CHECK results for DMRcate on tokay2

To the developers/maintainers of the DMRcate package:
- Please allow up to 24 hours (and sometimes 48 hours) for your latest push to git@git.bioconductor.org:packages/DMRcate.git to
reflect on this report. See How and When does the builder pull? When will my changes propagate? here for more information.
- Make sure to use the following settings in order to reproduce any error or warning you see on this page.

raw results

Package 517/2041HostnameOS / ArchINSTALLBUILDCHECKBUILD BIN
DMRcate 2.6.0  (landing page)
Tim Peters
Snapshot Date: 2021-09-21 04:50:12 -0400 (Tue, 21 Sep 2021)
git_url: https://git.bioconductor.org/packages/DMRcate
git_branch: RELEASE_3_13
git_last_commit: d7de4ca
git_last_commit_date: 2021-05-19 12:03:06 -0400 (Wed, 19 May 2021)
nebbiolo1Linux (Ubuntu 20.04.2 LTS) / x86_64  OK    OK    WARNINGS  UNNEEDED, same version is already published
tokay2Windows Server 2012 R2 Standard / x64  OK    OK    ERROR    OK  
machv2macOS 10.14.6 Mojave / x86_64  OK    OK    ERROR    OK  

Summary

Package: DMRcate
Version: 2.6.0
Command: C:\Users\biocbuild\bbs-3.13-bioc\R\bin\R.exe CMD check --force-multiarch --install=check:DMRcate.install-out.txt --library=C:\Users\biocbuild\bbs-3.13-bioc\R\library --no-vignettes --timings DMRcate_2.6.0.tar.gz
StartedAt: 2021-09-21 22:03:03 -0400 (Tue, 21 Sep 2021)
EndedAt: 2021-09-21 22:11:37 -0400 (Tue, 21 Sep 2021)
EllapsedTime: 514.1 seconds
RetCode: 1
Status:   ERROR  
CheckDir: DMRcate.Rcheck
Warnings: NA

Command output

##############################################################################
##############################################################################
###
### Running command:
###
###   C:\Users\biocbuild\bbs-3.13-bioc\R\bin\R.exe CMD check --force-multiarch --install=check:DMRcate.install-out.txt --library=C:\Users\biocbuild\bbs-3.13-bioc\R\library --no-vignettes --timings DMRcate_2.6.0.tar.gz
###
##############################################################################
##############################################################################


* using log directory 'C:/Users/biocbuild/bbs-3.13-bioc/meat/DMRcate.Rcheck'
* using R version 4.1.1 (2021-08-10)
* using platform: x86_64-w64-mingw32 (64-bit)
* using session charset: ISO8859-1
* using option '--no-vignettes'
* checking for file 'DMRcate/DESCRIPTION' ... OK
* this is package 'DMRcate' version '2.6.0'
* checking package namespace information ... OK
* checking package dependencies ... OK
* checking if this is a source package ... OK
* checking if there is a namespace ... OK
* checking for hidden files and directories ... OK
* checking for portable file names ... OK
* checking whether package 'DMRcate' can be installed ... WARNING
Found the following significant warnings:
  Warning: replacing previous import 'minfi::getMeth' by 'bsseq::getMeth' when loading 'DMRcate'
See 'C:/Users/biocbuild/bbs-3.13-bioc/meat/DMRcate.Rcheck/00install.out' for details.
* checking installed package size ... OK
* checking package directory ... OK
* checking 'build' directory ... OK
* checking DESCRIPTION meta-information ... OK
* checking top-level files ... OK
* checking for left-over files ... OK
* checking index information ... OK
* checking package subdirectories ... OK
* checking R files for non-ASCII characters ... OK
* checking R files for syntax errors ... OK
* loading checks for arch 'i386'
** checking whether the package can be loaded ... OK
** checking whether the package can be loaded with stated dependencies ... OK
** checking whether the package can be unloaded cleanly ... OK
** checking whether the namespace can be loaded with stated dependencies ... OK
** checking whether the namespace can be unloaded cleanly ... OK
* loading checks for arch 'x64'
** checking whether the package can be loaded ... OK
** checking whether the package can be loaded with stated dependencies ... OK
** checking whether the package can be unloaded cleanly ... OK
** checking whether the namespace can be loaded with stated dependencies ... OK
** checking whether the namespace can be unloaded cleanly ... OK
* checking dependencies in R code ... OK
* checking S3 generic/method consistency ... OK
* checking replacement functions ... OK
* checking foreign function calls ... OK
* checking R code for possible problems ... OK
* checking Rd files ... OK
* checking Rd metadata ... OK
* checking Rd cross-references ... OK
* checking for missing documentation entries ... OK
* checking for code/documentation mismatches ... OK
* checking Rd \usage sections ... OK
* checking Rd contents ... OK
* checking for unstated dependencies in examples ... OK
* checking files in 'vignettes' ... OK
* checking examples ...
** running examples for arch 'i386' ... ERROR
Running examples in 'DMRcate-Ex.R' failed
The error most likely occurred in:

> base::assign(".ptime", proc.time(), pos = "CheckExEnv")
> ### Name: DMR.plot
> ### Title: Plotting DMRs
> ### Aliases: DMR.plot plot
> 
> ### ** Examples
> 
> library(ExperimentHub)
Loading required package: AnnotationHub
Loading required package: BiocFileCache
Loading required package: dbplyr

Attaching package: 'AnnotationHub'

The following object is masked from 'package:Biobase':

    cache

> library(limma)

Attaching package: 'limma'

The following object is masked from 'package:BiocGenerics':

    plotMA

> eh <- ExperimentHub()
snapshotDate(): 2021-05-18
> FlowSorted.Blood.EPIC <- eh[["EH1136"]]
Bioconductor version 3.13 (BiocManager 1.30.16), R 4.1.1 (2021-08-10)
Installing package(s) 'FlowSorted.Blood.EPIC'
Error in UseMethod("conditionMessage") : 
  no applicable method for 'conditionMessage' applied to an object of class "character"
Calls: [[ ... tryCatchList -> tryCatchOne -> doTryCatch -> download.file
Execution halted
** running examples for arch 'x64' ... ERROR
Running examples in 'DMRcate-Ex.R' failed
The error most likely occurred in:

> base::assign(".ptime", proc.time(), pos = "CheckExEnv")
> ### Name: DMR.plot
> ### Title: Plotting DMRs
> ### Aliases: DMR.plot plot
> 
> ### ** Examples
> 
> library(ExperimentHub)
Loading required package: AnnotationHub
Loading required package: BiocFileCache
Loading required package: dbplyr

Attaching package: 'AnnotationHub'

The following object is masked from 'package:Biobase':

    cache

> library(limma)

Attaching package: 'limma'

The following object is masked from 'package:BiocGenerics':

    plotMA

> eh <- ExperimentHub()
snapshotDate(): 2021-05-18
> FlowSorted.Blood.EPIC <- eh[["EH1136"]]
Bioconductor version 3.13 (BiocManager 1.30.16), R 4.1.1 (2021-08-10)
Installing package(s) 'FlowSorted.Blood.EPIC'
Error in UseMethod("conditionMessage") : 
  no applicable method for 'conditionMessage' applied to an object of class "character"
Calls: [[ ... tryCatchList -> tryCatchOne -> doTryCatch -> download.file
Execution halted
* checking for unstated dependencies in vignettes ... OK
* checking package vignettes in 'inst/doc' ... OK
* checking running R code from vignettes ... SKIPPED
* checking re-building of vignette outputs ... SKIPPED
* checking PDF version of manual ... OK
* DONE

Status: 2 ERRORs, 1 WARNING
See
  'C:/Users/biocbuild/bbs-3.13-bioc/meat/DMRcate.Rcheck/00check.log'
for details.


Installation output

DMRcate.Rcheck/00install.out

##############################################################################
##############################################################################
###
### Running command:
###
###   C:\cygwin\bin\curl.exe -O http://155.52.207.165/BBS/3.13/bioc/src/contrib/DMRcate_2.6.0.tar.gz && rm -rf DMRcate.buildbin-libdir && mkdir DMRcate.buildbin-libdir && C:\Users\biocbuild\bbs-3.13-bioc\R\bin\R.exe CMD INSTALL --merge-multiarch --build --library=DMRcate.buildbin-libdir DMRcate_2.6.0.tar.gz && C:\Users\biocbuild\bbs-3.13-bioc\R\bin\R.exe CMD INSTALL DMRcate_2.6.0.zip && rm DMRcate_2.6.0.tar.gz DMRcate_2.6.0.zip
###
##############################################################################
##############################################################################


  % Total    % Received % Xferd  Average Speed   Time    Time     Time  Current
                                 Dload  Upload   Total   Spent    Left  Speed

  0     0    0     0    0     0      0      0 --:--:-- --:--:-- --:--:--     0
100 62447  100 62447    0     0   304k      0 --:--:-- --:--:-- --:--:--  306k

install for i386

* installing *source* package 'DMRcate' ...
** using staged installation
** R
** inst
** byte-compile and prepare package for lazy loading
Warning: replacing previous import 'minfi::getMeth' by 'bsseq::getMeth' when loading 'DMRcate'
** help
*** installing help indices
  converting help for package 'DMRcate'
    finding HTML links ... done
    CpGannotated-class                      html  
    DMR.plot                                html  
    DMRcate-internal                        html  
    DMRcate-package                         html  
    DMResults-class                         html  
    changeFDR                               html  
    cpg.annotate                            html  
    dmrcate                                 html  
REDIRECT:topic	 Previous alias or file overwritten by alias: C:/Users/biocbuild/bbs-3.13-bioc/meat/DMRcate.buildbin-libdir/00LOCK-DMRcate/00new/DMRcate/help/dmrcate.html
    extractRanges                           html  
    rmSNPandCH                              html  
    sequencing.annotate                     html  
** building package indices
** installing vignettes
** testing if installed package can be loaded from temporary location
Warning: replacing previous import 'minfi::getMeth' by 'bsseq::getMeth' when loading 'DMRcate'
** testing if installed package can be loaded from final location
Warning: replacing previous import 'minfi::getMeth' by 'bsseq::getMeth' when loading 'DMRcate'
** testing if installed package keeps a record of temporary installation path

install for x64

* installing *source* package 'DMRcate' ...
** testing if installed package can be loaded
Warning: replacing previous import 'minfi::getMeth' by 'bsseq::getMeth' when loading 'DMRcate'
* MD5 sums
packaged installation of 'DMRcate' as DMRcate_2.6.0.zip
* DONE (DMRcate)
* installing to library 'C:/Users/biocbuild/bbs-3.13-bioc/R/library'
package 'DMRcate' successfully unpacked and MD5 sums checked

Tests output


Example timings

DMRcate.Rcheck/examples_i386/DMRcate-Ex.timings

nameusersystemelapsed

DMRcate.Rcheck/examples_x64/DMRcate-Ex.timings

nameusersystemelapsed