Back to Multiple platform build/check report for BioC 3.13
AB[C]DEFGHIJKLMNOPQRSTUVWXYZ

This page was generated on 2021-10-13 15:05:20 -0400 (Wed, 13 Oct 2021).

CHECK results for CrispRVariants on tokay2

To the developers/maintainers of the CrispRVariants package:
- Please allow up to 24 hours (and sometimes 48 hours) for your latest push to git@git.bioconductor.org:packages/CrispRVariants.git to
reflect on this report. See How and When does the builder pull? When will my changes propagate? here for more information.
- Make sure to use the following settings in order to reproduce any error or warning you see on this page.

raw results

Package 411/2041HostnameOS / ArchINSTALLBUILDCHECKBUILD BIN
CrispRVariants 1.20.0  (landing page)
Helen Lindsay
Snapshot Date: 2021-10-12 04:50:13 -0400 (Tue, 12 Oct 2021)
git_url: https://git.bioconductor.org/packages/CrispRVariants
git_branch: RELEASE_3_13
git_last_commit: 6789cce
git_last_commit_date: 2021-05-19 12:17:13 -0400 (Wed, 19 May 2021)
nebbiolo1Linux (Ubuntu 20.04.2 LTS) / x86_64  OK    OK    WARNINGS  UNNEEDED, same version is already published
tokay2Windows Server 2012 R2 Standard / x64  OK    OK    WARNINGS    OK  UNNEEDED, same version is already published
machv2macOS 10.14.6 Mojave / x86_64  OK    OK    WARNINGS    OK  UNNEEDED, same version is already published

Summary

Package: CrispRVariants
Version: 1.20.0
Command: C:\Users\biocbuild\bbs-3.13-bioc\R\bin\R.exe CMD check --force-multiarch --install=check:CrispRVariants.install-out.txt --library=C:\Users\biocbuild\bbs-3.13-bioc\R\library --no-vignettes --timings CrispRVariants_1.20.0.tar.gz
StartedAt: 2021-10-12 21:17:57 -0400 (Tue, 12 Oct 2021)
EndedAt: 2021-10-12 21:24:28 -0400 (Tue, 12 Oct 2021)
EllapsedTime: 390.7 seconds
RetCode: 0
Status:   WARNINGS  
CheckDir: CrispRVariants.Rcheck
Warnings: 2

Command output

##############################################################################
##############################################################################
###
### Running command:
###
###   C:\Users\biocbuild\bbs-3.13-bioc\R\bin\R.exe CMD check --force-multiarch --install=check:CrispRVariants.install-out.txt --library=C:\Users\biocbuild\bbs-3.13-bioc\R\library --no-vignettes --timings CrispRVariants_1.20.0.tar.gz
###
##############################################################################
##############################################################################


* using log directory 'C:/Users/biocbuild/bbs-3.13-bioc/meat/CrispRVariants.Rcheck'
* using R version 4.1.1 (2021-08-10)
* using platform: x86_64-w64-mingw32 (64-bit)
* using session charset: ISO8859-1
* using option '--no-vignettes'
* checking for file 'CrispRVariants/DESCRIPTION' ... OK
* checking extension type ... Package
* this is package 'CrispRVariants' version '1.20.0'
* checking package namespace information ... OK
* checking package dependencies ... OK
* checking if this is a source package ... OK
* checking if there is a namespace ... OK
* checking for hidden files and directories ... OK
* checking for portable file names ... OK
* checking whether package 'CrispRVariants' can be installed ... OK
* checking installed package size ... OK
* checking package directory ... OK
* checking 'build' directory ... OK
* checking DESCRIPTION meta-information ... OK
* checking top-level files ... OK
* checking for left-over files ... OK
* checking index information ... OK
* checking package subdirectories ... OK
* checking R files for non-ASCII characters ... OK
* checking R files for syntax errors ... OK
* loading checks for arch 'i386'
** checking whether the package can be loaded ... OK
** checking whether the package can be loaded with stated dependencies ... OK
** checking whether the package can be unloaded cleanly ... OK
** checking whether the namespace can be loaded with stated dependencies ... OK
** checking whether the namespace can be unloaded cleanly ... OK
* loading checks for arch 'x64'
** checking whether the package can be loaded ... OK
** checking whether the package can be loaded with stated dependencies ... OK
** checking whether the package can be unloaded cleanly ... OK
** checking whether the namespace can be loaded with stated dependencies ... OK
** checking whether the namespace can be unloaded cleanly ... OK
* checking dependencies in R code ... WARNING
'::' or ':::' import not declared from: 'SummarizedExperiment'
There are ::: calls to the package's namespace in its code. A package
  almost never needs to use ::: for its own objects:
  'indelLabels'
* checking S3 generic/method consistency ... OK
* checking replacement functions ... OK
* checking foreign function calls ... OK
* checking R code for possible problems ... OK
* checking Rd files ... OK
* checking Rd metadata ... OK
* checking Rd cross-references ... OK
* checking for missing documentation entries ... OK
* checking for code/documentation mismatches ... WARNING
Codoc mismatches from documentation object 'arrangePlots':
arrangePlots
  Code: function(top.plot, left.plot, right.plot, fig.height = NULL,
                 col.wdth.ratio = c(2, 1), row.ht.ratio = c(1, 6),
                 left.plot.margin = grid::unit(c(0.1, 0.2, 3, 0.2),
                 "lines"))
  Docs: function(top.plot, left.plot, right.plot, fig.height = NULL,
                 col.wdth.ratio = c(2, 1), row.ht.ratio = c(1, 6),
                 left.plot.margin = grid::unit(c(0.1, 0, 3, 0.2),
                 "lines"))
  Mismatches in argument default values:
    Name: 'left.plot.margin' Code: grid::unit(c(0.1, 0.2, 3, 0.2), "lines") Docs: grid::unit(c(0.1, 0, 3, 0.2), "lines")

Codoc mismatches from documentation object 'indelLabels':
indelLabels
  Code: function(alns, rc = FALSE, genome.to.pos = NULL, keep.ops =
                 c("I", "D", "N"), regions = NULL, as.string = TRUE,
                 ...)
  Docs: function(alns, rc = FALSE, genome.to.pos = NULL, keep.ops =
                 c("I", "D", "N"), regions = NULL, ...)
  Argument names in code not in docs:
    as.string
  Mismatches in argument names:
    Position: 6 Code: as.string Docs: ...

* checking Rd \usage sections ... OK
* checking Rd contents ... OK
* checking for unstated dependencies in examples ... OK
* checking contents of 'data' directory ... OK
* checking data for non-ASCII characters ... OK
* checking LazyData ... OK
* checking data for ASCII and uncompressed saves ... OK
* checking installed files from 'inst/doc' ... OK
* checking files in 'vignettes' ... OK
* checking examples ...
** running examples for arch 'i386' ... OK
Examples with CPU (user + system) or elapsed time > 5s
                user system elapsed
plotVariants    6.53   0.12    6.68
CrisprSet-class 5.35   0.53   14.18
** running examples for arch 'x64' ... OK
Examples with CPU (user + system) or elapsed time > 5s
              user system elapsed
plotVariants  5.84   0.08    5.92
readsToTarget 5.19   0.02    5.21
* checking for unstated dependencies in 'tests' ... OK
* checking tests ...
** running tests for arch 'i386' ...
  Running 'testthat.R'
 OK
** running tests for arch 'x64' ...
  Running 'testthat.R'
 OK
* checking for unstated dependencies in vignettes ... OK
* checking package vignettes in 'inst/doc' ... OK
* checking running R code from vignettes ... SKIPPED
* checking re-building of vignette outputs ... SKIPPED
* checking PDF version of manual ... OK
* DONE

Status: 2 WARNINGs
See
  'C:/Users/biocbuild/bbs-3.13-bioc/meat/CrispRVariants.Rcheck/00check.log'
for details.



Installation output

CrispRVariants.Rcheck/00install.out

##############################################################################
##############################################################################
###
### Running command:
###
###   C:\cygwin\bin\curl.exe -O http://155.52.207.165/BBS/3.13/bioc/src/contrib/CrispRVariants_1.20.0.tar.gz && rm -rf CrispRVariants.buildbin-libdir && mkdir CrispRVariants.buildbin-libdir && C:\Users\biocbuild\bbs-3.13-bioc\R\bin\R.exe CMD INSTALL --merge-multiarch --build --library=CrispRVariants.buildbin-libdir CrispRVariants_1.20.0.tar.gz && C:\Users\biocbuild\bbs-3.13-bioc\R\bin\R.exe CMD INSTALL CrispRVariants_1.20.0.zip && rm CrispRVariants_1.20.0.tar.gz CrispRVariants_1.20.0.zip
###
##############################################################################
##############################################################################


  % Total    % Received % Xferd  Average Speed   Time    Time     Time  Current
                                 Dload  Upload   Total   Spent    Left  Speed

  0     0    0     0    0     0      0      0 --:--:-- --:--:-- --:--:--     0
 11 1409k   11  159k    0     0   704k      0  0:00:01 --:--:--  0:00:01  705k
100 1409k  100 1409k    0     0  2185k      0 --:--:-- --:--:-- --:--:-- 2184k

install for i386

* installing *source* package 'CrispRVariants' ...
** using staged installation
** R
** data
*** moving datasets to lazyload DB
** inst
** byte-compile and prepare package for lazy loading
** help
*** installing help indices
  converting help for package 'CrispRVariants'
    finding HTML links ... done
    CrisprRun-class                         html  
    CrisprSet-class                         html  
    abifToFastq                             html  
    addClipped                              html  
    addCodonFrame                           html  
    alleleLabelsHelpers                     html  
    alleles                                 html  
    alns                                    html  
    annotateGenePlot                        html  
    arrangePlots                            html  
    barplotAlleleFreqs                      html  
    collapsePairs                           html  
    consensusSeqs                           html  
    dispatchDots                            html  
    excludeFromBam                          html  
    explodeCigarOpCombs                     html  
    findChimeras                            html  
    findSNVs                                html  
    getAxisCoords                           html  
    getChimeras                             html  
    getInsertionsTable                      html  
    gol_clutch1                             html  
    indelCounts                             html  
    indelLabels                             html  
    intersperse                             html  
    makeAlignmentTilePlot                   html  
    mergeChimeras                           html  
    mergeCrisprSets                         html  
    mismatchLabels                          html  
    mutationEfficiency                      html  
    narrowAlignments                        html  
    plotAlignments                          html  
    plotChimeras                            html  
    plotFreqHeatmap                         html  
    plotVariants                            html  
    rcAlns                                  html  
    readTargetBam                           html  
    readsByPCRPrimer                        html  
    readsToTarget                           html  
    refFromAlns                             html  
    reverseCigar                            html  
    rmMultiPCRChimera                       html  
    selectAlnRegionsHelpers                 html  
    selectOps                               html  
    seqsToAln                               html  
    setDNATileColours                       html  
    setMismatchTileColours                  html  
    transformAlnsToLong                     html  
    variantCounts                           html  
    writeFastq                              html  
** building package indices
** installing vignettes
** testing if installed package can be loaded from temporary location
** testing if installed package can be loaded from final location
** testing if installed package keeps a record of temporary installation path

install for x64

* installing *source* package 'CrispRVariants' ...
** testing if installed package can be loaded
* MD5 sums
packaged installation of 'CrispRVariants' as CrispRVariants_1.20.0.zip
* DONE (CrispRVariants)
* installing to library 'C:/Users/biocbuild/bbs-3.13-bioc/R/library'
package 'CrispRVariants' successfully unpacked and MD5 sums checked

Tests output

CrispRVariants.Rcheck/tests_i386/testthat.Rout


R version 4.1.1 (2021-08-10) -- "Kick Things"
Copyright (C) 2021 The R Foundation for Statistical Computing
Platform: i386-w64-mingw32/i386 (32-bit)

R is free software and comes with ABSOLUTELY NO WARRANTY.
You are welcome to redistribute it under certain conditions.
Type 'license()' or 'licence()' for distribution details.

R is a collaborative project with many contributors.
Type 'contributors()' for more information and
'citation()' on how to cite R or R packages in publications.

Type 'demo()' for some demos, 'help()' for on-line help, or
'help.start()' for an HTML browser interface to help.
Type 'q()' to quit R.

> library(testthat)
> test_check("CrispRVariants")
Loading required package: CrispRVariants
Loading required package: ggplot2
== Skipped tests ===============================================================
* empty test (1)

[ FAIL 0 | WARN 0 | SKIP 1 | PASS 75 ]
> 
> proc.time()
   user  system elapsed 
  23.87    1.40   25.25 

CrispRVariants.Rcheck/tests_x64/testthat.Rout


R version 4.1.1 (2021-08-10) -- "Kick Things"
Copyright (C) 2021 The R Foundation for Statistical Computing
Platform: x86_64-w64-mingw32/x64 (64-bit)

R is free software and comes with ABSOLUTELY NO WARRANTY.
You are welcome to redistribute it under certain conditions.
Type 'license()' or 'licence()' for distribution details.

R is a collaborative project with many contributors.
Type 'contributors()' for more information and
'citation()' on how to cite R or R packages in publications.

Type 'demo()' for some demos, 'help()' for on-line help, or
'help.start()' for an HTML browser interface to help.
Type 'q()' to quit R.

> library(testthat)
> test_check("CrispRVariants")
Loading required package: CrispRVariants
Loading required package: ggplot2
== Skipped tests ===============================================================
* empty test (1)

[ FAIL 0 | WARN 0 | SKIP 1 | PASS 75 ]
> 
> proc.time()
   user  system elapsed 
  25.59    0.60   26.18 

Example timings

CrispRVariants.Rcheck/examples_i386/CrispRVariants-Ex.timings

nameusersystemelapsed
CrisprRun-class0.820.231.10
CrisprSet-class 5.35 0.5314.18
abifToFastq0.290.000.36
alleles0.180.000.17
alns0.150.000.16
barplotAlleleFreqs0.970.020.98
consensusSeqs0.490.010.50
dispatchDots0.010.000.02
findChimeras0.060.000.17
getChimeras0.080.000.08
indelCounts0.140.000.14
intersperse000
mergeCrisprSets4.690.024.70
mutationEfficiency0.030.000.04
narrowAlignments0.280.000.28
plotAlignments0.640.000.64
plotChimeras1.100.011.11
plotFreqHeatmap0.230.020.25
plotVariants6.530.126.68
readsToTarget4.110.114.22
selectAlnRegionsHelpers000
variantCounts0.030.000.03

CrispRVariants.Rcheck/examples_x64/CrispRVariants-Ex.timings

nameusersystemelapsed
CrisprRun-class0.700.000.71
CrisprSet-class4.750.074.81
abifToFastq0.250.010.27
alleles0.180.020.18
alns0.070.000.08
barplotAlleleFreqs0.690.000.69
consensusSeqs0.390.000.39
dispatchDots000
findChimeras0.080.000.08
getChimeras0.030.000.03
indelCounts0.090.000.09
intersperse000
mergeCrisprSets4.540.004.53
mutationEfficiency0.040.000.05
narrowAlignments0.250.000.25
plotAlignments1.210.001.20
plotChimeras1.060.011.08
plotFreqHeatmap0.250.000.25
plotVariants5.840.085.92
readsToTarget5.190.025.21
selectAlnRegionsHelpers000
variantCounts0.030.000.03