Back to Multiple platform build/check report for BioC 3.13
AB[C]DEFGHIJKLMNOPQRSTUVWXYZ

This page was generated on 2021-09-22 15:05:40 -0400 (Wed, 22 Sep 2021).

CHECK results for CrispRVariants on machv2

To the developers/maintainers of the CrispRVariants package:
- Please allow up to 24 hours (and sometimes 48 hours) for your latest push to git@git.bioconductor.org:packages/CrispRVariants.git to
reflect on this report. See How and When does the builder pull? When will my changes propagate? here for more information.
- Make sure to use the following settings in order to reproduce any error or warning you see on this page.

raw results

Package 411/2041HostnameOS / ArchINSTALLBUILDCHECKBUILD BIN
CrispRVariants 1.20.0  (landing page)
Helen Lindsay
Snapshot Date: 2021-09-21 04:50:12 -0400 (Tue, 21 Sep 2021)
git_url: https://git.bioconductor.org/packages/CrispRVariants
git_branch: RELEASE_3_13
git_last_commit: 6789cce
git_last_commit_date: 2021-05-19 12:17:13 -0400 (Wed, 19 May 2021)
nebbiolo1Linux (Ubuntu 20.04.2 LTS) / x86_64  OK    OK    WARNINGS  UNNEEDED, same version is already published
tokay2Windows Server 2012 R2 Standard / x64  OK    OK    WARNINGS    OK  UNNEEDED, same version is already published
machv2macOS 10.14.6 Mojave / x86_64  OK    OK    WARNINGS    OK  UNNEEDED, same version is already published

Summary

Package: CrispRVariants
Version: 1.20.0
Command: /Library/Frameworks/R.framework/Versions/Current/Resources/bin/R CMD check --install=check:CrispRVariants.install-out.txt --library=/Library/Frameworks/R.framework/Versions/Current/Resources/library --no-vignettes --timings CrispRVariants_1.20.0.tar.gz
StartedAt: 2021-09-21 17:58:31 -0400 (Tue, 21 Sep 2021)
EndedAt: 2021-09-21 18:04:13 -0400 (Tue, 21 Sep 2021)
EllapsedTime: 342.3 seconds
RetCode: 0
Status:   WARNINGS  
CheckDir: CrispRVariants.Rcheck
Warnings: 2

Command output

##############################################################################
##############################################################################
###
### Running command:
###
###   /Library/Frameworks/R.framework/Versions/Current/Resources/bin/R CMD check --install=check:CrispRVariants.install-out.txt --library=/Library/Frameworks/R.framework/Versions/Current/Resources/library --no-vignettes --timings CrispRVariants_1.20.0.tar.gz
###
##############################################################################
##############################################################################


* using log directory ‘/Users/biocbuild/bbs-3.13-bioc/meat/CrispRVariants.Rcheck’
* using R version 4.1.1 (2021-08-10)
* using platform: x86_64-apple-darwin17.0 (64-bit)
* using session charset: UTF-8
* using option ‘--no-vignettes’
* checking for file ‘CrispRVariants/DESCRIPTION’ ... OK
* checking extension type ... Package
* this is package ‘CrispRVariants’ version ‘1.20.0’
* checking package namespace information ... OK
* checking package dependencies ... OK
* checking if this is a source package ... OK
* checking if there is a namespace ... OK
* checking for hidden files and directories ... NOTE
Found the following hidden files and directories:
  .git_fetch_output.txt
  .git_merge_output.txt
These were most likely included in error. See section ‘Package
structure’ in the ‘Writing R Extensions’ manual.
* checking for portable file names ... OK
* checking for sufficient/correct file permissions ... OK
* checking whether package ‘CrispRVariants’ can be installed ... OK
* checking installed package size ... OK
* checking package directory ... OK
* checking ‘build’ directory ... OK
* checking DESCRIPTION meta-information ... OK
* checking top-level files ... OK
* checking for left-over files ... OK
* checking index information ... OK
* checking package subdirectories ... OK
* checking R files for non-ASCII characters ... OK
* checking R files for syntax errors ... OK
* checking whether the package can be loaded ... OK
* checking whether the package can be loaded with stated dependencies ... OK
* checking whether the package can be unloaded cleanly ... OK
* checking whether the namespace can be loaded with stated dependencies ... OK
* checking whether the namespace can be unloaded cleanly ... OK
* checking dependencies in R code ... WARNING
'::' or ':::' import not declared from: ‘SummarizedExperiment’
There are ::: calls to the package's namespace in its code. A package
  almost never needs to use ::: for its own objects:
  ‘indelLabels’
* checking S3 generic/method consistency ... OK
* checking replacement functions ... OK
* checking foreign function calls ... OK
* checking R code for possible problems ... OK
* checking Rd files ... OK
* checking Rd metadata ... OK
* checking Rd cross-references ... OK
* checking for missing documentation entries ... OK
* checking for code/documentation mismatches ... WARNING
Codoc mismatches from documentation object 'arrangePlots':
arrangePlots
  Code: function(top.plot, left.plot, right.plot, fig.height = NULL,
                 col.wdth.ratio = c(2, 1), row.ht.ratio = c(1, 6),
                 left.plot.margin = grid::unit(c(0.1, 0.2, 3, 0.2),
                 "lines"))
  Docs: function(top.plot, left.plot, right.plot, fig.height = NULL,
                 col.wdth.ratio = c(2, 1), row.ht.ratio = c(1, 6),
                 left.plot.margin = grid::unit(c(0.1, 0, 3, 0.2),
                 "lines"))
  Mismatches in argument default values:
    Name: 'left.plot.margin' Code: grid::unit(c(0.1, 0.2, 3, 0.2), "lines") Docs: grid::unit(c(0.1, 0, 3, 0.2), "lines")

Codoc mismatches from documentation object 'indelLabels':
indelLabels
  Code: function(alns, rc = FALSE, genome.to.pos = NULL, keep.ops =
                 c("I", "D", "N"), regions = NULL, as.string = TRUE,
                 ...)
  Docs: function(alns, rc = FALSE, genome.to.pos = NULL, keep.ops =
                 c("I", "D", "N"), regions = NULL, ...)
  Argument names in code not in docs:
    as.string
  Mismatches in argument names:
    Position: 6 Code: as.string Docs: ...

* checking Rd \usage sections ... OK
* checking Rd contents ... OK
* checking for unstated dependencies in examples ... OK
* checking contents of ‘data’ directory ... OK
* checking data for non-ASCII characters ... OK
* checking LazyData ... OK
* checking data for ASCII and uncompressed saves ... OK
* checking sizes of PDF files under ‘inst/doc’ ... OK
* checking installed files from ‘inst/doc’ ... OK
* checking files in ‘vignettes’ ... OK
* checking examples ... OK
Examples with CPU (user + system) or elapsed time > 5s
                 user system elapsed
plotVariants    9.620  0.111   9.738
CrisprSet-class 6.653  0.151   6.814
mergeCrisprSets 5.888  0.058   5.954
readsToTarget   5.346  0.041   5.389
* checking for unstated dependencies in ‘tests’ ... OK
* checking tests ...
  Running ‘testthat.R’
 OK
* checking for unstated dependencies in vignettes ... OK
* checking package vignettes in ‘inst/doc’ ... OK
* checking running R code from vignettes ... SKIPPED
* checking re-building of vignette outputs ... SKIPPED
* checking PDF version of manual ... OK
* DONE

Status: 2 WARNINGs, 1 NOTE
See
  ‘/Users/biocbuild/bbs-3.13-bioc/meat/CrispRVariants.Rcheck/00check.log’
for details.



Installation output

CrispRVariants.Rcheck/00install.out

##############################################################################
##############################################################################
###
### Running command:
###
###   /Library/Frameworks/R.framework/Versions/Current/Resources/bin/R CMD INSTALL CrispRVariants
###
##############################################################################
##############################################################################


* installing to library ‘/Library/Frameworks/R.framework/Versions/4.1/Resources/library’
* installing *source* package ‘CrispRVariants’ ...
** using staged installation
** R
** data
*** moving datasets to lazyload DB
** inst
** byte-compile and prepare package for lazy loading
** help
*** installing help indices
** building package indices
** installing vignettes
** testing if installed package can be loaded from temporary location
** testing if installed package can be loaded from final location
** testing if installed package keeps a record of temporary installation path
* DONE (CrispRVariants)

Tests output

CrispRVariants.Rcheck/tests/testthat.Rout


R version 4.1.1 (2021-08-10) -- "Kick Things"
Copyright (C) 2021 The R Foundation for Statistical Computing
Platform: x86_64-apple-darwin17.0 (64-bit)

R is free software and comes with ABSOLUTELY NO WARRANTY.
You are welcome to redistribute it under certain conditions.
Type 'license()' or 'licence()' for distribution details.

R is a collaborative project with many contributors.
Type 'contributors()' for more information and
'citation()' on how to cite R or R packages in publications.

Type 'demo()' for some demos, 'help()' for on-line help, or
'help.start()' for an HTML browser interface to help.
Type 'q()' to quit R.

> library(testthat)
> test_check("CrispRVariants")
Loading required package: CrispRVariants
Loading required package: ggplot2
══ Skipped tests ═══════════════════════════════════════════════════════════════
• empty test (1)

[ FAIL 0 | WARN 0 | SKIP 1 | PASS 75 ]
> 
> proc.time()
   user  system elapsed 
 35.522   0.944  36.469 

Example timings

CrispRVariants.Rcheck/CrispRVariants-Ex.timings

nameusersystemelapsed
CrisprRun-class0.9560.0631.021
CrisprSet-class6.6530.1516.814
abifToFastq0.3610.0140.378
alleles0.1580.0040.162
alns0.1010.0050.106
barplotAlleleFreqs0.8480.0290.878
consensusSeqs0.9910.0060.997
dispatchDots0.0020.0000.003
findChimeras0.0420.0020.045
getChimeras0.0310.0030.033
indelCounts0.1050.0020.107
intersperse0.0010.0000.000
mergeCrisprSets5.8880.0585.954
mutationEfficiency0.0410.0020.043
narrowAlignments0.3260.0020.328
plotAlignments0.8040.0040.809
plotChimeras1.5950.0071.602
plotFreqHeatmap0.3500.0050.356
plotVariants9.6200.1119.738
readsToTarget5.3460.0415.389
selectAlnRegionsHelpers000
variantCounts0.0430.0030.047