Back to Multiple platform build/check report for BioC 3.13
AB[C]DEFGHIJKLMNOPQRSTUVWXYZ

This page was generated on 2021-09-20 15:05:08 -0400 (Mon, 20 Sep 2021).

CHECK results for CINdex on tokay2

To the developers/maintainers of the CINdex package:
- Please allow up to 24 hours (and sometimes 48 hours) for your latest push to git@git.bioconductor.org:packages/CINdex.git to
reflect on this report. See How and When does the builder pull? When will my changes propagate? here for more information.
- Make sure to use the following settings in order to reproduce any error or warning you see on this page.

raw results

Package 313/2041HostnameOS / ArchINSTALLBUILDCHECKBUILD BIN
CINdex 1.20.0  (landing page)
Yuriy Gusev
Snapshot Date: 2021-09-19 04:50:10 -0400 (Sun, 19 Sep 2021)
git_url: https://git.bioconductor.org/packages/CINdex
git_branch: RELEASE_3_13
git_last_commit: 9a99af4
git_last_commit_date: 2021-05-19 12:19:26 -0400 (Wed, 19 May 2021)
nebbiolo1Linux (Ubuntu 20.04.2 LTS) / x86_64  OK    OK    WARNINGS  UNNEEDED, same version is already published
tokay2Windows Server 2012 R2 Standard / x64  OK    OK    WARNINGS    OK  UNNEEDED, same version is already published
machv2macOS 10.14.6 Mojave / x86_64  OK    OK    WARNINGS    OK  UNNEEDED, same version is already published

Summary

Package: CINdex
Version: 1.20.0
Command: C:\Users\biocbuild\bbs-3.13-bioc\R\bin\R.exe CMD check --force-multiarch --install=check:CINdex.install-out.txt --library=C:\Users\biocbuild\bbs-3.13-bioc\R\library --no-vignettes --timings CINdex_1.20.0.tar.gz
StartedAt: 2021-09-19 20:24:17 -0400 (Sun, 19 Sep 2021)
EndedAt: 2021-09-19 20:27:43 -0400 (Sun, 19 Sep 2021)
EllapsedTime: 206.1 seconds
RetCode: 0
Status:   WARNINGS  
CheckDir: CINdex.Rcheck
Warnings: 2

Command output

##############################################################################
##############################################################################
###
### Running command:
###
###   C:\Users\biocbuild\bbs-3.13-bioc\R\bin\R.exe CMD check --force-multiarch --install=check:CINdex.install-out.txt --library=C:\Users\biocbuild\bbs-3.13-bioc\R\library --no-vignettes --timings CINdex_1.20.0.tar.gz
###
##############################################################################
##############################################################################


* using log directory 'C:/Users/biocbuild/bbs-3.13-bioc/meat/CINdex.Rcheck'
* using R version 4.1.1 (2021-08-10)
* using platform: x86_64-w64-mingw32 (64-bit)
* using session charset: ISO8859-1
* using option '--no-vignettes'
* checking for file 'CINdex/DESCRIPTION' ... OK
* this is package 'CINdex' version '1.20.0'
* checking package namespace information ... OK
* checking package dependencies ... OK
* checking if this is a source package ... OK
* checking if there is a namespace ... OK
* checking for hidden files and directories ... OK
* checking for portable file names ... OK
* checking whether package 'CINdex' can be installed ... WARNING
Found the following significant warnings:
  Warning: replacing previous import 'IRanges::windows' by 'grDevices::windows' when loading 'CINdex'
See 'C:/Users/biocbuild/bbs-3.13-bioc/meat/CINdex.Rcheck/00install.out' for details.
* checking installed package size ... NOTE
  installed size is 17.9Mb
  sub-directories of 1Mb or more:
    data  17.7Mb
* checking package directory ... OK
* checking 'build' directory ... OK
* checking DESCRIPTION meta-information ... OK
* checking top-level files ... OK
* checking for left-over files ... OK
* checking index information ... OK
* checking package subdirectories ... OK
* checking R files for non-ASCII characters ... OK
* checking R files for syntax errors ... OK
* loading checks for arch 'i386'
** checking whether the package can be loaded ... OK
** checking whether the package can be loaded with stated dependencies ... OK
** checking whether the package can be unloaded cleanly ... OK
** checking whether the namespace can be loaded with stated dependencies ... OK
** checking whether the namespace can be unloaded cleanly ... OK
* loading checks for arch 'x64'
** checking whether the package can be loaded ... OK
** checking whether the package can be loaded with stated dependencies ... OK
** checking whether the package can be unloaded cleanly ... OK
** checking whether the namespace can be loaded with stated dependencies ... OK
** checking whether the namespace can be unloaded cleanly ... OK
* checking dependencies in R code ... OK
* checking S3 generic/method consistency ... OK
* checking replacement functions ... OK
* checking foreign function calls ... OK
* checking R code for possible problems ... NOTE
comp.heatmap: no visible binding for global variable 'dataMatrix'
process.probe.anno: no visible binding for global variable 'ID'
process.probe.anno: no visible binding for global variable 'midpoint'
process.reference.genome: no visible binding for global variable
  'chrom'
process.reference.genome: no visible binding for global variable 'name'
process.reference.genome: no visible binding for global variable
  'stain'
run.cin.chr: no visible global function definition for 'is'
run.cin.cyto: no visible global function definition for 'is'
Undefined global functions or variables:
  ID chrom dataMatrix is midpoint name stain
Consider adding
  importFrom("methods", "is")
to your NAMESPACE file (and ensure that your DESCRIPTION Imports field
contains 'methods').
* checking Rd files ... OK
* checking Rd metadata ... OK
* checking Rd cross-references ... OK
* checking for missing documentation entries ... OK
* checking for code/documentation mismatches ... OK
* checking Rd \usage sections ... OK
* checking Rd contents ... OK
* checking for unstated dependencies in examples ... OK
* checking contents of 'data' directory ... OK
* checking data for non-ASCII characters ... OK
* checking LazyData ... WARNING
  LazyData DB of 17.7 MB without LazyDataCompression set
  See ยง1.1.6 of 'Writing R Extensions'
* checking data for ASCII and uncompressed saves ... OK
* checking files in 'vignettes' ... OK
* checking examples ...
** running examples for arch 'i386' ... OK
Examples with CPU (user + system) or elapsed time > 5s
              user system elapsed
run.cin.cyto 12.21   1.03   13.25
** running examples for arch 'x64' ... OK
Examples with CPU (user + system) or elapsed time > 5s
              user system elapsed
run.cin.cyto 13.36   0.51   13.87
* checking for unstated dependencies in 'tests' ... OK
* checking tests ...
** running tests for arch 'i386' ...
  Running 'RunTests.R'
 OK
** running tests for arch 'x64' ...
  Running 'RunTests.R'
 OK
* checking for unstated dependencies in vignettes ... OK
* checking package vignettes in 'inst/doc' ... OK
* checking running R code from vignettes ... SKIPPED
* checking re-building of vignette outputs ... SKIPPED
* checking PDF version of manual ... OK
* DONE

Status: 2 WARNINGs, 2 NOTEs
See
  'C:/Users/biocbuild/bbs-3.13-bioc/meat/CINdex.Rcheck/00check.log'
for details.



Installation output

CINdex.Rcheck/00install.out

##############################################################################
##############################################################################
###
### Running command:
###
###   C:\cygwin\bin\curl.exe -O http://155.52.207.165/BBS/3.13/bioc/src/contrib/CINdex_1.20.0.tar.gz && rm -rf CINdex.buildbin-libdir && mkdir CINdex.buildbin-libdir && C:\Users\biocbuild\bbs-3.13-bioc\R\bin\R.exe CMD INSTALL --merge-multiarch --build --library=CINdex.buildbin-libdir CINdex_1.20.0.tar.gz && C:\Users\biocbuild\bbs-3.13-bioc\R\bin\R.exe CMD INSTALL CINdex_1.20.0.zip && rm CINdex_1.20.0.tar.gz CINdex_1.20.0.zip
###
##############################################################################
##############################################################################


  % Total    % Received % Xferd  Average Speed   Time    Time     Time  Current
                                 Dload  Upload   Total   Spent    Left  Speed

  0     0    0     0    0     0      0      0 --:--:-- --:--:-- --:--:--     0
 23 11.8M   23 2868k    0     0  4529k      0  0:00:02 --:--:--  0:00:02 4531k
 85 11.8M   85 10.0M    0     0  6342k      0  0:00:01  0:00:01 --:--:-- 6344k
100 11.8M  100 11.8M    0     0  6545k      0  0:00:01  0:00:01 --:--:-- 6546k

install for i386

* installing *source* package 'CINdex' ...
** using staged installation
** R
** data
*** moving datasets to lazyload DB
** inst
** byte-compile and prepare package for lazy loading
Warning: replacing previous import 'IRanges::windows' by 'grDevices::windows' when loading 'CINdex'
** help
*** installing help indices
  converting help for package 'CINdex'
    finding HTML links ... done
    clin.crc                                html  
    cnvgr.18.auto                           html  
    comp.heatmap                            html  
    cyto.cin4heatmap                        html  
    cytobands.cin                           html  
    extract.genes.in.cyto.regions           html  
    geneAnno                                html  
    grl.data                                html  
    hg18.ucsctrack                          html  
    run.cin.chr                             html  
    run.cin.cyto                            html  
    snpgr.18.auto                           html  
    ttest.cyto.cin.heatmap                  html  
** building package indices
** installing vignettes
** testing if installed package can be loaded from temporary location
Warning: replacing previous import 'IRanges::windows' by 'grDevices::windows' when loading 'CINdex'
** testing if installed package can be loaded from final location
Warning: replacing previous import 'IRanges::windows' by 'grDevices::windows' when loading 'CINdex'
** testing if installed package keeps a record of temporary installation path

install for x64

* installing *source* package 'CINdex' ...
** testing if installed package can be loaded
Warning: replacing previous import 'IRanges::windows' by 'grDevices::windows' when loading 'CINdex'
* MD5 sums
packaged installation of 'CINdex' as CINdex_1.20.0.zip
* DONE (CINdex)
* installing to library 'C:/Users/biocbuild/bbs-3.13-bioc/R/library'
package 'CINdex' successfully unpacked and MD5 sums checked

Tests output

CINdex.Rcheck/tests_i386/RunTests.Rout


R version 4.1.1 (2021-08-10) -- "Kick Things"
Copyright (C) 2021 The R Foundation for Statistical Computing
Platform: i386-w64-mingw32/i386 (32-bit)

R is free software and comes with ABSOLUTELY NO WARRANTY.
You are welcome to redistribute it under certain conditions.
Type 'license()' or 'licence()' for distribution details.

R is a collaborative project with many contributors.
Type 'contributors()' for more information and
'citation()' on how to cite R or R packages in publications.

Type 'demo()' for some demos, 'help()' for on-line help, or
'help.start()' for an HTML browser interface to help.
Type 'q()' to quit R.

> BiocGenerics:::testPackage("CINdex")

Attaching package: 'BiocGenerics'

The following objects are masked from 'package:parallel':

    clusterApply, clusterApplyLB, clusterCall, clusterEvalQ,
    clusterExport, clusterMap, parApply, parCapply, parLapply,
    parLapplyLB, parRapply, parSapply, parSapplyLB

The following objects are masked from 'package:stats':

    IQR, mad, sd, var, xtabs

The following objects are masked from 'package:base':

    Filter, Find, Map, Position, Reduce, anyDuplicated, append,
    as.data.frame, basename, cbind, colnames, dirname, do.call,
    duplicated, eval, evalq, get, grep, grepl, intersect, is.unsorted,
    lapply, mapply, match, mget, order, paste, pmax, pmax.int, pmin,
    pmin.int, rank, rbind, rownames, sapply, setdiff, sort, table,
    tapply, union, unique, unsplit, which.max, which.min


Attaching package: 'S4Vectors'

The following objects are masked from 'package:base':

    I, expand.grid, unname


Attaching package: 'IRanges'

The following object is masked from 'package:grDevices':

    windows



RUNIT TEST PROTOCOL -- Sun Sep 19 20:27:31 2021 
*********************************************** 
Number of test functions: 0 
Number of errors: 0 
Number of failures: 0 

 
1 Test Suite : 
CINdex RUnit Tests - 0 test functions, 0 errors, 0 failures
Number of test functions: 0 
Number of errors: 0 
Number of failures: 0 
Warning message:
replacing previous import 'IRanges::windows' by 'grDevices::windows' when loading 'CINdex' 
> 
> proc.time()
   user  system elapsed 
   3.79    0.15    3.95 

CINdex.Rcheck/tests_x64/RunTests.Rout


R version 4.1.1 (2021-08-10) -- "Kick Things"
Copyright (C) 2021 The R Foundation for Statistical Computing
Platform: x86_64-w64-mingw32/x64 (64-bit)

R is free software and comes with ABSOLUTELY NO WARRANTY.
You are welcome to redistribute it under certain conditions.
Type 'license()' or 'licence()' for distribution details.

R is a collaborative project with many contributors.
Type 'contributors()' for more information and
'citation()' on how to cite R or R packages in publications.

Type 'demo()' for some demos, 'help()' for on-line help, or
'help.start()' for an HTML browser interface to help.
Type 'q()' to quit R.

> BiocGenerics:::testPackage("CINdex")

Attaching package: 'BiocGenerics'

The following objects are masked from 'package:parallel':

    clusterApply, clusterApplyLB, clusterCall, clusterEvalQ,
    clusterExport, clusterMap, parApply, parCapply, parLapply,
    parLapplyLB, parRapply, parSapply, parSapplyLB

The following objects are masked from 'package:stats':

    IQR, mad, sd, var, xtabs

The following objects are masked from 'package:base':

    Filter, Find, Map, Position, Reduce, anyDuplicated, append,
    as.data.frame, basename, cbind, colnames, dirname, do.call,
    duplicated, eval, evalq, get, grep, grepl, intersect, is.unsorted,
    lapply, mapply, match, mget, order, paste, pmax, pmax.int, pmin,
    pmin.int, rank, rbind, rownames, sapply, setdiff, sort, table,
    tapply, union, unique, unsplit, which.max, which.min


Attaching package: 'S4Vectors'

The following objects are masked from 'package:base':

    I, expand.grid, unname


Attaching package: 'IRanges'

The following object is masked from 'package:grDevices':

    windows



RUNIT TEST PROTOCOL -- Sun Sep 19 20:27:36 2021 
*********************************************** 
Number of test functions: 0 
Number of errors: 0 
Number of failures: 0 

 
1 Test Suite : 
CINdex RUnit Tests - 0 test functions, 0 errors, 0 failures
Number of test functions: 0 
Number of errors: 0 
Number of failures: 0 
Warning message:
replacing previous import 'IRanges::windows' by 'grDevices::windows' when loading 'CINdex' 
> 
> proc.time()
   user  system elapsed 
   3.87    0.23    4.09 

Example timings

CINdex.Rcheck/examples_i386/CINdex-Ex.timings

nameusersystemelapsed
comp.heatmap0.380.010.39
extract.genes.in.cyto.regions1.650.101.76
run.cin.chr0.120.000.12
run.cin.cyto12.21 1.0313.25
ttest.cyto.cin.heatmap0.900.002.86

CINdex.Rcheck/examples_x64/CINdex-Ex.timings

nameusersystemelapsed
comp.heatmap0.380.020.39
extract.genes.in.cyto.regions2.210.112.33
run.cin.chr0.110.000.11
run.cin.cyto13.36 0.5113.87
ttest.cyto.cin.heatmap0.620.020.64