Back to Multiple platform build/check report for BioC 3.13
AB[C]DEFGHIJKLMNOPQRSTUVWXYZ

This page was generated on 2021-09-22 15:05:39 -0400 (Wed, 22 Sep 2021).

BUILD results for CHETAH on machv2

To the developers/maintainers of the CHETAH package:
- Please allow up to 24 hours (and sometimes 48 hours) for your latest push to git@git.bioconductor.org:packages/CHETAH.git to
reflect on this report. See How and When does the builder pull? When will my changes propagate? here for more information.
- Make sure to use the following settings in order to reproduce any error or warning you see on this page.

raw results

Package 286/2041HostnameOS / ArchINSTALLBUILDCHECKBUILD BIN
CHETAH 1.8.0  (landing page)
Jurrian de Kanter
Snapshot Date: 2021-09-21 04:50:12 -0400 (Tue, 21 Sep 2021)
git_url: https://git.bioconductor.org/packages/CHETAH
git_branch: RELEASE_3_13
git_last_commit: 1eacdb8
git_last_commit_date: 2021-05-19 12:41:54 -0400 (Wed, 19 May 2021)
nebbiolo1Linux (Ubuntu 20.04.2 LTS) / x86_64  OK    ERROR  skipped
tokay2Windows Server 2012 R2 Standard / x64  OK    ERROR  skippedskipped
machv2macOS 10.14.6 Mojave / x86_64  OK    ERROR  skippedskipped

Summary

Package: CHETAH
Version: 1.8.0
Command: /Library/Frameworks/R.framework/Versions/Current/Resources/bin/R CMD build --keep-empty-dirs --no-resave-data CHETAH
StartedAt: 2021-09-21 11:12:34 -0400 (Tue, 21 Sep 2021)
EndedAt: 2021-09-21 11:14:14 -0400 (Tue, 21 Sep 2021)
EllapsedTime: 99.2 seconds
RetCode: 1
Status:   ERROR  
PackageFile: None
PackageFileSize: NA

Command output

##############################################################################
##############################################################################
###
### Running command:
###
###   /Library/Frameworks/R.framework/Versions/Current/Resources/bin/R CMD build --keep-empty-dirs --no-resave-data CHETAH
###
##############################################################################
##############################################################################


* checking for file ‘CHETAH/DESCRIPTION’ ... OK
* preparing ‘CHETAH’:
* checking DESCRIPTION meta-information ... OK
* installing the package to build vignettes
* creating vignettes ... ERROR
--- re-building ‘CHETAH_introduction.Rmd’ using rmarkdown
Quitting from lines 376-377 (CHETAH_introduction.Rmd) 
Error: processing vignette 'CHETAH_introduction.Rmd' failed with diagnostics:
zero-length 'labels' specified
--- failed re-building ‘CHETAH_introduction.Rmd’

SUMMARY: processing the following file failed:
  ‘CHETAH_introduction.Rmd’

Error: Vignette re-building failed.
Execution halted