Back to Multiple platform build/check report for BioC 3.13
A[B]CDEFGHIJKLMNOPQRSTUVWXYZ

This page was generated on 2021-09-20 15:04:44 -0400 (Mon, 20 Sep 2021).

CHECK results for BitSeq on nebbiolo1

To the developers/maintainers of the BitSeq package:
- Please allow up to 24 hours (and sometimes 48 hours) for your latest push to git@git.bioconductor.org:packages/BitSeq.git to
reflect on this report. See How and When does the builder pull? When will my changes propagate? here for more information.
- Make sure to use the following settings in order to reproduce any error or warning you see on this page.

raw results

Package 197/2041HostnameOS / ArchINSTALLBUILDCHECKBUILD BIN
BitSeq 1.36.0  (landing page)
Antti Honkela , Panagiotis Papastamoulis
Snapshot Date: 2021-09-19 04:50:10 -0400 (Sun, 19 Sep 2021)
git_url: https://git.bioconductor.org/packages/BitSeq
git_branch: RELEASE_3_13
git_last_commit: 9a22089
git_last_commit_date: 2021-05-19 11:52:00 -0400 (Wed, 19 May 2021)
nebbiolo1Linux (Ubuntu 20.04.2 LTS) / x86_64  OK    OK    WARNINGS  UNNEEDED, same version is already published
tokay2Windows Server 2012 R2 Standard / x64  OK    OK    WARNINGS    OK  UNNEEDED, same version is already published
machv2macOS 10.14.6 Mojave / x86_64  OK    OK    WARNINGS    OK  UNNEEDED, same version is already published

Summary

Package: BitSeq
Version: 1.36.0
Command: /home/biocbuild/bbs-3.13-bioc/R/bin/R CMD check --install=check:BitSeq.install-out.txt --library=/home/biocbuild/bbs-3.13-bioc/R/library --no-vignettes --timings BitSeq_1.36.0.tar.gz
StartedAt: 2021-09-19 09:01:51 -0400 (Sun, 19 Sep 2021)
EndedAt: 2021-09-19 09:03:09 -0400 (Sun, 19 Sep 2021)
EllapsedTime: 78.1 seconds
RetCode: 0
Status:   WARNINGS  
CheckDir: BitSeq.Rcheck
Warnings: 1

Command output

##############################################################################
##############################################################################
###
### Running command:
###
###   /home/biocbuild/bbs-3.13-bioc/R/bin/R CMD check --install=check:BitSeq.install-out.txt --library=/home/biocbuild/bbs-3.13-bioc/R/library --no-vignettes --timings BitSeq_1.36.0.tar.gz
###
##############################################################################
##############################################################################


* using log directory ‘/home/biocbuild/bbs-3.13-bioc/meat/BitSeq.Rcheck’
* using R version 4.1.1 (2021-08-10)
* using platform: x86_64-pc-linux-gnu (64-bit)
* using session charset: UTF-8
* using option ‘--no-vignettes’
* checking for file ‘BitSeq/DESCRIPTION’ ... OK
* checking extension type ... Package
* this is package ‘BitSeq’ version ‘1.36.0’
* checking package namespace information ... OK
* checking package dependencies ... OK
* checking if this is a source package ... OK
* checking if there is a namespace ... OK
* checking for hidden files and directories ... OK
* checking for portable file names ... OK
* checking for sufficient/correct file permissions ... OK
* checking whether package ‘BitSeq’ can be installed ... OK
* checking installed package size ... NOTE
  installed size is  9.4Mb
  sub-directories of 1Mb or more:
    extdata   1.2Mb
    libs      8.0Mb
* checking package directory ... OK
* checking ‘build’ directory ... OK
* checking DESCRIPTION meta-information ... NOTE
License components with restrictions not permitted:
  Artistic-2.0 + file LICENSE
Versioned 'LinkingTo' value for ‘Rhtslib’ is only usable in R >= 3.0.2
* checking top-level files ... OK
* checking for left-over files ... OK
* checking index information ... OK
* checking package subdirectories ... OK
* checking R files for non-ASCII characters ... OK
* checking R files for syntax errors ... OK
* checking whether the package can be loaded ... OK
* checking whether the package can be loaded with stated dependencies ... OK
* checking whether the package can be unloaded cleanly ... OK
* checking whether the namespace can be loaded with stated dependencies ... OK
* checking whether the namespace can be unloaded cleanly ... OK
* checking dependencies in R code ... NOTE
Package in Depends field not imported from: ‘Rsamtools’
  These packages need to be imported from (in the NAMESPACE file)
  for when this namespace is loaded but not attached.
* checking S3 generic/method consistency ... OK
* checking replacement functions ... OK
* checking foreign function calls ... OK
* checking R code for possible problems ... OK
* checking Rd files ... OK
* checking Rd metadata ... OK
* checking Rd cross-references ... OK
* checking for missing documentation entries ... OK
* checking for code/documentation mismatches ... OK
* checking Rd \usage sections ... OK
* checking Rd contents ... OK
* checking for unstated dependencies in examples ... OK
* checking line endings in shell scripts ... OK
* checking line endings in C/C++/Fortran sources/headers ... OK
* checking line endings in Makefiles ... OK
* checking compilation flags in Makevars ... OK
* checking for GNU extensions in Makefiles ... NOTE
GNU make is a SystemRequirements.
* checking for portable use of $(BLAS_LIBS) and $(LAPACK_LIBS) ... OK
* checking use of PKG_*FLAGS in Makefiles ... OK
* checking compiled code ... NOTE
Note: information on .o files is not available
File ‘/home/biocbuild/bbs-3.13-bioc/R/library/BitSeq/libs/BitSeq.so’:
  Found ‘__printf_chk’, possibly from ‘printf’ (C)
  Found ‘abort’, possibly from ‘abort’ (C)
  Found ‘exit’, possibly from ‘exit’ (C)
  Found ‘putchar’, possibly from ‘putchar’ (C)
  Found ‘puts’, possibly from ‘printf’ (C), ‘puts’ (C)
  Found ‘rand’, possibly from ‘rand’ (C)
  Found ‘srand48’, possibly from ‘srand48’ (C)
  Found ‘stderr’, possibly from ‘stderr’ (C)
  Found ‘stdout’, possibly from ‘stdout’ (C)

Compiled code should not call entry points which might terminate R nor
write to stdout/stderr instead of to the console, nor use Fortran I/O
nor system RNGs. The detected symbols are linked into the code but
might come from libraries and not actually be called.

See ‘Writing portable packages’ in the ‘Writing R Extensions’ manual.
* checking files in ‘vignettes’ ... OK
* checking examples ... WARNING
Found the following significant warnings:
  Warning: working directory was changed to ‘/home/biocbuild/bbs-3.13-bioc/R/library/BitSeq/extdata’, resetting
  Warning: working directory was changed to ‘/home/biocbuild/bbs-3.13-bioc/R/library/BitSeq/extdata’, resetting
  Warning: working directory was changed to ‘/home/biocbuild/bbs-3.13-bioc/R/library/BitSeq/extdata’, resetting
  Warning: working directory was changed to ‘/home/biocbuild/bbs-3.13-bioc/R/library/BitSeq/extdata’, resetting
* checking for unstated dependencies in vignettes ... OK
* checking package vignettes in ‘inst/doc’ ... OK
* checking running R code from vignettes ... SKIPPED
* checking re-building of vignette outputs ... SKIPPED
* checking PDF version of manual ... OK
* DONE

Status: 1 WARNING, 5 NOTEs
See
  ‘/home/biocbuild/bbs-3.13-bioc/meat/BitSeq.Rcheck/00check.log’
for details.



Installation output

BitSeq.Rcheck/00install.out

##############################################################################
##############################################################################
###
### Running command:
###
###   /home/biocbuild/bbs-3.13-bioc/R/bin/R CMD INSTALL BitSeq
###
##############################################################################
##############################################################################


* installing to library ‘/home/biocbuild/bbs-3.13-bioc/R/library’
* installing *source* package ‘BitSeq’ ...
** using staged installation
configure: Version def: -DBS_VERSION=\"1.36.0\"
checking whether the C++ compiler works... yes
checking for C++ compiler default output file name... a.out
checking for suffix of executables... 
checking whether we are cross compiling... no
checking for suffix of object files... o
checking whether we are using the GNU C++ compiler... yes
checking whether g++ -std=gnu++14 accepts -g... yes
checking for g++ -std=gnu++14 option to support OpenMP... -fopenmp
configure: creating ./config.status
config.status: creating src/Makevars
config.status: creating src/Makevars.win
** libs
g++ -std=gnu++14 -I"/home/biocbuild/bbs-3.13-bioc/R/include" -DNDEBUG -D_FILE_OFFSET_BITS=64 -DPACKAGE_NAME=\"BitSeq\" -DPACKAGE_TARNAME=\"bitseq\" -DPACKAGE_VERSION=\"1.10.x\" -DPACKAGE_STRING=\"BitSeq\ 1.10.x\" -DPACKAGE_BUGREPORT=\"\" -DPACKAGE_URL=\"\" -DBS_VERSION=\"1.36.0\" -DSUPPORT_OPENMP=1 -DBIOC_BUILD=1 -I'/home/biocbuild/bbs-3.13-bioc/R/library/Rhtslib/include' -I/usr/local/include  -I. -fopenmp -fpic  -g -O2  -Wall -c ArgumentParser.cpp -o ArgumentParser.o
g++ -std=gnu++14 -I"/home/biocbuild/bbs-3.13-bioc/R/include" -DNDEBUG -D_FILE_OFFSET_BITS=64 -DPACKAGE_NAME=\"BitSeq\" -DPACKAGE_TARNAME=\"bitseq\" -DPACKAGE_VERSION=\"1.10.x\" -DPACKAGE_STRING=\"BitSeq\ 1.10.x\" -DPACKAGE_BUGREPORT=\"\" -DPACKAGE_URL=\"\" -DBS_VERSION=\"1.36.0\" -DSUPPORT_OPENMP=1 -DBIOC_BUILD=1 -I'/home/biocbuild/bbs-3.13-bioc/R/library/Rhtslib/include' -I/usr/local/include  -I. -fopenmp -fpic  -g -O2  -Wall -c CollapsedSampler.cpp -o CollapsedSampler.o
g++ -std=gnu++14 -I"/home/biocbuild/bbs-3.13-bioc/R/include" -DNDEBUG -D_FILE_OFFSET_BITS=64 -DPACKAGE_NAME=\"BitSeq\" -DPACKAGE_TARNAME=\"bitseq\" -DPACKAGE_VERSION=\"1.10.x\" -DPACKAGE_STRING=\"BitSeq\ 1.10.x\" -DPACKAGE_BUGREPORT=\"\" -DPACKAGE_URL=\"\" -DBS_VERSION=\"1.36.0\" -DSUPPORT_OPENMP=1 -DBIOC_BUILD=1 -I'/home/biocbuild/bbs-3.13-bioc/R/library/Rhtslib/include' -I/usr/local/include  -I. -fopenmp -fpic  -g -O2  -Wall -c FileHeader.cpp -o FileHeader.o
g++ -std=gnu++14 -I"/home/biocbuild/bbs-3.13-bioc/R/include" -DNDEBUG -D_FILE_OFFSET_BITS=64 -DPACKAGE_NAME=\"BitSeq\" -DPACKAGE_TARNAME=\"bitseq\" -DPACKAGE_VERSION=\"1.10.x\" -DPACKAGE_STRING=\"BitSeq\ 1.10.x\" -DPACKAGE_BUGREPORT=\"\" -DPACKAGE_URL=\"\" -DBS_VERSION=\"1.36.0\" -DSUPPORT_OPENMP=1 -DBIOC_BUILD=1 -I'/home/biocbuild/bbs-3.13-bioc/R/library/Rhtslib/include' -I/usr/local/include  -I. -fopenmp -fpic  -g -O2  -Wall -c GibbsParameters.cpp -o GibbsParameters.o
g++ -std=gnu++14 -I"/home/biocbuild/bbs-3.13-bioc/R/include" -DNDEBUG -D_FILE_OFFSET_BITS=64 -DPACKAGE_NAME=\"BitSeq\" -DPACKAGE_TARNAME=\"bitseq\" -DPACKAGE_VERSION=\"1.10.x\" -DPACKAGE_STRING=\"BitSeq\ 1.10.x\" -DPACKAGE_BUGREPORT=\"\" -DPACKAGE_URL=\"\" -DBS_VERSION=\"1.36.0\" -DSUPPORT_OPENMP=1 -DBIOC_BUILD=1 -I'/home/biocbuild/bbs-3.13-bioc/R/library/Rhtslib/include' -I/usr/local/include  -I. -fopenmp -fpic  -g -O2  -Wall -c GibbsSampler.cpp -o GibbsSampler.o
g++ -std=gnu++14 -I"/home/biocbuild/bbs-3.13-bioc/R/include" -DNDEBUG -D_FILE_OFFSET_BITS=64 -DPACKAGE_NAME=\"BitSeq\" -DPACKAGE_TARNAME=\"bitseq\" -DPACKAGE_VERSION=\"1.10.x\" -DPACKAGE_STRING=\"BitSeq\ 1.10.x\" -DPACKAGE_BUGREPORT=\"\" -DPACKAGE_URL=\"\" -DBS_VERSION=\"1.36.0\" -DSUPPORT_OPENMP=1 -DBIOC_BUILD=1 -I'/home/biocbuild/bbs-3.13-bioc/R/library/Rhtslib/include' -I/usr/local/include  -I. -fopenmp -fpic  -g -O2  -Wall -c MyTimer.cpp -o MyTimer.o
g++ -std=gnu++14 -I"/home/biocbuild/bbs-3.13-bioc/R/include" -DNDEBUG -D_FILE_OFFSET_BITS=64 -DPACKAGE_NAME=\"BitSeq\" -DPACKAGE_TARNAME=\"bitseq\" -DPACKAGE_VERSION=\"1.10.x\" -DPACKAGE_STRING=\"BitSeq\ 1.10.x\" -DPACKAGE_BUGREPORT=\"\" -DPACKAGE_URL=\"\" -DBS_VERSION=\"1.36.0\" -DSUPPORT_OPENMP=1 -DBIOC_BUILD=1 -I'/home/biocbuild/bbs-3.13-bioc/R/library/Rhtslib/include' -I/usr/local/include  -I. -fopenmp -fpic  -g -O2  -Wall -c PosteriorSamples.cpp -o PosteriorSamples.o
g++ -std=gnu++14 -I"/home/biocbuild/bbs-3.13-bioc/R/include" -DNDEBUG -D_FILE_OFFSET_BITS=64 -DPACKAGE_NAME=\"BitSeq\" -DPACKAGE_TARNAME=\"bitseq\" -DPACKAGE_VERSION=\"1.10.x\" -DPACKAGE_STRING=\"BitSeq\ 1.10.x\" -DPACKAGE_BUGREPORT=\"\" -DPACKAGE_URL=\"\" -DBS_VERSION=\"1.36.0\" -DSUPPORT_OPENMP=1 -DBIOC_BUILD=1 -I'/home/biocbuild/bbs-3.13-bioc/R/library/Rhtslib/include' -I/usr/local/include  -I. -fopenmp -fpic  -g -O2  -Wall -c R_init_BitSeq.cpp -o R_init_BitSeq.o
g++ -std=gnu++14 -I"/home/biocbuild/bbs-3.13-bioc/R/include" -DNDEBUG -D_FILE_OFFSET_BITS=64 -DPACKAGE_NAME=\"BitSeq\" -DPACKAGE_TARNAME=\"bitseq\" -DPACKAGE_VERSION=\"1.10.x\" -DPACKAGE_STRING=\"BitSeq\ 1.10.x\" -DPACKAGE_BUGREPORT=\"\" -DPACKAGE_URL=\"\" -DBS_VERSION=\"1.36.0\" -DSUPPORT_OPENMP=1 -DBIOC_BUILD=1 -I'/home/biocbuild/bbs-3.13-bioc/R/library/Rhtslib/include' -I/usr/local/include  -I. -fopenmp -fpic  -g -O2  -Wall -c ReadDistribution.cpp -o ReadDistribution.o
ReadDistribution.cpp: In member function ‘bool ReadDistribution::observed(ns_rD::fragmentP)’:
ReadDistribution.cpp:265:9: warning: suggest parentheses around operand of ‘!’ or change ‘&’ to ‘&&’ or ‘!’ to ‘~’ [-Wparentheses]
  265 |        (! frag->second->core.flag & BAM_FREVERSE))){
      |         ^~~~~~~~~~~~~~~~~~~~~~~~~
ReadDistribution.cpp: In member function ‘bool ReadDistribution::getP(ns_rD::fragmentP, double&, double&)’:
ReadDistribution.cpp:687:14: warning: suggest parentheses around operand of ‘!’ or change ‘&’ to ‘&&’ or ‘!’ to ‘~’ [-Wparentheses]
  687 |             (! frag->second->core.flag & BAM_FREVERSE))){
      |              ^~~~~~~~~~~~~~~~~~~~~~~~~
gcc -I"/home/biocbuild/bbs-3.13-bioc/R/include" -DNDEBUG -D_FILE_OFFSET_BITS=64 -DPACKAGE_NAME=\"BitSeq\" -DPACKAGE_TARNAME=\"bitseq\" -DPACKAGE_VERSION=\"1.10.x\" -DPACKAGE_STRING=\"BitSeq\ 1.10.x\" -DPACKAGE_BUGREPORT=\"\" -DPACKAGE_URL=\"\" -DBS_VERSION=\"1.36.0\" -DSUPPORT_OPENMP=1 -DBIOC_BUILD=1 -I'/home/biocbuild/bbs-3.13-bioc/R/library/Rhtslib/include' -I/usr/local/include   -fpic  -g -O2  -Wall -c Rhtslib_bam_plbuf.c -o Rhtslib_bam_plbuf.o
gcc -I"/home/biocbuild/bbs-3.13-bioc/R/include" -DNDEBUG -D_FILE_OFFSET_BITS=64 -DPACKAGE_NAME=\"BitSeq\" -DPACKAGE_TARNAME=\"bitseq\" -DPACKAGE_VERSION=\"1.10.x\" -DPACKAGE_STRING=\"BitSeq\ 1.10.x\" -DPACKAGE_BUGREPORT=\"\" -DPACKAGE_URL=\"\" -DBS_VERSION=\"1.36.0\" -DSUPPORT_OPENMP=1 -DBIOC_BUILD=1 -I'/home/biocbuild/bbs-3.13-bioc/R/library/Rhtslib/include' -I/usr/local/include   -fpic  -g -O2  -Wall -c Rhtslib_sam.c -o Rhtslib_sam.o
g++ -std=gnu++14 -I"/home/biocbuild/bbs-3.13-bioc/R/include" -DNDEBUG -D_FILE_OFFSET_BITS=64 -DPACKAGE_NAME=\"BitSeq\" -DPACKAGE_TARNAME=\"bitseq\" -DPACKAGE_VERSION=\"1.10.x\" -DPACKAGE_STRING=\"BitSeq\ 1.10.x\" -DPACKAGE_BUGREPORT=\"\" -DPACKAGE_URL=\"\" -DBS_VERSION=\"1.36.0\" -DSUPPORT_OPENMP=1 -DBIOC_BUILD=1 -I'/home/biocbuild/bbs-3.13-bioc/R/library/Rhtslib/include' -I/usr/local/include  -I. -fopenmp -fpic  -g -O2  -Wall -c Sampler.cpp -o Sampler.o
g++ -std=gnu++14 -I"/home/biocbuild/bbs-3.13-bioc/R/include" -DNDEBUG -D_FILE_OFFSET_BITS=64 -DPACKAGE_NAME=\"BitSeq\" -DPACKAGE_TARNAME=\"bitseq\" -DPACKAGE_VERSION=\"1.10.x\" -DPACKAGE_STRING=\"BitSeq\ 1.10.x\" -DPACKAGE_BUGREPORT=\"\" -DPACKAGE_URL=\"\" -DBS_VERSION=\"1.36.0\" -DSUPPORT_OPENMP=1 -DBIOC_BUILD=1 -I'/home/biocbuild/bbs-3.13-bioc/R/library/Rhtslib/include' -I/usr/local/include  -I. -fopenmp -fpic  -g -O2  -Wall -c SimpleSparse.cpp -o SimpleSparse.o
g++ -std=gnu++14 -I"/home/biocbuild/bbs-3.13-bioc/R/include" -DNDEBUG -D_FILE_OFFSET_BITS=64 -DPACKAGE_NAME=\"BitSeq\" -DPACKAGE_TARNAME=\"bitseq\" -DPACKAGE_VERSION=\"1.10.x\" -DPACKAGE_STRING=\"BitSeq\ 1.10.x\" -DPACKAGE_BUGREPORT=\"\" -DPACKAGE_URL=\"\" -DBS_VERSION=\"1.36.0\" -DSUPPORT_OPENMP=1 -DBIOC_BUILD=1 -I'/home/biocbuild/bbs-3.13-bioc/R/library/Rhtslib/include' -I/usr/local/include  -I. -fopenmp -fpic  -g -O2  -Wall -c TagAlignments.cpp -o TagAlignments.o
g++ -std=gnu++14 -I"/home/biocbuild/bbs-3.13-bioc/R/include" -DNDEBUG -D_FILE_OFFSET_BITS=64 -DPACKAGE_NAME=\"BitSeq\" -DPACKAGE_TARNAME=\"bitseq\" -DPACKAGE_VERSION=\"1.10.x\" -DPACKAGE_STRING=\"BitSeq\ 1.10.x\" -DPACKAGE_BUGREPORT=\"\" -DPACKAGE_URL=\"\" -DBS_VERSION=\"1.36.0\" -DSUPPORT_OPENMP=1 -DBIOC_BUILD=1 -I'/home/biocbuild/bbs-3.13-bioc/R/library/Rhtslib/include' -I/usr/local/include  -I. -fopenmp -fpic  -g -O2  -Wall -c TranscriptExpression.cpp -o TranscriptExpression.o
g++ -std=gnu++14 -I"/home/biocbuild/bbs-3.13-bioc/R/include" -DNDEBUG -D_FILE_OFFSET_BITS=64 -DPACKAGE_NAME=\"BitSeq\" -DPACKAGE_TARNAME=\"bitseq\" -DPACKAGE_VERSION=\"1.10.x\" -DPACKAGE_STRING=\"BitSeq\ 1.10.x\" -DPACKAGE_BUGREPORT=\"\" -DPACKAGE_URL=\"\" -DBS_VERSION=\"1.36.0\" -DSUPPORT_OPENMP=1 -DBIOC_BUILD=1 -I'/home/biocbuild/bbs-3.13-bioc/R/library/Rhtslib/include' -I/usr/local/include  -I. -fopenmp -fpic  -g -O2  -Wall -c TranscriptInfo.cpp -o TranscriptInfo.o
g++ -std=gnu++14 -I"/home/biocbuild/bbs-3.13-bioc/R/include" -DNDEBUG -D_FILE_OFFSET_BITS=64 -DPACKAGE_NAME=\"BitSeq\" -DPACKAGE_TARNAME=\"bitseq\" -DPACKAGE_VERSION=\"1.10.x\" -DPACKAGE_STRING=\"BitSeq\ 1.10.x\" -DPACKAGE_BUGREPORT=\"\" -DPACKAGE_URL=\"\" -DBS_VERSION=\"1.36.0\" -DSUPPORT_OPENMP=1 -DBIOC_BUILD=1 -I'/home/biocbuild/bbs-3.13-bioc/R/library/Rhtslib/include' -I/usr/local/include  -I. -fopenmp -fpic  -g -O2  -Wall -c TranscriptSequence.cpp -o TranscriptSequence.o
g++ -std=gnu++14 -I"/home/biocbuild/bbs-3.13-bioc/R/include" -DNDEBUG -D_FILE_OFFSET_BITS=64 -DPACKAGE_NAME=\"BitSeq\" -DPACKAGE_TARNAME=\"bitseq\" -DPACKAGE_VERSION=\"1.10.x\" -DPACKAGE_STRING=\"BitSeq\ 1.10.x\" -DPACKAGE_BUGREPORT=\"\" -DPACKAGE_URL=\"\" -DBS_VERSION=\"1.36.0\" -DSUPPORT_OPENMP=1 -DBIOC_BUILD=1 -I'/home/biocbuild/bbs-3.13-bioc/R/library/Rhtslib/include' -I/usr/local/include  -I. -fopenmp -fpic  -g -O2  -Wall -c VariationalBayes.cpp -o VariationalBayes.o
g++ -std=gnu++14 -I"/home/biocbuild/bbs-3.13-bioc/R/include" -DNDEBUG -D_FILE_OFFSET_BITS=64 -DPACKAGE_NAME=\"BitSeq\" -DPACKAGE_TARNAME=\"bitseq\" -DPACKAGE_VERSION=\"1.10.x\" -DPACKAGE_STRING=\"BitSeq\ 1.10.x\" -DPACKAGE_BUGREPORT=\"\" -DPACKAGE_URL=\"\" -DBS_VERSION=\"1.36.0\" -DSUPPORT_OPENMP=1 -DBIOC_BUILD=1 -I'/home/biocbuild/bbs-3.13-bioc/R/library/Rhtslib/include' -I/usr/local/include  -I. -fopenmp -fpic  -g -O2  -Wall -c common.cpp -o common.o
g++ -std=gnu++14 -I"/home/biocbuild/bbs-3.13-bioc/R/include" -DNDEBUG -D_FILE_OFFSET_BITS=64 -DPACKAGE_NAME=\"BitSeq\" -DPACKAGE_TARNAME=\"bitseq\" -DPACKAGE_VERSION=\"1.10.x\" -DPACKAGE_STRING=\"BitSeq\ 1.10.x\" -DPACKAGE_BUGREPORT=\"\" -DPACKAGE_URL=\"\" -DBS_VERSION=\"1.36.0\" -DSUPPORT_OPENMP=1 -DBIOC_BUILD=1 -I'/home/biocbuild/bbs-3.13-bioc/R/library/Rhtslib/include' -I/usr/local/include  -I. -fopenmp -fpic  -g -O2  -Wall -c estimateDE.cpp -o estimateDE.o
g++ -std=gnu++14 -I"/home/biocbuild/bbs-3.13-bioc/R/include" -DNDEBUG -D_FILE_OFFSET_BITS=64 -DPACKAGE_NAME=\"BitSeq\" -DPACKAGE_TARNAME=\"bitseq\" -DPACKAGE_VERSION=\"1.10.x\" -DPACKAGE_STRING=\"BitSeq\ 1.10.x\" -DPACKAGE_BUGREPORT=\"\" -DPACKAGE_URL=\"\" -DBS_VERSION=\"1.36.0\" -DSUPPORT_OPENMP=1 -DBIOC_BUILD=1 -I'/home/biocbuild/bbs-3.13-bioc/R/library/Rhtslib/include' -I/usr/local/include  -I. -fopenmp -fpic  -g -O2  -Wall -c estimateExpression.cpp -o estimateExpression.o
g++ -std=gnu++14 -I"/home/biocbuild/bbs-3.13-bioc/R/include" -DNDEBUG -D_FILE_OFFSET_BITS=64 -DPACKAGE_NAME=\"BitSeq\" -DPACKAGE_TARNAME=\"bitseq\" -DPACKAGE_VERSION=\"1.10.x\" -DPACKAGE_STRING=\"BitSeq\ 1.10.x\" -DPACKAGE_BUGREPORT=\"\" -DPACKAGE_URL=\"\" -DBS_VERSION=\"1.36.0\" -DSUPPORT_OPENMP=1 -DBIOC_BUILD=1 -I'/home/biocbuild/bbs-3.13-bioc/R/library/Rhtslib/include' -I/usr/local/include  -I. -fopenmp -fpic  -g -O2  -Wall -c estimateHyperPar.cpp -o estimateHyperPar.o
g++ -std=gnu++14 -I"/home/biocbuild/bbs-3.13-bioc/R/include" -DNDEBUG -D_FILE_OFFSET_BITS=64 -DPACKAGE_NAME=\"BitSeq\" -DPACKAGE_TARNAME=\"bitseq\" -DPACKAGE_VERSION=\"1.10.x\" -DPACKAGE_STRING=\"BitSeq\ 1.10.x\" -DPACKAGE_BUGREPORT=\"\" -DPACKAGE_URL=\"\" -DBS_VERSION=\"1.36.0\" -DSUPPORT_OPENMP=1 -DBIOC_BUILD=1 -I'/home/biocbuild/bbs-3.13-bioc/R/library/Rhtslib/include' -I/usr/local/include  -I. -fopenmp -fpic  -g -O2  -Wall -c estimateVBExpression.cpp -o estimateVBExpression.o
g++ -std=gnu++14 -I"/home/biocbuild/bbs-3.13-bioc/R/include" -DNDEBUG -D_FILE_OFFSET_BITS=64 -DPACKAGE_NAME=\"BitSeq\" -DPACKAGE_TARNAME=\"bitseq\" -DPACKAGE_VERSION=\"1.10.x\" -DPACKAGE_STRING=\"BitSeq\ 1.10.x\" -DPACKAGE_BUGREPORT=\"\" -DPACKAGE_URL=\"\" -DBS_VERSION=\"1.36.0\" -DSUPPORT_OPENMP=1 -DBIOC_BUILD=1 -I'/home/biocbuild/bbs-3.13-bioc/R/library/Rhtslib/include' -I/usr/local/include  -I. -fopenmp -fpic  -g -O2  -Wall -c getGeneExpression.cpp -o getGeneExpression.o
g++ -std=gnu++14 -I"/home/biocbuild/bbs-3.13-bioc/R/include" -DNDEBUG -D_FILE_OFFSET_BITS=64 -DPACKAGE_NAME=\"BitSeq\" -DPACKAGE_TARNAME=\"bitseq\" -DPACKAGE_VERSION=\"1.10.x\" -DPACKAGE_STRING=\"BitSeq\ 1.10.x\" -DPACKAGE_BUGREPORT=\"\" -DPACKAGE_URL=\"\" -DBS_VERSION=\"1.36.0\" -DSUPPORT_OPENMP=1 -DBIOC_BUILD=1 -I'/home/biocbuild/bbs-3.13-bioc/R/library/Rhtslib/include' -I/usr/local/include  -I. -fopenmp -fpic  -g -O2  -Wall -c getVariance.cpp -o getVariance.o
g++ -std=gnu++14 -I"/home/biocbuild/bbs-3.13-bioc/R/include" -DNDEBUG -D_FILE_OFFSET_BITS=64 -DPACKAGE_NAME=\"BitSeq\" -DPACKAGE_TARNAME=\"bitseq\" -DPACKAGE_VERSION=\"1.10.x\" -DPACKAGE_STRING=\"BitSeq\ 1.10.x\" -DPACKAGE_BUGREPORT=\"\" -DPACKAGE_URL=\"\" -DBS_VERSION=\"1.36.0\" -DSUPPORT_OPENMP=1 -DBIOC_BUILD=1 -I'/home/biocbuild/bbs-3.13-bioc/R/library/Rhtslib/include' -I/usr/local/include  -I. -fopenmp -fpic  -g -O2  -Wall -c getWithinGeneExpression.cpp -o getWithinGeneExpression.o
g++ -std=gnu++14 -I"/home/biocbuild/bbs-3.13-bioc/R/include" -DNDEBUG -D_FILE_OFFSET_BITS=64 -DPACKAGE_NAME=\"BitSeq\" -DPACKAGE_TARNAME=\"bitseq\" -DPACKAGE_VERSION=\"1.10.x\" -DPACKAGE_STRING=\"BitSeq\ 1.10.x\" -DPACKAGE_BUGREPORT=\"\" -DPACKAGE_URL=\"\" -DBS_VERSION=\"1.36.0\" -DSUPPORT_OPENMP=1 -DBIOC_BUILD=1 -I'/home/biocbuild/bbs-3.13-bioc/R/library/Rhtslib/include' -I/usr/local/include  -I. -fopenmp -fpic  -g -O2  -Wall -c lowess.cpp -o lowess.o
g++ -std=gnu++14 -I"/home/biocbuild/bbs-3.13-bioc/R/include" -DNDEBUG -D_FILE_OFFSET_BITS=64 -DPACKAGE_NAME=\"BitSeq\" -DPACKAGE_TARNAME=\"bitseq\" -DPACKAGE_VERSION=\"1.10.x\" -DPACKAGE_STRING=\"BitSeq\ 1.10.x\" -DPACKAGE_BUGREPORT=\"\" -DPACKAGE_URL=\"\" -DBS_VERSION=\"1.36.0\" -DSUPPORT_OPENMP=1 -DBIOC_BUILD=1 -I'/home/biocbuild/bbs-3.13-bioc/R/library/Rhtslib/include' -I/usr/local/include  -I. -fopenmp -fpic  -g -O2  -Wall -c misc.cpp -o misc.o
g++ -std=gnu++14 -I"/home/biocbuild/bbs-3.13-bioc/R/include" -DNDEBUG -D_FILE_OFFSET_BITS=64 -DPACKAGE_NAME=\"BitSeq\" -DPACKAGE_TARNAME=\"bitseq\" -DPACKAGE_VERSION=\"1.10.x\" -DPACKAGE_STRING=\"BitSeq\ 1.10.x\" -DPACKAGE_BUGREPORT=\"\" -DPACKAGE_URL=\"\" -DBS_VERSION=\"1.36.0\" -DSUPPORT_OPENMP=1 -DBIOC_BUILD=1 -I'/home/biocbuild/bbs-3.13-bioc/R/library/Rhtslib/include' -I/usr/local/include  -I. -fopenmp -fpic  -g -O2  -Wall -c parseAlignment.cpp -o parseAlignment.o
g++ -std=gnu++14 -I"/home/biocbuild/bbs-3.13-bioc/R/include" -DNDEBUG -D_FILE_OFFSET_BITS=64 -DPACKAGE_NAME=\"BitSeq\" -DPACKAGE_TARNAME=\"bitseq\" -DPACKAGE_VERSION=\"1.10.x\" -DPACKAGE_STRING=\"BitSeq\ 1.10.x\" -DPACKAGE_BUGREPORT=\"\" -DPACKAGE_URL=\"\" -DBS_VERSION=\"1.36.0\" -DSUPPORT_OPENMP=1 -DBIOC_BUILD=1 -I'/home/biocbuild/bbs-3.13-bioc/R/library/Rhtslib/include' -I/usr/local/include  -I. -fopenmp -fpic  -g -O2  -Wall -c transposeFiles.cpp -o transposeFiles.o
g++ -std=gnu++14 -shared -L/home/biocbuild/bbs-3.13-bioc/R/lib -L/usr/local/lib -o BitSeq.so ArgumentParser.o CollapsedSampler.o FileHeader.o GibbsParameters.o GibbsSampler.o MyTimer.o PosteriorSamples.o R_init_BitSeq.o ReadDistribution.o Rhtslib_bam_plbuf.o Rhtslib_sam.o Sampler.o SimpleSparse.o TagAlignments.o TranscriptExpression.o TranscriptInfo.o TranscriptSequence.o VariationalBayes.o common.o estimateDE.o estimateExpression.o estimateHyperPar.o estimateVBExpression.o getGeneExpression.o getVariance.o getWithinGeneExpression.o lowess.o misc.o parseAlignment.o transposeFiles.o /home/biocbuild/bbs-3.13-bioc/R/library/Rhtslib/usrlib/libhts.a -lcurl -fopenmp -L/home/biocbuild/bbs-3.13-bioc/R/lib -lR
installing to /home/biocbuild/bbs-3.13-bioc/R/library/00LOCK-BitSeq/00new/BitSeq/libs
** R
** inst
** byte-compile and prepare package for lazy loading
** help
*** installing help indices
** building package indices
** installing vignettes
** testing if installed package can be loaded from temporary location
** checking absolute paths in shared objects and dynamic libraries
** testing if installed package can be loaded from final location
** testing if installed package keeps a record of temporary installation path
* DONE (BitSeq)

Tests output


Example timings

BitSeq.Rcheck/BitSeq-Ex.timings

nameusersystemelapsed
BitSeq-package0.0010.0000.001
estimateDE000
estimateExpression000
estimateHyperPar000
estimateVBExpression000
getDE0.0000.0000.001
getExpression0.0000.0010.000
loadSamples000
parseAlignment000