Back to Multiple platform build/check report for BioC 3.13
A[B]CDEFGHIJKLMNOPQRSTUVWXYZ

This page was generated on 2021-09-20 15:04:44 -0400 (Mon, 20 Sep 2021).

CHECK results for Biostrings on nebbiolo1

To the developers/maintainers of the Biostrings package:
- Please allow up to 24 hours (and sometimes 48 hours) for your latest push to git@git.bioconductor.org:packages/Biostrings.git to
reflect on this report. See How and When does the builder pull? When will my changes propagate? here for more information.
- Make sure to use the following settings in order to reproduce any error or warning you see on this page.

raw results

Package 190/2041HostnameOS / ArchINSTALLBUILDCHECKBUILD BIN
Biostrings 2.60.2  (landing page)
H. Pagès
Snapshot Date: 2021-09-19 04:50:10 -0400 (Sun, 19 Sep 2021)
git_url: https://git.bioconductor.org/packages/Biostrings
git_branch: RELEASE_3_13
git_last_commit: 2024073
git_last_commit_date: 2021-08-04 00:39:03 -0400 (Wed, 04 Aug 2021)
nebbiolo1Linux (Ubuntu 20.04.2 LTS) / x86_64  OK    OK    WARNINGS  UNNEEDED, same version is already published
tokay2Windows Server 2012 R2 Standard / x64  OK    OK    WARNINGS    OK  UNNEEDED, same version is already published
machv2macOS 10.14.6 Mojave / x86_64  OK    OK    WARNINGS    OK  UNNEEDED, same version is already published

Summary

Package: Biostrings
Version: 2.60.2
Command: /home/biocbuild/bbs-3.13-bioc/R/bin/R CMD check --install=check:Biostrings.install-out.txt --library=/home/biocbuild/bbs-3.13-bioc/R/library --no-vignettes --timings Biostrings_2.60.2.tar.gz
StartedAt: 2021-09-19 09:01:13 -0400 (Sun, 19 Sep 2021)
EndedAt: 2021-09-19 09:10:26 -0400 (Sun, 19 Sep 2021)
EllapsedTime: 552.7 seconds
RetCode: 0
Status:   WARNINGS  
CheckDir: Biostrings.Rcheck
Warnings: 2

Command output

##############################################################################
##############################################################################
###
### Running command:
###
###   /home/biocbuild/bbs-3.13-bioc/R/bin/R CMD check --install=check:Biostrings.install-out.txt --library=/home/biocbuild/bbs-3.13-bioc/R/library --no-vignettes --timings Biostrings_2.60.2.tar.gz
###
##############################################################################
##############################################################################


* using log directory ‘/home/biocbuild/bbs-3.13-bioc/meat/Biostrings.Rcheck’
* using R version 4.1.1 (2021-08-10)
* using platform: x86_64-pc-linux-gnu (64-bit)
* using session charset: UTF-8
* using option ‘--no-vignettes’
* checking for file ‘Biostrings/DESCRIPTION’ ... OK
* this is package ‘Biostrings’ version ‘2.60.2’
* package encoding: UTF-8
* checking package namespace information ... OK
* checking package dependencies ... OK
* checking if this is a source package ... OK
* checking if there is a namespace ... OK
* checking for hidden files and directories ... OK
* checking for portable file names ... OK
* checking for sufficient/correct file permissions ... OK
* checking whether package ‘Biostrings’ can be installed ... WARNING
Found the following significant warnings:
  read_fasta_files.c:186:9: warning: ‘*((void *)&loader_ext+64)’ is used uninitialized in this function [-Wuninitialized]
  read_fasta_files.c:186:9: warning: ‘*((void *)&loader_ext+72)’ is used uninitialized in this function [-Wuninitialized]
See ‘/home/biocbuild/bbs-3.13-bioc/meat/Biostrings.Rcheck/00install.out’ for details.
* checking installed package size ... NOTE
  installed size is 13.8Mb
  sub-directories of 1Mb or more:
    R         1.3Mb
    extdata  11.1Mb
* checking package directory ... OK
* checking ‘build’ directory ... OK
* checking DESCRIPTION meta-information ... NOTE
Package listed in more than one of Depends, Imports, Suggests, Enhances:
  ‘methods’
A package should be listed in only one of these fields.
* checking top-level files ... OK
* checking for left-over files ... OK
* checking index information ... OK
* checking package subdirectories ... OK
* checking R files for non-ASCII characters ... OK
* checking R files for syntax errors ... OK
* checking whether the package can be loaded ... OK
* checking whether the package can be loaded with stated dependencies ... OK
* checking whether the package can be unloaded cleanly ... OK
* checking whether the namespace can be loaded with stated dependencies ... OK
* checking whether the namespace can be unloaded cleanly ... OK
* checking dependencies in R code ... NOTE
Unexported objects imported by ':::' calls:
  ‘BiocGenerics:::testPackage’ ‘IRanges:::.showAtomicList’
  ‘IRanges:::new_Views’ ‘IRanges:::regroupBySupergroup’
  ‘IRanges:::show_IntegerRangesList’ ‘IRanges:::unlist_as_integer’
  ‘S4Vectors:::anyMissingOrOutside’ ‘XVector:::close_filexp’
  ‘XVector:::extract_character_from_XRaw_by_positions’
  ‘XVector:::extract_character_from_XRaw_by_ranges’
  ‘XVector:::new_XVectorList_from_list_of_XVector’
  ‘XVector:::open_output_file’
  See the note in ?`:::` about the use of this operator.
* checking S3 generic/method consistency ... OK
* checking replacement functions ... OK
* checking foreign function calls ... OK
* checking R code for possible problems ... OK
* checking Rd files ... OK
* checking Rd metadata ... OK
* checking Rd cross-references ... OK
* checking for missing documentation entries ... WARNING
Undocumented code objects:
  ‘strsplit’ ‘twoWayAlphabetFrequency’
Undocumented S4 methods:
  generic 'match' and siglist 'Vector,XStringSet'
  generic 'match' and siglist 'XStringSet,Vector'
  generic 'match' and siglist 'XStringSet,vector'
  generic 'match' and siglist 'vector,XStringSet'
  generic 'parallel_slot_names' and siglist 'ByPos_MIndex'
  generic 'parallel_slot_names' and siglist 'MIndex'
  generic 'pcompare' and siglist 'Vector,XStringSet'
  generic 'pcompare' and siglist 'XStringSet,Vector'
  generic 'pcompare' and siglist 'XStringSet,vector'
  generic 'pcompare' and siglist 'vector,XStringSet'
  generic 'relistToClass' and siglist 'XString'
  generic 'relistToClass' and siglist 'XStringSet'
  generic 'showAsCell' and siglist 'XStringSetList'
  generic 'strsplit' and siglist 'XStringSet'
  generic 'twoWayAlphabetFrequency' and siglist 'XString,XString'
  generic 'twoWayAlphabetFrequency' and siglist 'XString,XStringSet'
  generic 'twoWayAlphabetFrequency' and siglist 'XStringSet,XString'
  generic 'twoWayAlphabetFrequency' and siglist 'XStringSet,XStringSet'
  generic 'unstrsplit' and siglist 'XStringSet'
  generic 'unstrsplit' and siglist 'XStringSetList'
All user-level objects in a package (including S4 classes and methods)
should have documentation entries.
See chapter ‘Writing R documentation files’ in the ‘Writing R
Extensions’ manual.
* checking for code/documentation mismatches ... OK
* checking Rd \usage sections ... OK
* checking Rd contents ... OK
* checking for unstated dependencies in examples ... OK
* checking contents of ‘data’ directory ... OK
* checking data for non-ASCII characters ... OK
* checking data for ASCII and uncompressed saves ... OK
* checking line endings in C/C++/Fortran sources/headers ... OK
* checking compiled code ... NOTE
Note: information on .o files is not available
* checking files in ‘vignettes’ ... OK
* checking examples ... OK
Examples with CPU (user + system) or elapsed time > 5s
                      user system elapsed
matchPDict-exact   273.961  1.363 275.357
matchPDict-inexact  63.405  0.216  63.625
findPalindromes     48.520  0.205  48.745
XStringSet-class     9.385  0.380   9.769
XStringSet-io        7.637  0.296   7.937
matchPattern         5.317  0.080   5.398
* checking for unstated dependencies in ‘tests’ ... OK
* checking tests ...
  Running ‘run_unitTests.R’
 OK
* checking for unstated dependencies in vignettes ... OK
* checking package vignettes in ‘inst/doc’ ... OK
* checking running R code from vignettes ... SKIPPED
* checking re-building of vignette outputs ... SKIPPED
* checking PDF version of manual ... OK
* DONE

Status: 2 WARNINGs, 4 NOTEs
See
  ‘/home/biocbuild/bbs-3.13-bioc/meat/Biostrings.Rcheck/00check.log’
for details.



Installation output

Biostrings.Rcheck/00install.out

##############################################################################
##############################################################################
###
### Running command:
###
###   /home/biocbuild/bbs-3.13-bioc/R/bin/R CMD INSTALL Biostrings
###
##############################################################################
##############################################################################


* installing to library ‘/home/biocbuild/bbs-3.13-bioc/R/library’
* installing *source* package ‘Biostrings’ ...
** using staged installation
** libs
gcc -I"/home/biocbuild/bbs-3.13-bioc/R/include" -DNDEBUG  -I'/home/biocbuild/bbs-3.13-bioc/R/library/S4Vectors/include' -I'/home/biocbuild/bbs-3.13-bioc/R/library/IRanges/include' -I'/home/biocbuild/bbs-3.13-bioc/R/library/XVector/include' -I/usr/local/include   -fpic  -g -O2  -Wall -c BAB_class.c -o BAB_class.o
gcc -I"/home/biocbuild/bbs-3.13-bioc/R/include" -DNDEBUG  -I'/home/biocbuild/bbs-3.13-bioc/R/library/S4Vectors/include' -I'/home/biocbuild/bbs-3.13-bioc/R/library/IRanges/include' -I'/home/biocbuild/bbs-3.13-bioc/R/library/XVector/include' -I/usr/local/include   -fpic  -g -O2  -Wall -c BitMatrix.c -o BitMatrix.o
BitMatrix.c:299:13: warning: ‘BitMatrix_print’ defined but not used [-Wunused-function]
  299 | static void BitMatrix_print(BitMatrix *bitmat)
      |             ^~~~~~~~~~~~~~~
gcc -I"/home/biocbuild/bbs-3.13-bioc/R/include" -DNDEBUG  -I'/home/biocbuild/bbs-3.13-bioc/R/library/S4Vectors/include' -I'/home/biocbuild/bbs-3.13-bioc/R/library/IRanges/include' -I'/home/biocbuild/bbs-3.13-bioc/R/library/XVector/include' -I/usr/local/include   -fpic  -g -O2  -Wall -c IRanges_stubs.c -o IRanges_stubs.o
gcc -I"/home/biocbuild/bbs-3.13-bioc/R/include" -DNDEBUG  -I'/home/biocbuild/bbs-3.13-bioc/R/library/S4Vectors/include' -I'/home/biocbuild/bbs-3.13-bioc/R/library/IRanges/include' -I'/home/biocbuild/bbs-3.13-bioc/R/library/XVector/include' -I/usr/local/include   -fpic  -g -O2  -Wall -c MIndex_class.c -o MIndex_class.o
MIndex_class.c: In function ‘SparseMIndex_endIndex’:
MIndex_class.c:184:20: warning: unused variable ‘poffsets_order’ [-Wunused-variable]
  184 |  IntAE *poffsets, *poffsets_order;
      |                    ^~~~~~~~~~~~~~
gcc -I"/home/biocbuild/bbs-3.13-bioc/R/include" -DNDEBUG  -I'/home/biocbuild/bbs-3.13-bioc/R/library/S4Vectors/include' -I'/home/biocbuild/bbs-3.13-bioc/R/library/IRanges/include' -I'/home/biocbuild/bbs-3.13-bioc/R/library/XVector/include' -I/usr/local/include   -fpic  -g -O2  -Wall -c PreprocessedTB_class.c -o PreprocessedTB_class.o
gcc -I"/home/biocbuild/bbs-3.13-bioc/R/include" -DNDEBUG  -I'/home/biocbuild/bbs-3.13-bioc/R/library/S4Vectors/include' -I'/home/biocbuild/bbs-3.13-bioc/R/library/IRanges/include' -I'/home/biocbuild/bbs-3.13-bioc/R/library/XVector/include' -I/usr/local/include   -fpic  -g -O2  -Wall -c R_init_Biostrings.c -o R_init_Biostrings.o
gcc -I"/home/biocbuild/bbs-3.13-bioc/R/include" -DNDEBUG  -I'/home/biocbuild/bbs-3.13-bioc/R/library/S4Vectors/include' -I'/home/biocbuild/bbs-3.13-bioc/R/library/IRanges/include' -I'/home/biocbuild/bbs-3.13-bioc/R/library/XVector/include' -I/usr/local/include   -fpic  -g -O2  -Wall -c RoSeqs_utils.c -o RoSeqs_utils.o
gcc -I"/home/biocbuild/bbs-3.13-bioc/R/include" -DNDEBUG  -I'/home/biocbuild/bbs-3.13-bioc/R/library/S4Vectors/include' -I'/home/biocbuild/bbs-3.13-bioc/R/library/IRanges/include' -I'/home/biocbuild/bbs-3.13-bioc/R/library/XVector/include' -I/usr/local/include   -fpic  -g -O2  -Wall -c S4Vectors_stubs.c -o S4Vectors_stubs.o
gcc -I"/home/biocbuild/bbs-3.13-bioc/R/include" -DNDEBUG  -I'/home/biocbuild/bbs-3.13-bioc/R/library/S4Vectors/include' -I'/home/biocbuild/bbs-3.13-bioc/R/library/IRanges/include' -I'/home/biocbuild/bbs-3.13-bioc/R/library/XVector/include' -I/usr/local/include   -fpic  -g -O2  -Wall -c SparseList_utils.c -o SparseList_utils.o
gcc -I"/home/biocbuild/bbs-3.13-bioc/R/include" -DNDEBUG  -I'/home/biocbuild/bbs-3.13-bioc/R/library/S4Vectors/include' -I'/home/biocbuild/bbs-3.13-bioc/R/library/IRanges/include' -I'/home/biocbuild/bbs-3.13-bioc/R/library/XVector/include' -I/usr/local/include   -fpic  -g -O2  -Wall -c XStringSetList_class.c -o XStringSetList_class.o
gcc -I"/home/biocbuild/bbs-3.13-bioc/R/include" -DNDEBUG  -I'/home/biocbuild/bbs-3.13-bioc/R/library/S4Vectors/include' -I'/home/biocbuild/bbs-3.13-bioc/R/library/IRanges/include' -I'/home/biocbuild/bbs-3.13-bioc/R/library/XVector/include' -I/usr/local/include   -fpic  -g -O2  -Wall -c XStringSet_class.c -o XStringSet_class.o
XStringSet_class.c: In function ‘new_XStringSet_from_CHARACTER’:
XStringSet_class.c:124:3: warning: ‘lkup_len’ may be used uninitialized in this function [-Wmaybe-uninitialized]
  124 |   _copy_CHARSXP_to_Chars_holder(&ans_elt_holder, x_elt,
      |   ^~~~~~~~~~~~~~~~~~~~~~~~~~~~~~~~~~~~~~~~~~~~~~~~~~~~~
  125 |     INTEGER(start)[i], lkup0, lkup_len);
      |     ~~~~~~~~~~~~~~~~~~~~~~~~~~~~~~~~~~~
gcc -I"/home/biocbuild/bbs-3.13-bioc/R/include" -DNDEBUG  -I'/home/biocbuild/bbs-3.13-bioc/R/library/S4Vectors/include' -I'/home/biocbuild/bbs-3.13-bioc/R/library/IRanges/include' -I'/home/biocbuild/bbs-3.13-bioc/R/library/XVector/include' -I/usr/local/include   -fpic  -g -O2  -Wall -c XString_class.c -o XString_class.o
gcc -I"/home/biocbuild/bbs-3.13-bioc/R/include" -DNDEBUG  -I'/home/biocbuild/bbs-3.13-bioc/R/library/S4Vectors/include' -I'/home/biocbuild/bbs-3.13-bioc/R/library/IRanges/include' -I'/home/biocbuild/bbs-3.13-bioc/R/library/XVector/include' -I/usr/local/include   -fpic  -g -O2  -Wall -c XVector_stubs.c -o XVector_stubs.o
gcc -I"/home/biocbuild/bbs-3.13-bioc/R/include" -DNDEBUG  -I'/home/biocbuild/bbs-3.13-bioc/R/library/S4Vectors/include' -I'/home/biocbuild/bbs-3.13-bioc/R/library/IRanges/include' -I'/home/biocbuild/bbs-3.13-bioc/R/library/XVector/include' -I/usr/local/include   -fpic  -g -O2  -Wall -c align_needwunsQS.c -o align_needwunsQS.o
align_needwunsQS.c: In function ‘align_needwunsQS’:
align_needwunsQS.c:155:22: warning: ‘sc’ may be used uninitialized in this function [-Wmaybe-uninitialized]
  155 |  INTEGER(ans_elt)[0] = score;
      |  ~~~~~~~~~~~~~~~~~~~~^~~~~~~
gcc -I"/home/biocbuild/bbs-3.13-bioc/R/include" -DNDEBUG  -I'/home/biocbuild/bbs-3.13-bioc/R/library/S4Vectors/include' -I'/home/biocbuild/bbs-3.13-bioc/R/library/IRanges/include' -I'/home/biocbuild/bbs-3.13-bioc/R/library/XVector/include' -I/usr/local/include   -fpic  -g -O2  -Wall -c align_pairwiseAlignment.c -o align_pairwiseAlignment.o
gcc -I"/home/biocbuild/bbs-3.13-bioc/R/include" -DNDEBUG  -I'/home/biocbuild/bbs-3.13-bioc/R/library/S4Vectors/include' -I'/home/biocbuild/bbs-3.13-bioc/R/library/IRanges/include' -I'/home/biocbuild/bbs-3.13-bioc/R/library/XVector/include' -I/usr/local/include   -fpic  -g -O2  -Wall -c align_utils.c -o align_utils.o
align_utils.c: In function ‘PairwiseAlignmentsSingleSubject_align_aligned’:
align_utils.c:250:14: warning: ‘indelWidthSubject’ may be used uninitialized in this function [-Wmaybe-uninitialized]
  250 |     jPattern += indelWidthSubject;
      |     ~~~~~~~~~^~~~~~~~~~~~~~~~~~~~
align_utils.c:231:42: warning: ‘indelStartSubject’ may be used uninitialized in this function [-Wmaybe-uninitialized]
  231 |    if ((numberOfIndelSubject == 0) || (j < indelStartSubject)) {
      |                                       ~~~^~~~~~~~~~~~~~~~~~~~
align_utils.c:221:26: warning: ‘indelWidthPattern’ may be used uninitialized in this function [-Wmaybe-uninitialized]
  221 |   int indelStartPattern, indelWidthPattern, indelStartSubject, indelWidthSubject;
      |                          ^~~~~~~~~~~~~~~~~
align_utils.c:232:50: warning: ‘indelStartPattern’ may be used uninitialized in this function [-Wmaybe-uninitialized]
  232 |     if ((numberOfIndelPattern == 0) || (jPattern < indelStartPattern)) {
      |                                        ~~~~~~~~~~^~~~~~~~~~~~~~~~~~~~
gcc -I"/home/biocbuild/bbs-3.13-bioc/R/include" -DNDEBUG  -I'/home/biocbuild/bbs-3.13-bioc/R/library/S4Vectors/include' -I'/home/biocbuild/bbs-3.13-bioc/R/library/IRanges/include' -I'/home/biocbuild/bbs-3.13-bioc/R/library/XVector/include' -I/usr/local/include   -fpic  -g -O2  -Wall -c find_palindromes.c -o find_palindromes.o
gcc -I"/home/biocbuild/bbs-3.13-bioc/R/include" -DNDEBUG  -I'/home/biocbuild/bbs-3.13-bioc/R/library/S4Vectors/include' -I'/home/biocbuild/bbs-3.13-bioc/R/library/IRanges/include' -I'/home/biocbuild/bbs-3.13-bioc/R/library/XVector/include' -I/usr/local/include   -fpic  -g -O2  -Wall -c gtestsim.c -o gtestsim.o
gcc -I"/home/biocbuild/bbs-3.13-bioc/R/include" -DNDEBUG  -I'/home/biocbuild/bbs-3.13-bioc/R/library/S4Vectors/include' -I'/home/biocbuild/bbs-3.13-bioc/R/library/IRanges/include' -I'/home/biocbuild/bbs-3.13-bioc/R/library/XVector/include' -I/usr/local/include   -fpic  -g -O2  -Wall -c inject_code.c -o inject_code.o
gcc -I"/home/biocbuild/bbs-3.13-bioc/R/include" -DNDEBUG  -I'/home/biocbuild/bbs-3.13-bioc/R/library/S4Vectors/include' -I'/home/biocbuild/bbs-3.13-bioc/R/library/IRanges/include' -I'/home/biocbuild/bbs-3.13-bioc/R/library/XVector/include' -I/usr/local/include   -fpic  -g -O2  -Wall -c letter_frequency.c -o letter_frequency.o
letter_frequency.c: In function ‘XStringSet_two_way_letter_frequency’:
letter_frequency.c:957:48: warning: unused variable ‘x_pos’ [-Wunused-variable]
  957 |   int x_width, y_width, x_length, *ans_mat, i, x_pos;
      |                                                ^~~~~
letter_frequency.c:956:13: warning: unused variable ‘ans_dimnames’ [-Wunused-variable]
  956 |   SEXP ans, ans_dimnames;
      |             ^~~~~~~~~~~~
gcc -I"/home/biocbuild/bbs-3.13-bioc/R/include" -DNDEBUG  -I'/home/biocbuild/bbs-3.13-bioc/R/library/S4Vectors/include' -I'/home/biocbuild/bbs-3.13-bioc/R/library/IRanges/include' -I'/home/biocbuild/bbs-3.13-bioc/R/library/XVector/include' -I/usr/local/include   -fpic  -g -O2  -Wall -c lowlevel_matching.c -o lowlevel_matching.o
gcc -I"/home/biocbuild/bbs-3.13-bioc/R/include" -DNDEBUG  -I'/home/biocbuild/bbs-3.13-bioc/R/library/S4Vectors/include' -I'/home/biocbuild/bbs-3.13-bioc/R/library/IRanges/include' -I'/home/biocbuild/bbs-3.13-bioc/R/library/XVector/include' -I/usr/local/include   -fpic  -g -O2  -Wall -c match_PWM.c -o match_PWM.o
gcc -I"/home/biocbuild/bbs-3.13-bioc/R/include" -DNDEBUG  -I'/home/biocbuild/bbs-3.13-bioc/R/library/S4Vectors/include' -I'/home/biocbuild/bbs-3.13-bioc/R/library/IRanges/include' -I'/home/biocbuild/bbs-3.13-bioc/R/library/XVector/include' -I/usr/local/include   -fpic  -g -O2  -Wall -c match_pattern.c -o match_pattern.o
gcc -I"/home/biocbuild/bbs-3.13-bioc/R/include" -DNDEBUG  -I'/home/biocbuild/bbs-3.13-bioc/R/library/S4Vectors/include' -I'/home/biocbuild/bbs-3.13-bioc/R/library/IRanges/include' -I'/home/biocbuild/bbs-3.13-bioc/R/library/XVector/include' -I/usr/local/include   -fpic  -g -O2  -Wall -c match_pattern_boyermoore.c -o match_pattern_boyermoore.o
gcc -I"/home/biocbuild/bbs-3.13-bioc/R/include" -DNDEBUG  -I'/home/biocbuild/bbs-3.13-bioc/R/library/S4Vectors/include' -I'/home/biocbuild/bbs-3.13-bioc/R/library/IRanges/include' -I'/home/biocbuild/bbs-3.13-bioc/R/library/XVector/include' -I/usr/local/include   -fpic  -g -O2  -Wall -c match_pattern_indels.c -o match_pattern_indels.o
match_pattern_indels.c:7:13: warning: ‘test_match_pattern_indels’ defined but not used [-Wunused-function]
    7 | static void test_match_pattern_indels(const char *p, const char *s,
      |             ^~~~~~~~~~~~~~~~~~~~~~~~~
gcc -I"/home/biocbuild/bbs-3.13-bioc/R/include" -DNDEBUG  -I'/home/biocbuild/bbs-3.13-bioc/R/library/S4Vectors/include' -I'/home/biocbuild/bbs-3.13-bioc/R/library/IRanges/include' -I'/home/biocbuild/bbs-3.13-bioc/R/library/XVector/include' -I/usr/local/include   -fpic  -g -O2  -Wall -c match_pattern_shiftor.c -o match_pattern_shiftor.o
gcc -I"/home/biocbuild/bbs-3.13-bioc/R/include" -DNDEBUG  -I'/home/biocbuild/bbs-3.13-bioc/R/library/S4Vectors/include' -I'/home/biocbuild/bbs-3.13-bioc/R/library/IRanges/include' -I'/home/biocbuild/bbs-3.13-bioc/R/library/XVector/include' -I/usr/local/include   -fpic  -g -O2  -Wall -c match_pdict.c -o match_pdict.o
match_pdict.c: In function ‘vmatch_PDict3Parts_XStringSet’:
match_pdict.c:419:12: warning: ‘ans_col’ may be used uninitialized in this function [-Wmaybe-uninitialized]
  419 |    ans_col += tb_length;
      |    ~~~~~~~~^~~~~~~~~~~~
match_pdict.c:392:58: note: ‘ans_col’ was declared here
  392 |  int tb_length, S_length, collapse0, i, j, match_count, *ans_col;
      |                                                          ^~~~~~~
match_pdict.c: In function ‘vmatch_XStringSet_XStringSet’:
match_pdict.c:470:13: warning: ‘ans_elt’ may be used uninitialized in this function [-Wmaybe-uninitialized]
  470 |     ans_elt += P_length;
      |     ~~~~~~~~^~~~~~~~~~~
match_pdict.c:441:57: note: ‘ans_elt’ was declared here
  441 |  int P_length, S_length, collapse0, i, j, match_count, *ans_elt;
      |                                                         ^~~~~~~
gcc -I"/home/biocbuild/bbs-3.13-bioc/R/include" -DNDEBUG  -I'/home/biocbuild/bbs-3.13-bioc/R/library/S4Vectors/include' -I'/home/biocbuild/bbs-3.13-bioc/R/library/IRanges/include' -I'/home/biocbuild/bbs-3.13-bioc/R/library/XVector/include' -I/usr/local/include   -fpic  -g -O2  -Wall -c match_pdict_ACtree2.c -o match_pdict_ACtree2.o
match_pdict_ACtree2.c: In function ‘split_and_move_pointers’:
match_pdict_ACtree2.c:1031:10: warning: variable ‘node0’ set but not used [-Wunused-but-set-variable]
 1031 |  ACnode *node0, *node1, *node2;
      |          ^~~~~
match_pdict_ACtree2.c: In function ‘merge_pointers’:
match_pdict_ACtree2.c:1076:10: warning: variable ‘node0’ set but not used [-Wunused-but-set-variable]
 1076 |  ACnode *node0, *node1, *node2;
      |          ^~~~~
At top level:
match_pdict_ACtree2.c:602:21: warning: ‘a_nice_max_nodeextbuf_nelt’ defined but not used [-Wunused-function]
  602 | static unsigned int a_nice_max_nodeextbuf_nelt(int nnodes)
      |                     ^~~~~~~~~~~~~~~~~~~~~~~~~~
match_pdict_ACtree2.c:139:13: warning: ‘debug_node_counting_functions’ defined but not used [-Wunused-function]
  139 | static void debug_node_counting_functions(int maxdepth)
      |             ^~~~~~~~~~~~~~~~~~~~~~~~~~~~~
gcc -I"/home/biocbuild/bbs-3.13-bioc/R/include" -DNDEBUG  -I'/home/biocbuild/bbs-3.13-bioc/R/library/S4Vectors/include' -I'/home/biocbuild/bbs-3.13-bioc/R/library/IRanges/include' -I'/home/biocbuild/bbs-3.13-bioc/R/library/XVector/include' -I/usr/local/include   -fpic  -g -O2  -Wall -c match_pdict_Twobit.c -o match_pdict_Twobit.o
match_pdict_Twobit.c: In function ‘build_Twobit’:
match_pdict_Twobit.c:75:20: warning: ‘twobit_sign2pos’ may be used uninitialized in this function [-Wmaybe-uninitialized]
   75 |  PROTECT(ans_elt = new_XInteger_from_tag("XInteger", twobit_sign2pos));
      |                    ^~~~~~~~~~~~~~~~~~~~~
match_pdict_Twobit.c:110:12: note: ‘twobit_sign2pos’ was declared here
  110 |  SEXP ans, twobit_sign2pos;
      |            ^~~~~~~~~~~~~~~
gcc -I"/home/biocbuild/bbs-3.13-bioc/R/include" -DNDEBUG  -I'/home/biocbuild/bbs-3.13-bioc/R/library/S4Vectors/include' -I'/home/biocbuild/bbs-3.13-bioc/R/library/IRanges/include' -I'/home/biocbuild/bbs-3.13-bioc/R/library/XVector/include' -I/usr/local/include   -fpic  -g -O2  -Wall -c match_pdict_utils.c -o match_pdict_utils.o
match_pdict_utils.c: In function ‘match_ppheadtail0’:
match_pdict_utils.c:652:49: warning: unused variable ‘ncol’ [-Wunused-variable]
  652 |  int nelt, min_safe_tb_end, max_safe_tb_end, j, ncol;
      |                                                 ^~~~
match_pdict_utils.c: In function ‘match_ppheadtail’:
match_pdict_utils.c:712:6: warning: unused variable ‘nelt’ [-Wunused-variable]
  712 |  int nelt, nkey0, nkey1, nkey2, i, key;
      |      ^~~~
match_pdict_utils.c: In function ‘_match_pdict_all_flanks’:
match_pdict_utils.c:819:44: warning: unused variable ‘subtotal_NFC’ [-Wunused-variable]
  819 |  static unsigned long int total_NFC = 0UL, subtotal_NFC = 0UL;
      |                                            ^~~~~~~~~~~~
match_pdict_utils.c:819:27: warning: unused variable ‘total_NFC’ [-Wunused-variable]
  819 |  static unsigned long int total_NFC = 0UL, subtotal_NFC = 0UL;
      |                           ^~~~~~~~~
match_pdict_utils.c:818:33: warning: unused variable ‘NFC’ [-Wunused-variable]
  818 |  unsigned long int ndup, nloci, NFC; // NFC = Number of Flank Comparisons
      |                                 ^~~
match_pdict_utils.c:818:26: warning: unused variable ‘nloci’ [-Wunused-variable]
  818 |  unsigned long int ndup, nloci, NFC; // NFC = Number of Flank Comparisons
      |                          ^~~~~
match_pdict_utils.c:818:20: warning: unused variable ‘ndup’ [-Wunused-variable]
  818 |  unsigned long int ndup, nloci, NFC; // NFC = Number of Flank Comparisons
      |                    ^~~~
At top level:
match_pdict_utils.c:819:27: warning: ‘total_NFC’ defined but not used [-Wunused-variable]
  819 |  static unsigned long int total_NFC = 0UL, subtotal_NFC = 0UL;
      |                           ^~~~~~~~~
match_pdict_utils.c:819:44: warning: ‘subtotal_NFC’ defined but not used [-Wunused-variable]
  819 |  static unsigned long int total_NFC = 0UL, subtotal_NFC = 0UL;
      |                                            ^~~~~~~~~~~~
match_pdict_utils.c:260:13: warning: ‘match_headtail_by_loc’ defined but not used [-Wunused-function]
  260 | static void match_headtail_by_loc(const HeadTail *headtail,
      |             ^~~~~~~~~~~~~~~~~~~~~
gcc -I"/home/biocbuild/bbs-3.13-bioc/R/include" -DNDEBUG  -I'/home/biocbuild/bbs-3.13-bioc/R/library/S4Vectors/include' -I'/home/biocbuild/bbs-3.13-bioc/R/library/IRanges/include' -I'/home/biocbuild/bbs-3.13-bioc/R/library/XVector/include' -I/usr/local/include   -fpic  -g -O2  -Wall -c match_reporting.c -o match_reporting.o
gcc -I"/home/biocbuild/bbs-3.13-bioc/R/include" -DNDEBUG  -I'/home/biocbuild/bbs-3.13-bioc/R/library/S4Vectors/include' -I'/home/biocbuild/bbs-3.13-bioc/R/library/IRanges/include' -I'/home/biocbuild/bbs-3.13-bioc/R/library/XVector/include' -I/usr/local/include   -fpic  -g -O2  -Wall -c matchprobes.c -o matchprobes.o
gcc -I"/home/biocbuild/bbs-3.13-bioc/R/include" -DNDEBUG  -I'/home/biocbuild/bbs-3.13-bioc/R/library/S4Vectors/include' -I'/home/biocbuild/bbs-3.13-bioc/R/library/IRanges/include' -I'/home/biocbuild/bbs-3.13-bioc/R/library/XVector/include' -I/usr/local/include   -fpic  -g -O2  -Wall -c pmatchPattern.c -o pmatchPattern.o
gcc -I"/home/biocbuild/bbs-3.13-bioc/R/include" -DNDEBUG  -I'/home/biocbuild/bbs-3.13-bioc/R/library/S4Vectors/include' -I'/home/biocbuild/bbs-3.13-bioc/R/library/IRanges/include' -I'/home/biocbuild/bbs-3.13-bioc/R/library/XVector/include' -I/usr/local/include   -fpic  -g -O2  -Wall -c read_fasta_files.c -o read_fasta_files.o
read_fasta_files.c: In function ‘read_fasta_files’:
read_fasta_files.c:186:9: warning: ‘*((void *)&loader_ext+64)’ may be used uninitialized in this function [-Wmaybe-uninitialized]
  186 |  return loader_ext;
      |         ^~~~~~~~~~
read_fasta_files.c:186:9: warning: ‘*((void *)&loader_ext+72)’ may be used uninitialized in this function [-Wmaybe-uninitialized]
read_fasta_files.c: In function ‘read_fasta_blocks’:
read_fasta_files.c:186:9: warning: ‘*((void *)&loader_ext+64)’ is used uninitialized in this function [-Wuninitialized]
  186 |  return loader_ext;
      |         ^~~~~~~~~~
read_fasta_files.c:186:9: warning: ‘*((void *)&loader_ext+72)’ is used uninitialized in this function [-Wuninitialized]
gcc -I"/home/biocbuild/bbs-3.13-bioc/R/include" -DNDEBUG  -I'/home/biocbuild/bbs-3.13-bioc/R/library/S4Vectors/include' -I'/home/biocbuild/bbs-3.13-bioc/R/library/IRanges/include' -I'/home/biocbuild/bbs-3.13-bioc/R/library/XVector/include' -I/usr/local/include   -fpic  -g -O2  -Wall -c read_fastq_files.c -o read_fastq_files.o
read_fastq_files.c: In function ‘parse_FASTQ_file’:
read_fastq_files.c:392:7: warning: ‘dont_load’ may be used uninitialized in this function [-Wmaybe-uninitialized]
  392 |    if (dont_load || loader->new_empty_seq_hook == NULL)
      |       ^
gcc -I"/home/biocbuild/bbs-3.13-bioc/R/include" -DNDEBUG  -I'/home/biocbuild/bbs-3.13-bioc/R/library/S4Vectors/include' -I'/home/biocbuild/bbs-3.13-bioc/R/library/IRanges/include' -I'/home/biocbuild/bbs-3.13-bioc/R/library/XVector/include' -I/usr/local/include   -fpic  -g -O2  -Wall -c replaceAt.c -o replaceAt.o
gcc -I"/home/biocbuild/bbs-3.13-bioc/R/include" -DNDEBUG  -I'/home/biocbuild/bbs-3.13-bioc/R/library/S4Vectors/include' -I'/home/biocbuild/bbs-3.13-bioc/R/library/IRanges/include' -I'/home/biocbuild/bbs-3.13-bioc/R/library/XVector/include' -I/usr/local/include   -fpic  -g -O2  -Wall -c replace_letter_at.c -o replace_letter_at.o
gcc -I"/home/biocbuild/bbs-3.13-bioc/R/include" -DNDEBUG  -I'/home/biocbuild/bbs-3.13-bioc/R/library/S4Vectors/include' -I'/home/biocbuild/bbs-3.13-bioc/R/library/IRanges/include' -I'/home/biocbuild/bbs-3.13-bioc/R/library/XVector/include' -I/usr/local/include   -fpic  -g -O2  -Wall -c strutils.c -o strutils.o
gcc -I"/home/biocbuild/bbs-3.13-bioc/R/include" -DNDEBUG  -I'/home/biocbuild/bbs-3.13-bioc/R/library/S4Vectors/include' -I'/home/biocbuild/bbs-3.13-bioc/R/library/IRanges/include' -I'/home/biocbuild/bbs-3.13-bioc/R/library/XVector/include' -I/usr/local/include   -fpic  -g -O2  -Wall -c translate.c -o translate.o
translate.c: In function ‘DNAStringSet_translate’:
translate.c:110:8: warning: ‘if_ambig0’ may be used uninitialized in this function [-Wmaybe-uninitialized]
  110 |     if (if_ambig == TRANSLATE_ERROR) {
      |        ^
translate.c:136:29: note: ‘if_ambig0’ was declared here
  136 |  int ncodes, if_non_ambig0, if_ambig0, ans_length, i, errcode;
      |                             ^~~~~~~~~
translate.c:106:8: warning: ‘if_non_ambig0’ may be used uninitialized in this function [-Wmaybe-uninitialized]
  106 |     if (if_non_ambig == TRANSLATE_TO_X)
      |        ^
translate.c:136:14: note: ‘if_non_ambig0’ was declared here
  136 |  int ncodes, if_non_ambig0, if_ambig0, ans_length, i, errcode;
      |              ^~~~~~~~~~~~~
gcc -I"/home/biocbuild/bbs-3.13-bioc/R/include" -DNDEBUG  -I'/home/biocbuild/bbs-3.13-bioc/R/library/S4Vectors/include' -I'/home/biocbuild/bbs-3.13-bioc/R/library/IRanges/include' -I'/home/biocbuild/bbs-3.13-bioc/R/library/XVector/include' -I/usr/local/include   -fpic  -g -O2  -Wall -c unstrsplit_methods.c -o unstrsplit_methods.o
gcc -I"/home/biocbuild/bbs-3.13-bioc/R/include" -DNDEBUG  -I'/home/biocbuild/bbs-3.13-bioc/R/library/S4Vectors/include' -I'/home/biocbuild/bbs-3.13-bioc/R/library/IRanges/include' -I'/home/biocbuild/bbs-3.13-bioc/R/library/XVector/include' -I/usr/local/include   -fpic  -g -O2  -Wall -c utils.c -o utils.o
utils.c: In function ‘_get_twobit_signature’:
utils.c:157:9: warning: ‘twobit_sign’ may be used uninitialized in this function [-Wmaybe-uninitialized]
  157 |  return twobit_sign;
      |         ^~~~~~~~~~~
utils.c: In function ‘_get_twobit_signature_at’:
utils.c:164:12: warning: ‘twobit_sign’ may be used uninitialized in this function [-Wmaybe-uninitialized]
  164 |  int i, j, twobit_sign;
      |            ^~~~~~~~~~~
gcc -I"/home/biocbuild/bbs-3.13-bioc/R/include" -DNDEBUG  -I'/home/biocbuild/bbs-3.13-bioc/R/library/S4Vectors/include' -I'/home/biocbuild/bbs-3.13-bioc/R/library/IRanges/include' -I'/home/biocbuild/bbs-3.13-bioc/R/library/XVector/include' -I/usr/local/include   -fpic  -g -O2  -Wall -c xscat.c -o xscat.o
In file included from /home/biocbuild/bbs-3.13-bioc/R/library/S4Vectors/include/S4Vectors_defines.h:18,
                 from /home/biocbuild/bbs-3.13-bioc/R/library/IRanges/include/IRanges_defines.h:18,
                 from ../inst/include/Biostrings_defines.h:18,
                 from Biostrings.h:1,
                 from xscat.c:1:
xscat.c: In function ‘XString_xscat’:
/home/biocbuild/bbs-3.13-bioc/R/include/Rdefines.h:100:21: warning: ‘ans_length’ may be used uninitialized in this function [-Wmaybe-uninitialized]
  100 | #define NEW_RAW(n)  Rf_allocVector(RAWSXP,n)
      |                     ^~~~~~~~~~~~~~
xscat.c:18:13: note: ‘ans_length’ was declared here
   18 |  int nargs, ans_length, tag_offset, j;
      |             ^~~~~~~~~~
xscat.c:52:16: warning: ‘ans_classname’ may be used uninitialized in this function [-Wmaybe-uninitialized]
   52 |  PROTECT(ans = new_XRaw_from_tag(ans_classname, ans_tag));
      |                ^~~~~~~~~~~~~~~~~
In file included from /home/biocbuild/bbs-3.13-bioc/R/library/S4Vectors/include/S4Vectors_defines.h:18,
                 from /home/biocbuild/bbs-3.13-bioc/R/library/IRanges/include/IRanges_defines.h:18,
                 from ../inst/include/Biostrings_defines.h:18,
                 from Biostrings.h:1,
                 from xscat.c:1:
xscat.c: In function ‘XStringSet_xscat’:
/home/biocbuild/bbs-3.13-bioc/R/include/Rdefines.h:94:25: warning: ‘ans_length’ may be used uninitialized in this function [-Wmaybe-uninitialized]
   94 | #define NEW_INTEGER(n)  Rf_allocVector(INTSXP,n)
      |                         ^~~~~~~~~~~~~~
xscat.c:66:32: note: ‘ans_length’ was declared here
   66 |  int nargs, *arg_lengths, *ii, ans_length, i, j, *width;
      |                                ^~~~~~~~~~
xscat.c:108:16: warning: ‘ans_element_type’ may be used uninitialized in this function [-Wmaybe-uninitialized]
  108 |  PROTECT(ans = _alloc_XStringSet(ans_element_type, ans_width));
      |                ^~~~~~~~~~~~~~~~~
gcc -shared -L/home/biocbuild/bbs-3.13-bioc/R/lib -L/usr/local/lib -o Biostrings.so BAB_class.o BitMatrix.o IRanges_stubs.o MIndex_class.o PreprocessedTB_class.o R_init_Biostrings.o RoSeqs_utils.o S4Vectors_stubs.o SparseList_utils.o XStringSetList_class.o XStringSet_class.o XString_class.o XVector_stubs.o align_needwunsQS.o align_pairwiseAlignment.o align_utils.o find_palindromes.o gtestsim.o inject_code.o letter_frequency.o lowlevel_matching.o match_PWM.o match_pattern.o match_pattern_boyermoore.o match_pattern_indels.o match_pattern_shiftor.o match_pdict.o match_pdict_ACtree2.o match_pdict_Twobit.o match_pdict_utils.o match_reporting.o matchprobes.o pmatchPattern.o read_fasta_files.o read_fastq_files.o replaceAt.o replace_letter_at.o strutils.o translate.o unstrsplit_methods.o utils.o xscat.o -L/home/biocbuild/bbs-3.13-bioc/R/lib -lR
installing to /home/biocbuild/bbs-3.13-bioc/R/library/00LOCK-Biostrings/00new/Biostrings/libs
** R
** data
** inst
** byte-compile and prepare package for lazy loading
in method for ‘twoWayAlphabetFrequencyByQuality’ with signature ‘"QualityScaledXStringSet"’: no definition for class “QualityScaledXStringSet”
Creating a new generic function for ‘strsplit’ in package ‘Biostrings’
Creating a generic function for ‘ls’ from package ‘base’ in package ‘Biostrings’
Creating a new generic function for ‘pattern’ in package ‘Biostrings’
Creating a new generic function for ‘offset’ in package ‘Biostrings’
** help
*** installing help indices
** building package indices
** installing vignettes
** testing if installed package can be loaded from temporary location
** checking absolute paths in shared objects and dynamic libraries
** testing if installed package can be loaded from final location
** testing if installed package keeps a record of temporary installation path
* DONE (Biostrings)

Tests output

Biostrings.Rcheck/tests/run_unitTests.Rout


R version 4.1.1 (2021-08-10) -- "Kick Things"
Copyright (C) 2021 The R Foundation for Statistical Computing
Platform: x86_64-pc-linux-gnu (64-bit)

R is free software and comes with ABSOLUTELY NO WARRANTY.
You are welcome to redistribute it under certain conditions.
Type 'license()' or 'licence()' for distribution details.

R is a collaborative project with many contributors.
Type 'contributors()' for more information and
'citation()' on how to cite R or R packages in publications.

Type 'demo()' for some demos, 'help()' for on-line help, or
'help.start()' for an HTML browser interface to help.
Type 'q()' to quit R.

> require("Biostrings") || stop("unable to load Biostrings package")
Loading required package: Biostrings
Loading required package: BiocGenerics
Loading required package: parallel

Attaching package: 'BiocGenerics'

The following objects are masked from 'package:parallel':

    clusterApply, clusterApplyLB, clusterCall, clusterEvalQ,
    clusterExport, clusterMap, parApply, parCapply, parLapply,
    parLapplyLB, parRapply, parSapply, parSapplyLB

The following objects are masked from 'package:stats':

    IQR, mad, sd, var, xtabs

The following objects are masked from 'package:base':

    Filter, Find, Map, Position, Reduce, anyDuplicated, append,
    as.data.frame, basename, cbind, colnames, dirname, do.call,
    duplicated, eval, evalq, get, grep, grepl, intersect, is.unsorted,
    lapply, mapply, match, mget, order, paste, pmax, pmax.int, pmin,
    pmin.int, rank, rbind, rownames, sapply, setdiff, sort, table,
    tapply, union, unique, unsplit, which.max, which.min

Loading required package: S4Vectors
Loading required package: stats4

Attaching package: 'S4Vectors'

The following objects are masked from 'package:base':

    I, expand.grid, unname

Loading required package: IRanges
Loading required package: XVector
Loading required package: GenomeInfoDb

Attaching package: 'Biostrings'

The following object is masked from 'package:base':

    strsplit

[1] TRUE
> Biostrings:::.test()


RUNIT TEST PROTOCOL -- Sun Sep 19 09:10:18 2021 
*********************************************** 
Number of test functions: 40 
Number of errors: 0 
Number of failures: 0 

 
1 Test Suite : 
Biostrings RUnit Tests - 40 test functions, 0 errors, 0 failures
Number of test functions: 40 
Number of errors: 0 
Number of failures: 0 
> 
> proc.time()
   user  system elapsed 
  9.766   0.429  10.183 

Example timings

Biostrings.Rcheck/Biostrings-Ex.timings

nameusersystemelapsed
AAString-class0.0040.0000.004
AMINO_ACID_CODE0.0020.0000.003
AlignedXStringSet-class0.0530.0000.053
DNAString-class0.0050.0000.004
GENETIC_CODE0.0040.0120.015
HNF4alpha0.0130.0080.021
IUPAC_CODE_MAP0.1070.0240.130
MIndex-class0.0010.0000.000
MaskedXString-class0.1670.0440.213
MultipleAlignment-class1.0110.0441.055
PDict-class3.4510.1403.596
PairwiseAlignments-class0.5690.0080.576
PairwiseAlignments-io2.2460.0992.345
QualityScaledXStringSet-class0.1490.0000.148
RNAString-class0.0070.0000.007
XString-class0.0040.0040.008
XStringQuality-class0.1560.0070.163
XStringSet-class9.3850.3809.769
XStringSet-comparison2.5670.0842.652
XStringSet-io7.6370.2967.937
XStringSetList-class0.2050.0080.213
XStringViews-class0.1410.0240.164
align-utils0.0520.0000.053
chartr0.5240.0200.544
detail0.2440.0040.248
dinucleotideFrequencyTest0.0100.0020.012
findPalindromes48.520 0.20548.745
getSeq0.0480.0040.052
gregexpr20.0010.0000.001
injectHardMask0.0380.0000.038
letter0.0190.0000.019
letterFrequency0.7420.0480.790
longestConsecutive000
lowlevel-matching0.3590.0120.371
maskMotif1.0750.0361.143
match-utils0.020.000.02
matchLRPatterns0.4590.0400.505
matchPDict-exact273.961 1.363275.357
matchPDict-inexact63.405 0.21663.625
matchPWM2.4710.0082.479
matchPattern5.3170.0805.398
matchProbePair1.1520.0081.159
matchprobes0.2450.0080.254
misc0.0170.0000.016
needwunsQS0.0000.0000.001
nucleotideFrequency0.5130.0470.561
padAndClip0.3650.0080.373
pairwiseAlignment0.6150.0040.620
phiX174Phage0.4010.0160.417
pid0.3570.0000.356
replaceAt2.2110.0962.307
replaceLetterAt0.3580.0200.378
reverseComplement0.9490.0881.036
seqinfo0.5490.0760.625
stringDist3.4770.0163.493
substitution_matrices0.6780.0160.694
toComplex0.0010.0000.001
translate0.9460.0150.962
trimLRPatterns0.0580.0000.058
xscat0.9070.0000.907
yeastSEQCHR10.0040.0000.003