Back to Multiple platform build/check report for BioC 3.13
A[B]CDEFGHIJKLMNOPQRSTUVWXYZ

This page was generated on 2021-09-13 15:06:51 -0400 (Mon, 13 Sep 2021).

CHECK results for Biostrings on machv2

To the developers/maintainers of the Biostrings package:
- Please allow up to 24 hours (and sometimes 48 hours) for your latest push to git@git.bioconductor.org:packages/Biostrings.git to
reflect on this report. See How and When does the builder pull? When will my changes propagate? here for more information.
- Make sure to use the following settings in order to reproduce any error or warning you see on this page.

raw results

Package 190/2041HostnameOS / ArchINSTALLBUILDCHECKBUILD BIN
Biostrings 2.60.2  (landing page)
H. Pagès
Snapshot Date: 2021-09-12 04:50:10 -0400 (Sun, 12 Sep 2021)
git_url: https://git.bioconductor.org/packages/Biostrings
git_branch: RELEASE_3_13
git_last_commit: 2024073
git_last_commit_date: 2021-08-04 00:39:03 -0400 (Wed, 04 Aug 2021)
nebbiolo1Linux (Ubuntu 20.04.2 LTS) / x86_64  OK    OK    WARNINGS  UNNEEDED, same version is already published
tokay2Windows Server 2012 R2 Standard / x64  OK    OK    WARNINGS    OK  UNNEEDED, same version is already published
machv2macOS 10.14.6 Mojave / x86_64  OK    OK    WARNINGS    OK  UNNEEDED, same version is already published

Summary

Package: Biostrings
Version: 2.60.2
Command: /Library/Frameworks/R.framework/Versions/Current/Resources/bin/R CMD check --install=check:Biostrings.install-out.txt --library=/Library/Frameworks/R.framework/Versions/Current/Resources/library --no-vignettes --timings Biostrings_2.60.2.tar.gz
StartedAt: 2021-09-12 16:45:28 -0400 (Sun, 12 Sep 2021)
EndedAt: 2021-09-12 16:56:37 -0400 (Sun, 12 Sep 2021)
EllapsedTime: 668.5 seconds
RetCode: 0
Status:   WARNINGS  
CheckDir: Biostrings.Rcheck
Warnings: 1

Command output

##############################################################################
##############################################################################
###
### Running command:
###
###   /Library/Frameworks/R.framework/Versions/Current/Resources/bin/R CMD check --install=check:Biostrings.install-out.txt --library=/Library/Frameworks/R.framework/Versions/Current/Resources/library --no-vignettes --timings Biostrings_2.60.2.tar.gz
###
##############################################################################
##############################################################################


* using log directory ‘/Users/biocbuild/bbs-3.13-bioc/meat/Biostrings.Rcheck’
* using R version 4.1.1 (2021-08-10)
* using platform: x86_64-apple-darwin17.0 (64-bit)
* using session charset: UTF-8
* using option ‘--no-vignettes’
* checking for file ‘Biostrings/DESCRIPTION’ ... OK
* this is package ‘Biostrings’ version ‘2.60.2’
* package encoding: UTF-8
* checking package namespace information ... OK
* checking package dependencies ... OK
* checking if this is a source package ... OK
* checking if there is a namespace ... OK
* checking for hidden files and directories ... NOTE
Found the following hidden files and directories:
  .git_fetch_output.txt
  .git_merge_output.txt
These were most likely included in error. See section ‘Package
structure’ in the ‘Writing R Extensions’ manual.
* checking for portable file names ... OK
* checking for sufficient/correct file permissions ... OK
* checking whether package ‘Biostrings’ can be installed ... OK
* checking installed package size ... NOTE
  installed size is 14.3Mb
  sub-directories of 1Mb or more:
    R         2.0Mb
    extdata  11.1Mb
* checking package directory ... OK
* checking ‘build’ directory ... OK
* checking DESCRIPTION meta-information ... NOTE
Package listed in more than one of Depends, Imports, Suggests, Enhances:
  ‘methods’
A package should be listed in only one of these fields.
* checking top-level files ... OK
* checking for left-over files ... OK
* checking index information ... OK
* checking package subdirectories ... OK
* checking R files for non-ASCII characters ... OK
* checking R files for syntax errors ... OK
* checking whether the package can be loaded ... OK
* checking whether the package can be loaded with stated dependencies ... OK
* checking whether the package can be unloaded cleanly ... OK
* checking whether the namespace can be loaded with stated dependencies ... OK
* checking whether the namespace can be unloaded cleanly ... OK
* checking dependencies in R code ... NOTE
Unexported objects imported by ':::' calls:
  ‘BiocGenerics:::testPackage’ ‘IRanges:::.showAtomicList’
  ‘IRanges:::new_Views’ ‘IRanges:::regroupBySupergroup’
  ‘IRanges:::show_IntegerRangesList’ ‘IRanges:::unlist_as_integer’
  ‘S4Vectors:::anyMissingOrOutside’ ‘XVector:::close_filexp’
  ‘XVector:::extract_character_from_XRaw_by_positions’
  ‘XVector:::extract_character_from_XRaw_by_ranges’
  ‘XVector:::new_XVectorList_from_list_of_XVector’
  ‘XVector:::open_output_file’
  See the note in ?`:::` about the use of this operator.
* checking S3 generic/method consistency ... OK
* checking replacement functions ... OK
* checking foreign function calls ... OK
* checking R code for possible problems ... OK
* checking Rd files ... OK
* checking Rd metadata ... OK
* checking Rd cross-references ... OK
* checking for missing documentation entries ... WARNING
Undocumented code objects:
  ‘strsplit’ ‘twoWayAlphabetFrequency’
Undocumented S4 methods:
  generic 'match' and siglist 'Vector,XStringSet'
  generic 'match' and siglist 'XStringSet,Vector'
  generic 'match' and siglist 'XStringSet,vector'
  generic 'match' and siglist 'vector,XStringSet'
  generic 'parallel_slot_names' and siglist 'ByPos_MIndex'
  generic 'parallel_slot_names' and siglist 'MIndex'
  generic 'pcompare' and siglist 'Vector,XStringSet'
  generic 'pcompare' and siglist 'XStringSet,Vector'
  generic 'pcompare' and siglist 'XStringSet,vector'
  generic 'pcompare' and siglist 'vector,XStringSet'
  generic 'relistToClass' and siglist 'XString'
  generic 'relistToClass' and siglist 'XStringSet'
  generic 'showAsCell' and siglist 'XStringSetList'
  generic 'strsplit' and siglist 'XStringSet'
  generic 'twoWayAlphabetFrequency' and siglist 'XString,XString'
  generic 'twoWayAlphabetFrequency' and siglist 'XString,XStringSet'
  generic 'twoWayAlphabetFrequency' and siglist 'XStringSet,XString'
  generic 'twoWayAlphabetFrequency' and siglist 'XStringSet,XStringSet'
  generic 'unstrsplit' and siglist 'XStringSet'
  generic 'unstrsplit' and siglist 'XStringSetList'
All user-level objects in a package (including S4 classes and methods)
should have documentation entries.
See chapter ‘Writing R documentation files’ in the ‘Writing R
Extensions’ manual.
* checking for code/documentation mismatches ... OK
* checking Rd \usage sections ... OK
* checking Rd contents ... OK
* checking for unstated dependencies in examples ... OK
* checking contents of ‘data’ directory ... OK
* checking data for non-ASCII characters ... OK
* checking data for ASCII and uncompressed saves ... OK
* checking line endings in C/C++/Fortran sources/headers ... OK
* checking compiled code ... NOTE
Note: information on .o files is not available
* checking sizes of PDF files under ‘inst/doc’ ... OK
* checking files in ‘vignettes’ ... OK
* checking examples ... OK
Examples with CPU (user + system) or elapsed time > 5s
                      user system elapsed
matchPDict-exact   315.255  2.864 319.909
matchPDict-inexact  52.849  0.622  53.513
findPalindromes     45.239  0.109  45.390
XStringSet-class    13.816  0.435  14.275
XStringSet-io        9.604  0.465  10.083
matchPattern         6.502  0.127   6.633
stringDist           6.095  0.036   6.135
* checking for unstated dependencies in ‘tests’ ... OK
* checking tests ...
  Running ‘run_unitTests.R’
 OK
* checking for unstated dependencies in vignettes ... OK
* checking package vignettes in ‘inst/doc’ ... OK
* checking running R code from vignettes ... SKIPPED
* checking re-building of vignette outputs ... SKIPPED
* checking PDF version of manual ... OK
* DONE

Status: 1 WARNING, 5 NOTEs
See
  ‘/Users/biocbuild/bbs-3.13-bioc/meat/Biostrings.Rcheck/00check.log’
for details.



Installation output

Biostrings.Rcheck/00install.out

##############################################################################
##############################################################################
###
### Running command:
###
###   /Library/Frameworks/R.framework/Versions/Current/Resources/bin/R CMD INSTALL Biostrings
###
##############################################################################
##############################################################################


* installing to library ‘/Library/Frameworks/R.framework/Versions/4.1/Resources/library’
* installing *source* package ‘Biostrings’ ...
** using staged installation
** libs
clang -mmacosx-version-min=10.13 -I"/Library/Frameworks/R.framework/Resources/include" -DNDEBUG  -I'/Library/Frameworks/R.framework/Versions/4.1/Resources/library/S4Vectors/include' -I'/Library/Frameworks/R.framework/Versions/4.1/Resources/library/IRanges/include' -I'/Library/Frameworks/R.framework/Versions/4.1/Resources/library/XVector/include' -I/usr/local/include   -fPIC  -Wall -g -O2  -c BAB_class.c -o BAB_class.o
clang -mmacosx-version-min=10.13 -I"/Library/Frameworks/R.framework/Resources/include" -DNDEBUG  -I'/Library/Frameworks/R.framework/Versions/4.1/Resources/library/S4Vectors/include' -I'/Library/Frameworks/R.framework/Versions/4.1/Resources/library/IRanges/include' -I'/Library/Frameworks/R.framework/Versions/4.1/Resources/library/XVector/include' -I/usr/local/include   -fPIC  -Wall -g -O2  -c BitMatrix.c -o BitMatrix.o
BitMatrix.c:299:13: warning: unused function 'BitMatrix_print' [-Wunused-function]
static void BitMatrix_print(BitMatrix *bitmat)
            ^
1 warning generated.
clang -mmacosx-version-min=10.13 -I"/Library/Frameworks/R.framework/Resources/include" -DNDEBUG  -I'/Library/Frameworks/R.framework/Versions/4.1/Resources/library/S4Vectors/include' -I'/Library/Frameworks/R.framework/Versions/4.1/Resources/library/IRanges/include' -I'/Library/Frameworks/R.framework/Versions/4.1/Resources/library/XVector/include' -I/usr/local/include   -fPIC  -Wall -g -O2  -c IRanges_stubs.c -o IRanges_stubs.o
clang -mmacosx-version-min=10.13 -I"/Library/Frameworks/R.framework/Resources/include" -DNDEBUG  -I'/Library/Frameworks/R.framework/Versions/4.1/Resources/library/S4Vectors/include' -I'/Library/Frameworks/R.framework/Versions/4.1/Resources/library/IRanges/include' -I'/Library/Frameworks/R.framework/Versions/4.1/Resources/library/XVector/include' -I/usr/local/include   -fPIC  -Wall -g -O2  -c MIndex_class.c -o MIndex_class.o
MIndex_class.c:184:20: warning: unused variable 'poffsets_order' [-Wunused-variable]
        IntAE *poffsets, *poffsets_order;
                          ^
1 warning generated.
clang -mmacosx-version-min=10.13 -I"/Library/Frameworks/R.framework/Resources/include" -DNDEBUG  -I'/Library/Frameworks/R.framework/Versions/4.1/Resources/library/S4Vectors/include' -I'/Library/Frameworks/R.framework/Versions/4.1/Resources/library/IRanges/include' -I'/Library/Frameworks/R.framework/Versions/4.1/Resources/library/XVector/include' -I/usr/local/include   -fPIC  -Wall -g -O2  -c PreprocessedTB_class.c -o PreprocessedTB_class.o
clang -mmacosx-version-min=10.13 -I"/Library/Frameworks/R.framework/Resources/include" -DNDEBUG  -I'/Library/Frameworks/R.framework/Versions/4.1/Resources/library/S4Vectors/include' -I'/Library/Frameworks/R.framework/Versions/4.1/Resources/library/IRanges/include' -I'/Library/Frameworks/R.framework/Versions/4.1/Resources/library/XVector/include' -I/usr/local/include   -fPIC  -Wall -g -O2  -c R_init_Biostrings.c -o R_init_Biostrings.o
clang -mmacosx-version-min=10.13 -I"/Library/Frameworks/R.framework/Resources/include" -DNDEBUG  -I'/Library/Frameworks/R.framework/Versions/4.1/Resources/library/S4Vectors/include' -I'/Library/Frameworks/R.framework/Versions/4.1/Resources/library/IRanges/include' -I'/Library/Frameworks/R.framework/Versions/4.1/Resources/library/XVector/include' -I/usr/local/include   -fPIC  -Wall -g -O2  -c RoSeqs_utils.c -o RoSeqs_utils.o
clang -mmacosx-version-min=10.13 -I"/Library/Frameworks/R.framework/Resources/include" -DNDEBUG  -I'/Library/Frameworks/R.framework/Versions/4.1/Resources/library/S4Vectors/include' -I'/Library/Frameworks/R.framework/Versions/4.1/Resources/library/IRanges/include' -I'/Library/Frameworks/R.framework/Versions/4.1/Resources/library/XVector/include' -I/usr/local/include   -fPIC  -Wall -g -O2  -c S4Vectors_stubs.c -o S4Vectors_stubs.o
clang -mmacosx-version-min=10.13 -I"/Library/Frameworks/R.framework/Resources/include" -DNDEBUG  -I'/Library/Frameworks/R.framework/Versions/4.1/Resources/library/S4Vectors/include' -I'/Library/Frameworks/R.framework/Versions/4.1/Resources/library/IRanges/include' -I'/Library/Frameworks/R.framework/Versions/4.1/Resources/library/XVector/include' -I/usr/local/include   -fPIC  -Wall -g -O2  -c SparseList_utils.c -o SparseList_utils.o
clang -mmacosx-version-min=10.13 -I"/Library/Frameworks/R.framework/Resources/include" -DNDEBUG  -I'/Library/Frameworks/R.framework/Versions/4.1/Resources/library/S4Vectors/include' -I'/Library/Frameworks/R.framework/Versions/4.1/Resources/library/IRanges/include' -I'/Library/Frameworks/R.framework/Versions/4.1/Resources/library/XVector/include' -I/usr/local/include   -fPIC  -Wall -g -O2  -c XStringSetList_class.c -o XStringSetList_class.o
clang -mmacosx-version-min=10.13 -I"/Library/Frameworks/R.framework/Resources/include" -DNDEBUG  -I'/Library/Frameworks/R.framework/Versions/4.1/Resources/library/S4Vectors/include' -I'/Library/Frameworks/R.framework/Versions/4.1/Resources/library/IRanges/include' -I'/Library/Frameworks/R.framework/Versions/4.1/Resources/library/XVector/include' -I/usr/local/include   -fPIC  -Wall -g -O2  -c XStringSet_class.c -o XStringSet_class.o
clang -mmacosx-version-min=10.13 -I"/Library/Frameworks/R.framework/Resources/include" -DNDEBUG  -I'/Library/Frameworks/R.framework/Versions/4.1/Resources/library/S4Vectors/include' -I'/Library/Frameworks/R.framework/Versions/4.1/Resources/library/IRanges/include' -I'/Library/Frameworks/R.framework/Versions/4.1/Resources/library/XVector/include' -I/usr/local/include   -fPIC  -Wall -g -O2  -c XString_class.c -o XString_class.o
clang -mmacosx-version-min=10.13 -I"/Library/Frameworks/R.framework/Resources/include" -DNDEBUG  -I'/Library/Frameworks/R.framework/Versions/4.1/Resources/library/S4Vectors/include' -I'/Library/Frameworks/R.framework/Versions/4.1/Resources/library/IRanges/include' -I'/Library/Frameworks/R.framework/Versions/4.1/Resources/library/XVector/include' -I/usr/local/include   -fPIC  -Wall -g -O2  -c XVector_stubs.c -o XVector_stubs.o
clang -mmacosx-version-min=10.13 -I"/Library/Frameworks/R.framework/Resources/include" -DNDEBUG  -I'/Library/Frameworks/R.framework/Versions/4.1/Resources/library/S4Vectors/include' -I'/Library/Frameworks/R.framework/Versions/4.1/Resources/library/IRanges/include' -I'/Library/Frameworks/R.framework/Versions/4.1/Resources/library/XVector/include' -I/usr/local/include   -fPIC  -Wall -g -O2  -c align_needwunsQS.c -o align_needwunsQS.o
clang -mmacosx-version-min=10.13 -I"/Library/Frameworks/R.framework/Resources/include" -DNDEBUG  -I'/Library/Frameworks/R.framework/Versions/4.1/Resources/library/S4Vectors/include' -I'/Library/Frameworks/R.framework/Versions/4.1/Resources/library/IRanges/include' -I'/Library/Frameworks/R.framework/Versions/4.1/Resources/library/XVector/include' -I/usr/local/include   -fPIC  -Wall -g -O2  -c align_pairwiseAlignment.c -o align_pairwiseAlignment.o
clang -mmacosx-version-min=10.13 -I"/Library/Frameworks/R.framework/Resources/include" -DNDEBUG  -I'/Library/Frameworks/R.framework/Versions/4.1/Resources/library/S4Vectors/include' -I'/Library/Frameworks/R.framework/Versions/4.1/Resources/library/IRanges/include' -I'/Library/Frameworks/R.framework/Versions/4.1/Resources/library/XVector/include' -I/usr/local/include   -fPIC  -Wall -g -O2  -c align_utils.c -o align_utils.o
clang -mmacosx-version-min=10.13 -I"/Library/Frameworks/R.framework/Resources/include" -DNDEBUG  -I'/Library/Frameworks/R.framework/Versions/4.1/Resources/library/S4Vectors/include' -I'/Library/Frameworks/R.framework/Versions/4.1/Resources/library/IRanges/include' -I'/Library/Frameworks/R.framework/Versions/4.1/Resources/library/XVector/include' -I/usr/local/include   -fPIC  -Wall -g -O2  -c find_palindromes.c -o find_palindromes.o
clang -mmacosx-version-min=10.13 -I"/Library/Frameworks/R.framework/Resources/include" -DNDEBUG  -I'/Library/Frameworks/R.framework/Versions/4.1/Resources/library/S4Vectors/include' -I'/Library/Frameworks/R.framework/Versions/4.1/Resources/library/IRanges/include' -I'/Library/Frameworks/R.framework/Versions/4.1/Resources/library/XVector/include' -I/usr/local/include   -fPIC  -Wall -g -O2  -c gtestsim.c -o gtestsim.o
clang -mmacosx-version-min=10.13 -I"/Library/Frameworks/R.framework/Resources/include" -DNDEBUG  -I'/Library/Frameworks/R.framework/Versions/4.1/Resources/library/S4Vectors/include' -I'/Library/Frameworks/R.framework/Versions/4.1/Resources/library/IRanges/include' -I'/Library/Frameworks/R.framework/Versions/4.1/Resources/library/XVector/include' -I/usr/local/include   -fPIC  -Wall -g -O2  -c inject_code.c -o inject_code.o
clang -mmacosx-version-min=10.13 -I"/Library/Frameworks/R.framework/Resources/include" -DNDEBUG  -I'/Library/Frameworks/R.framework/Versions/4.1/Resources/library/S4Vectors/include' -I'/Library/Frameworks/R.framework/Versions/4.1/Resources/library/IRanges/include' -I'/Library/Frameworks/R.framework/Versions/4.1/Resources/library/XVector/include' -I/usr/local/include   -fPIC  -Wall -g -O2  -c letter_frequency.c -o letter_frequency.o
letter_frequency.c:956:13: warning: unused variable 'ans_dimnames' [-Wunused-variable]
  SEXP ans, ans_dimnames;
            ^
letter_frequency.c:957:48: warning: unused variable 'x_pos' [-Wunused-variable]
  int x_width, y_width, x_length, *ans_mat, i, x_pos;
                                               ^
2 warnings generated.
clang -mmacosx-version-min=10.13 -I"/Library/Frameworks/R.framework/Resources/include" -DNDEBUG  -I'/Library/Frameworks/R.framework/Versions/4.1/Resources/library/S4Vectors/include' -I'/Library/Frameworks/R.framework/Versions/4.1/Resources/library/IRanges/include' -I'/Library/Frameworks/R.framework/Versions/4.1/Resources/library/XVector/include' -I/usr/local/include   -fPIC  -Wall -g -O2  -c lowlevel_matching.c -o lowlevel_matching.o
clang -mmacosx-version-min=10.13 -I"/Library/Frameworks/R.framework/Resources/include" -DNDEBUG  -I'/Library/Frameworks/R.framework/Versions/4.1/Resources/library/S4Vectors/include' -I'/Library/Frameworks/R.framework/Versions/4.1/Resources/library/IRanges/include' -I'/Library/Frameworks/R.framework/Versions/4.1/Resources/library/XVector/include' -I/usr/local/include   -fPIC  -Wall -g -O2  -c match_PWM.c -o match_PWM.o
clang -mmacosx-version-min=10.13 -I"/Library/Frameworks/R.framework/Resources/include" -DNDEBUG  -I'/Library/Frameworks/R.framework/Versions/4.1/Resources/library/S4Vectors/include' -I'/Library/Frameworks/R.framework/Versions/4.1/Resources/library/IRanges/include' -I'/Library/Frameworks/R.framework/Versions/4.1/Resources/library/XVector/include' -I/usr/local/include   -fPIC  -Wall -g -O2  -c match_pattern.c -o match_pattern.o
clang -mmacosx-version-min=10.13 -I"/Library/Frameworks/R.framework/Resources/include" -DNDEBUG  -I'/Library/Frameworks/R.framework/Versions/4.1/Resources/library/S4Vectors/include' -I'/Library/Frameworks/R.framework/Versions/4.1/Resources/library/IRanges/include' -I'/Library/Frameworks/R.framework/Versions/4.1/Resources/library/XVector/include' -I/usr/local/include   -fPIC  -Wall -g -O2  -c match_pattern_boyermoore.c -o match_pattern_boyermoore.o
clang -mmacosx-version-min=10.13 -I"/Library/Frameworks/R.framework/Resources/include" -DNDEBUG  -I'/Library/Frameworks/R.framework/Versions/4.1/Resources/library/S4Vectors/include' -I'/Library/Frameworks/R.framework/Versions/4.1/Resources/library/IRanges/include' -I'/Library/Frameworks/R.framework/Versions/4.1/Resources/library/XVector/include' -I/usr/local/include   -fPIC  -Wall -g -O2  -c match_pattern_indels.c -o match_pattern_indels.o
match_pattern_indels.c:7:13: warning: unused function 'test_match_pattern_indels' [-Wunused-function]
static void test_match_pattern_indels(const char *p, const char *s,
            ^
1 warning generated.
clang -mmacosx-version-min=10.13 -I"/Library/Frameworks/R.framework/Resources/include" -DNDEBUG  -I'/Library/Frameworks/R.framework/Versions/4.1/Resources/library/S4Vectors/include' -I'/Library/Frameworks/R.framework/Versions/4.1/Resources/library/IRanges/include' -I'/Library/Frameworks/R.framework/Versions/4.1/Resources/library/XVector/include' -I/usr/local/include   -fPIC  -Wall -g -O2  -c match_pattern_shiftor.c -o match_pattern_shiftor.o
clang -mmacosx-version-min=10.13 -I"/Library/Frameworks/R.framework/Resources/include" -DNDEBUG  -I'/Library/Frameworks/R.framework/Versions/4.1/Resources/library/S4Vectors/include' -I'/Library/Frameworks/R.framework/Versions/4.1/Resources/library/IRanges/include' -I'/Library/Frameworks/R.framework/Versions/4.1/Resources/library/XVector/include' -I/usr/local/include   -fPIC  -Wall -g -O2  -c match_pdict.c -o match_pdict.o
clang -mmacosx-version-min=10.13 -I"/Library/Frameworks/R.framework/Resources/include" -DNDEBUG  -I'/Library/Frameworks/R.framework/Versions/4.1/Resources/library/S4Vectors/include' -I'/Library/Frameworks/R.framework/Versions/4.1/Resources/library/IRanges/include' -I'/Library/Frameworks/R.framework/Versions/4.1/Resources/library/XVector/include' -I/usr/local/include   -fPIC  -Wall -g -O2  -c match_pdict_ACtree2.c -o match_pdict_ACtree2.o
match_pdict_ACtree2.c:139:13: warning: unused function 'debug_node_counting_functions' [-Wunused-function]
static void debug_node_counting_functions(int maxdepth)
            ^
match_pdict_ACtree2.c:602:21: warning: unused function 'a_nice_max_nodeextbuf_nelt' [-Wunused-function]
static unsigned int a_nice_max_nodeextbuf_nelt(int nnodes)
                    ^
2 warnings generated.
clang -mmacosx-version-min=10.13 -I"/Library/Frameworks/R.framework/Resources/include" -DNDEBUG  -I'/Library/Frameworks/R.framework/Versions/4.1/Resources/library/S4Vectors/include' -I'/Library/Frameworks/R.framework/Versions/4.1/Resources/library/IRanges/include' -I'/Library/Frameworks/R.framework/Versions/4.1/Resources/library/XVector/include' -I/usr/local/include   -fPIC  -Wall -g -O2  -c match_pdict_Twobit.c -o match_pdict_Twobit.o
clang -mmacosx-version-min=10.13 -I"/Library/Frameworks/R.framework/Resources/include" -DNDEBUG  -I'/Library/Frameworks/R.framework/Versions/4.1/Resources/library/S4Vectors/include' -I'/Library/Frameworks/R.framework/Versions/4.1/Resources/library/IRanges/include' -I'/Library/Frameworks/R.framework/Versions/4.1/Resources/library/XVector/include' -I/usr/local/include   -fPIC  -Wall -g -O2  -c match_pdict_utils.c -o match_pdict_utils.o
match_pdict_utils.c:652:49: warning: unused variable 'ncol' [-Wunused-variable]
        int nelt, min_safe_tb_end, max_safe_tb_end, j, ncol;
                                                       ^
match_pdict_utils.c:712:6: warning: unused variable 'nelt' [-Wunused-variable]
        int nelt, nkey0, nkey1, nkey2, i, key;
            ^
match_pdict_utils.c:818:26: warning: unused variable 'nloci' [-Wunused-variable]
        unsigned long int ndup, nloci, NFC; // NFC = Number of Flank Comparisons
                                ^
match_pdict_utils.c:818:33: warning: unused variable 'NFC' [-Wunused-variable]
        unsigned long int ndup, nloci, NFC; // NFC = Number of Flank Comparisons
                                       ^
match_pdict_utils.c:819:27: warning: unused variable 'total_NFC' [-Wunused-variable]
        static unsigned long int total_NFC = 0UL, subtotal_NFC = 0UL;
                                 ^
match_pdict_utils.c:819:44: warning: unused variable 'subtotal_NFC' [-Wunused-variable]
        static unsigned long int total_NFC = 0UL, subtotal_NFC = 0UL;
                                                  ^
match_pdict_utils.c:818:20: warning: unused variable 'ndup' [-Wunused-variable]
        unsigned long int ndup, nloci, NFC; // NFC = Number of Flank Comparisons
                          ^
match_pdict_utils.c:260:13: warning: unused function 'match_headtail_by_loc' [-Wunused-function]
static void match_headtail_by_loc(const HeadTail *headtail,
            ^
8 warnings generated.
clang -mmacosx-version-min=10.13 -I"/Library/Frameworks/R.framework/Resources/include" -DNDEBUG  -I'/Library/Frameworks/R.framework/Versions/4.1/Resources/library/S4Vectors/include' -I'/Library/Frameworks/R.framework/Versions/4.1/Resources/library/IRanges/include' -I'/Library/Frameworks/R.framework/Versions/4.1/Resources/library/XVector/include' -I/usr/local/include   -fPIC  -Wall -g -O2  -c match_reporting.c -o match_reporting.o
clang -mmacosx-version-min=10.13 -I"/Library/Frameworks/R.framework/Resources/include" -DNDEBUG  -I'/Library/Frameworks/R.framework/Versions/4.1/Resources/library/S4Vectors/include' -I'/Library/Frameworks/R.framework/Versions/4.1/Resources/library/IRanges/include' -I'/Library/Frameworks/R.framework/Versions/4.1/Resources/library/XVector/include' -I/usr/local/include   -fPIC  -Wall -g -O2  -c matchprobes.c -o matchprobes.o
clang -mmacosx-version-min=10.13 -I"/Library/Frameworks/R.framework/Resources/include" -DNDEBUG  -I'/Library/Frameworks/R.framework/Versions/4.1/Resources/library/S4Vectors/include' -I'/Library/Frameworks/R.framework/Versions/4.1/Resources/library/IRanges/include' -I'/Library/Frameworks/R.framework/Versions/4.1/Resources/library/XVector/include' -I/usr/local/include   -fPIC  -Wall -g -O2  -c pmatchPattern.c -o pmatchPattern.o
clang -mmacosx-version-min=10.13 -I"/Library/Frameworks/R.framework/Resources/include" -DNDEBUG  -I'/Library/Frameworks/R.framework/Versions/4.1/Resources/library/S4Vectors/include' -I'/Library/Frameworks/R.framework/Versions/4.1/Resources/library/IRanges/include' -I'/Library/Frameworks/R.framework/Versions/4.1/Resources/library/XVector/include' -I/usr/local/include   -fPIC  -Wall -g -O2  -c read_fasta_files.c -o read_fasta_files.o
clang -mmacosx-version-min=10.13 -I"/Library/Frameworks/R.framework/Resources/include" -DNDEBUG  -I'/Library/Frameworks/R.framework/Versions/4.1/Resources/library/S4Vectors/include' -I'/Library/Frameworks/R.framework/Versions/4.1/Resources/library/IRanges/include' -I'/Library/Frameworks/R.framework/Versions/4.1/Resources/library/XVector/include' -I/usr/local/include   -fPIC  -Wall -g -O2  -c read_fastq_files.c -o read_fastq_files.o
clang -mmacosx-version-min=10.13 -I"/Library/Frameworks/R.framework/Resources/include" -DNDEBUG  -I'/Library/Frameworks/R.framework/Versions/4.1/Resources/library/S4Vectors/include' -I'/Library/Frameworks/R.framework/Versions/4.1/Resources/library/IRanges/include' -I'/Library/Frameworks/R.framework/Versions/4.1/Resources/library/XVector/include' -I/usr/local/include   -fPIC  -Wall -g -O2  -c replaceAt.c -o replaceAt.o
clang -mmacosx-version-min=10.13 -I"/Library/Frameworks/R.framework/Resources/include" -DNDEBUG  -I'/Library/Frameworks/R.framework/Versions/4.1/Resources/library/S4Vectors/include' -I'/Library/Frameworks/R.framework/Versions/4.1/Resources/library/IRanges/include' -I'/Library/Frameworks/R.framework/Versions/4.1/Resources/library/XVector/include' -I/usr/local/include   -fPIC  -Wall -g -O2  -c replace_letter_at.c -o replace_letter_at.o
clang -mmacosx-version-min=10.13 -I"/Library/Frameworks/R.framework/Resources/include" -DNDEBUG  -I'/Library/Frameworks/R.framework/Versions/4.1/Resources/library/S4Vectors/include' -I'/Library/Frameworks/R.framework/Versions/4.1/Resources/library/IRanges/include' -I'/Library/Frameworks/R.framework/Versions/4.1/Resources/library/XVector/include' -I/usr/local/include   -fPIC  -Wall -g -O2  -c strutils.c -o strutils.o
clang -mmacosx-version-min=10.13 -I"/Library/Frameworks/R.framework/Resources/include" -DNDEBUG  -I'/Library/Frameworks/R.framework/Versions/4.1/Resources/library/S4Vectors/include' -I'/Library/Frameworks/R.framework/Versions/4.1/Resources/library/IRanges/include' -I'/Library/Frameworks/R.framework/Versions/4.1/Resources/library/XVector/include' -I/usr/local/include   -fPIC  -Wall -g -O2  -c translate.c -o translate.o
clang -mmacosx-version-min=10.13 -I"/Library/Frameworks/R.framework/Resources/include" -DNDEBUG  -I'/Library/Frameworks/R.framework/Versions/4.1/Resources/library/S4Vectors/include' -I'/Library/Frameworks/R.framework/Versions/4.1/Resources/library/IRanges/include' -I'/Library/Frameworks/R.framework/Versions/4.1/Resources/library/XVector/include' -I/usr/local/include   -fPIC  -Wall -g -O2  -c unstrsplit_methods.c -o unstrsplit_methods.o
clang -mmacosx-version-min=10.13 -I"/Library/Frameworks/R.framework/Resources/include" -DNDEBUG  -I'/Library/Frameworks/R.framework/Versions/4.1/Resources/library/S4Vectors/include' -I'/Library/Frameworks/R.framework/Versions/4.1/Resources/library/IRanges/include' -I'/Library/Frameworks/R.framework/Versions/4.1/Resources/library/XVector/include' -I/usr/local/include   -fPIC  -Wall -g -O2  -c utils.c -o utils.o
clang -mmacosx-version-min=10.13 -I"/Library/Frameworks/R.framework/Resources/include" -DNDEBUG  -I'/Library/Frameworks/R.framework/Versions/4.1/Resources/library/S4Vectors/include' -I'/Library/Frameworks/R.framework/Versions/4.1/Resources/library/IRanges/include' -I'/Library/Frameworks/R.framework/Versions/4.1/Resources/library/XVector/include' -I/usr/local/include   -fPIC  -Wall -g -O2  -c xscat.c -o xscat.o
clang -mmacosx-version-min=10.13 -dynamiclib -Wl,-headerpad_max_install_names -undefined dynamic_lookup -single_module -multiply_defined suppress -L/Library/Frameworks/R.framework/Resources/lib -L/usr/local/lib -o Biostrings.so BAB_class.o BitMatrix.o IRanges_stubs.o MIndex_class.o PreprocessedTB_class.o R_init_Biostrings.o RoSeqs_utils.o S4Vectors_stubs.o SparseList_utils.o XStringSetList_class.o XStringSet_class.o XString_class.o XVector_stubs.o align_needwunsQS.o align_pairwiseAlignment.o align_utils.o find_palindromes.o gtestsim.o inject_code.o letter_frequency.o lowlevel_matching.o match_PWM.o match_pattern.o match_pattern_boyermoore.o match_pattern_indels.o match_pattern_shiftor.o match_pdict.o match_pdict_ACtree2.o match_pdict_Twobit.o match_pdict_utils.o match_reporting.o matchprobes.o pmatchPattern.o read_fasta_files.o read_fastq_files.o replaceAt.o replace_letter_at.o strutils.o translate.o unstrsplit_methods.o utils.o xscat.o -F/Library/Frameworks/R.framework/.. -framework R -Wl,-framework -Wl,CoreFoundation
installing to /Library/Frameworks/R.framework/Versions/4.1/Resources/library/00LOCK-Biostrings/00new/Biostrings/libs
** R
** data
** inst
** byte-compile and prepare package for lazy loading
in method for ‘twoWayAlphabetFrequencyByQuality’ with signature ‘"QualityScaledXStringSet"’: no definition for class “QualityScaledXStringSet”
Creating a new generic function for ‘strsplit’ in package ‘Biostrings’
Creating a generic function for ‘ls’ from package ‘base’ in package ‘Biostrings’
Creating a new generic function for ‘pattern’ in package ‘Biostrings’
Creating a new generic function for ‘offset’ in package ‘Biostrings’
** help
*** installing help indices
** building package indices
** installing vignettes
** testing if installed package can be loaded from temporary location
** checking absolute paths in shared objects and dynamic libraries
** testing if installed package can be loaded from final location
** testing if installed package keeps a record of temporary installation path
* DONE (Biostrings)

Tests output

Biostrings.Rcheck/tests/run_unitTests.Rout


R version 4.1.1 (2021-08-10) -- "Kick Things"
Copyright (C) 2021 The R Foundation for Statistical Computing
Platform: x86_64-apple-darwin17.0 (64-bit)

R is free software and comes with ABSOLUTELY NO WARRANTY.
You are welcome to redistribute it under certain conditions.
Type 'license()' or 'licence()' for distribution details.

R is a collaborative project with many contributors.
Type 'contributors()' for more information and
'citation()' on how to cite R or R packages in publications.

Type 'demo()' for some demos, 'help()' for on-line help, or
'help.start()' for an HTML browser interface to help.
Type 'q()' to quit R.

> require("Biostrings") || stop("unable to load Biostrings package")
Loading required package: Biostrings
Loading required package: BiocGenerics
Loading required package: parallel

Attaching package: 'BiocGenerics'

The following objects are masked from 'package:parallel':

    clusterApply, clusterApplyLB, clusterCall, clusterEvalQ,
    clusterExport, clusterMap, parApply, parCapply, parLapply,
    parLapplyLB, parRapply, parSapply, parSapplyLB

The following objects are masked from 'package:stats':

    IQR, mad, sd, var, xtabs

The following objects are masked from 'package:base':

    Filter, Find, Map, Position, Reduce, anyDuplicated, append,
    as.data.frame, basename, cbind, colnames, dirname, do.call,
    duplicated, eval, evalq, get, grep, grepl, intersect, is.unsorted,
    lapply, mapply, match, mget, order, paste, pmax, pmax.int, pmin,
    pmin.int, rank, rbind, rownames, sapply, setdiff, sort, table,
    tapply, union, unique, unsplit, which.max, which.min

Loading required package: S4Vectors
Loading required package: stats4

Attaching package: 'S4Vectors'

The following objects are masked from 'package:base':

    I, expand.grid, unname

Loading required package: IRanges
Loading required package: XVector
Loading required package: GenomeInfoDb

Attaching package: 'Biostrings'

The following object is masked from 'package:base':

    strsplit

[1] TRUE
> Biostrings:::.test()


RUNIT TEST PROTOCOL -- Sun Sep 12 16:56:22 2021 
*********************************************** 
Number of test functions: 40 
Number of errors: 0 
Number of failures: 0 

 
1 Test Suite : 
Biostrings RUnit Tests - 40 test functions, 0 errors, 0 failures
Number of test functions: 40 
Number of errors: 0 
Number of failures: 0 
> 
> proc.time()
   user  system elapsed 
 12.752   1.492  14.238 

Example timings

Biostrings.Rcheck/Biostrings-Ex.timings

nameusersystemelapsed
AAString-class0.0040.0010.005
AMINO_ACID_CODE0.0030.0010.005
AlignedXStringSet-class0.0810.0040.112
DNAString-class0.0070.0010.008
GENETIC_CODE0.0140.0080.022
HNF4alpha0.0320.0060.039
IUPAC_CODE_MAP0.1680.0170.184
MIndex-class0.0000.0000.001
MaskedXString-class0.3010.0380.339
MultipleAlignment-class1.7400.0421.784
PDict-class4.1070.1474.264
PairwiseAlignments-class0.8420.0080.852
PairwiseAlignments-io2.9400.2283.170
QualityScaledXStringSet-class0.2370.0090.248
RNAString-class0.0100.0010.011
XString-class0.0110.0020.012
XStringQuality-class0.2090.0040.212
XStringSet-class13.816 0.43514.275
XStringSet-comparison3.0250.1373.165
XStringSet-io 9.604 0.46510.083
XStringSetList-class0.2770.0110.289
XStringViews-class0.1430.0130.156
align-utils0.0440.0090.053
chartr0.7230.0330.758
detail0.5770.0820.661
dinucleotideFrequencyTest0.0160.0040.020
findPalindromes45.239 0.10945.390
getSeq0.1380.0330.171
gregexpr20.0020.0020.003
injectHardMask0.0530.0030.057
letter0.0300.0020.031
letterFrequency1.0540.0441.101
longestConsecutive0.0010.0010.001
lowlevel-matching0.4580.0430.504
maskMotif1.9020.1022.059
match-utils0.0250.0010.027
matchLRPatterns0.5840.0220.632
matchPDict-exact315.255 2.864319.909
matchPDict-inexact52.849 0.62253.513
matchPWM3.1020.0143.118
matchPattern6.5020.1276.633
matchProbePair1.2540.0141.268
matchprobes0.4550.0070.462
misc0.0260.0000.026
needwunsQS0.0000.0010.001
nucleotideFrequency0.7820.0540.837
padAndClip0.6200.0130.634
pairwiseAlignment0.9470.0170.964
phiX174Phage0.5900.0290.619
pid0.5140.0100.523
replaceAt2.9560.3233.286
replaceLetterAt0.4130.0090.423
reverseComplement1.1440.0351.184
seqinfo0.6290.0090.639
stringDist6.0950.0366.135
substitution_matrices0.9020.2341.136
toComplex0.0020.0010.002
translate1.8240.0191.843
trimLRPatterns0.0940.0030.096
xscat1.8540.1892.043
yeastSEQCHR10.0040.0020.006