Back to Build/check report for BioC 3.14 experimental data
ABCDEFGHIJKLMNOPQRS[T]UVWXYZ

This page was generated on 2021-10-16 15:51:46 -0400 (Sat, 16 Oct 2021).

CHECK results for tinesath1cdf on nebbiolo2

To the developers/maintainers of the tinesath1cdf package:
Make sure to use the following settings in order to reproduce any error or warning you see on this page.

raw results

Package 385/404HostnameOS / ArchINSTALLBUILDCHECK
tinesath1cdf 1.31.0  (landing page)
Tine Casneuf
Snapshot Date: 2021-10-16 09:30:02 -0400 (Sat, 16 Oct 2021)
git_url: https://git.bioconductor.org/packages/tinesath1cdf
git_branch: master
git_last_commit: c33440a
git_last_commit_date: 2021-05-19 11:27:21 -0400 (Wed, 19 May 2021)
nebbiolo2Linux (Ubuntu 20.04.2 LTS) / x86_64  OK    OK    WARNINGS  UNNEEDED, same version is already published

Summary

Package: tinesath1cdf
Version: 1.31.0
Command: /home/biocbuild/bbs-3.14-bioc/R/bin/R CMD check --install=check:tinesath1cdf.install-out.txt --library=/home/biocbuild/bbs-3.14-bioc/R/library --no-vignettes --timings tinesath1cdf_1.31.0.tar.gz
StartedAt: 2021-10-16 12:40:09 -0400 (Sat, 16 Oct 2021)
EndedAt: 2021-10-16 12:40:23 -0400 (Sat, 16 Oct 2021)
EllapsedTime: 14.5 seconds
RetCode: 0
Status:   WARNINGS  
CheckDir: tinesath1cdf.Rcheck
Warnings: 1

Command output

##############################################################################
##############################################################################
###
### Running command:
###
###   /home/biocbuild/bbs-3.14-bioc/R/bin/R CMD check --install=check:tinesath1cdf.install-out.txt --library=/home/biocbuild/bbs-3.14-bioc/R/library --no-vignettes --timings tinesath1cdf_1.31.0.tar.gz
###
##############################################################################
##############################################################################


* using log directory ‘/home/biocbuild/bbs-3.14-data-experiment/meat/tinesath1cdf.Rcheck’
* using R version 4.1.1 (2021-08-10)
* using platform: x86_64-pc-linux-gnu (64-bit)
* using session charset: UTF-8
* using option ‘--no-vignettes’
* checking for file ‘tinesath1cdf/DESCRIPTION’ ... OK
* this is package ‘tinesath1cdf’ version ‘1.31.0’
* checking package namespace information ... OK
* checking package dependencies ... OK
* checking if this is a source package ... OK
* checking if there is a namespace ... OK
* checking for hidden files and directories ... OK
* checking for portable file names ... OK
* checking for sufficient/correct file permissions ... OK
* checking whether package ‘tinesath1cdf’ can be installed ... OK
* checking installed package size ... OK
* checking package directory ... OK
* checking DESCRIPTION meta-information ... OK
* checking top-level files ... OK
* checking for left-over files ... OK
* checking index information ... OK
* checking package subdirectories ... OK
* checking R files for non-ASCII characters ... OK
* checking R files for syntax errors ... OK
* checking whether the package can be loaded ... OK
* checking whether the package can be loaded with stated dependencies ... OK
* checking whether the package can be unloaded cleanly ... OK
* checking whether the namespace can be loaded with stated dependencies ... OK
* checking whether the namespace can be unloaded cleanly ... OK
* checking dependencies in R code ... OK
* checking S3 generic/method consistency ... OK
* checking replacement functions ... OK
* checking foreign function calls ... OK
* checking R code for possible problems ... OK
* checking Rd files ... OK
* checking Rd metadata ... OK
* checking Rd cross-references ... OK
* checking for missing documentation entries ... OK
* checking for code/documentation mismatches ... OK
* checking Rd \usage sections ... OK
* checking Rd contents ... OK
* checking for unstated dependencies in examples ... OK
* checking contents of ‘data’ directory ... OK
* checking data for non-ASCII characters ... OK
* checking data for ASCII and uncompressed saves ... WARNING
  
  Note: significantly better compression could be obtained
        by using R CMD build --resave-data
                   old_size new_size compress
  tinesath1cdf.rda    1.5Mb    1.1Mb    bzip2
* checking examples ... OK
* checking PDF version of manual ... OK
* DONE

Status: 1 WARNING
See
  ‘/home/biocbuild/bbs-3.14-data-experiment/meat/tinesath1cdf.Rcheck/00check.log’
for details.



Installation output

tinesath1cdf.Rcheck/00install.out

##############################################################################
##############################################################################
###
### Running command:
###
###   /home/biocbuild/bbs-3.14-bioc/R/bin/R CMD INSTALL tinesath1cdf
###
##############################################################################
##############################################################################


* installing to library ‘/home/biocbuild/bbs-3.14-bioc/R/library’
* installing *source* package ‘tinesath1cdf’ ...
** using staged installation
** R
** data
** byte-compile and prepare package for lazy loading
** help
*** installing help indices
** building package indices
** testing if installed package can be loaded from temporary location
** testing if installed package can be loaded from final location
** testing if installed package keeps a record of temporary installation path
* DONE (tinesath1cdf)

Tests output


Example timings

tinesath1cdf.Rcheck/tinesath1cdf-Ex.timings

nameusersystemelapsed
geometry0.0310.0240.055