Back to Build/check report for BioC 3.15 experimental data
ABCDEFGHIJKLMNOPQR[S]TUVWXYZ

This page was generated on 2021-12-02 17:50:01 -0500 (Thu, 02 Dec 2021).

CHECK results for shinyMethylData on nebbiolo2

To the developers/maintainers of the shinyMethylData package:
Make sure to use the following settings in order to reproduce any error or warning you see on this page.

raw results

Package 345/404HostnameOS / ArchINSTALLBUILDCHECK
shinyMethylData 1.15.0  (landing page)
Jean-Philippe Fortin
Snapshot Date: 2021-12-02 07:30:02 -0500 (Thu, 02 Dec 2021)
git_url: https://git.bioconductor.org/packages/shinyMethylData
git_branch: master
git_last_commit: efd150f
git_last_commit_date: 2021-10-26 12:09:50 -0500 (Tue, 26 Oct 2021)
nebbiolo2Linux (Ubuntu 20.04.3 LTS) / x86_64  OK    OK    WARNINGS  UNNEEDED, same version is already published

Summary

Package: shinyMethylData
Version: 1.15.0
Command: /home/biocbuild/bbs-3.15-data-experiment/R/bin/R CMD check --install=check:shinyMethylData.install-out.txt --library=/home/biocbuild/bbs-3.15-data-experiment/R/library --no-vignettes --timings shinyMethylData_1.15.0.tar.gz
StartedAt: 2021-12-02 14:06:43 -0500 (Thu, 02 Dec 2021)
EndedAt: 2021-12-02 14:07:07 -0500 (Thu, 02 Dec 2021)
EllapsedTime: 24.9 seconds
RetCode: 0
Status:   WARNINGS  
CheckDir: shinyMethylData.Rcheck
Warnings: 1

Command output

##############################################################################
##############################################################################
###
### Running command:
###
###   /home/biocbuild/bbs-3.15-data-experiment/R/bin/R CMD check --install=check:shinyMethylData.install-out.txt --library=/home/biocbuild/bbs-3.15-data-experiment/R/library --no-vignettes --timings shinyMethylData_1.15.0.tar.gz
###
##############################################################################
##############################################################################


* using log directory ‘/home/biocbuild/bbs-3.15-data-experiment/meat/shinyMethylData.Rcheck’
* using R Under development (unstable) (2021-11-16 r81199)
* using platform: x86_64-pc-linux-gnu (64-bit)
* using session charset: UTF-8
* using option ‘--no-vignettes’
* checking for file ‘shinyMethylData/DESCRIPTION’ ... OK
* this is package ‘shinyMethylData’ version ‘1.15.0’
* checking package namespace information ... OK
* checking package dependencies ... OK
* checking if this is a source package ... OK
* checking if there is a namespace ... OK
* checking for hidden files and directories ... OK
* checking for portable file names ... OK
* checking for sufficient/correct file permissions ... OK
* checking whether package ‘shinyMethylData’ can be installed ... OK
* checking installed package size ... NOTE
  installed size is 47.8Mb
  sub-directories of 1Mb or more:
    data  47.7Mb
* checking package directory ... OK
* checking DESCRIPTION meta-information ... OK
* checking top-level files ... OK
* checking for left-over files ... OK
* checking index information ... OK
* checking package subdirectories ... OK
* checking whether the package can be loaded ... OK
* checking whether the package can be loaded with stated dependencies ... OK
* checking whether the package can be unloaded cleanly ... OK
* checking whether the namespace can be loaded with stated dependencies ... OK
* checking whether the namespace can be unloaded cleanly ... OK
* checking Rd files ... OK
* checking Rd metadata ... OK
* checking Rd cross-references ... OK
* checking for missing documentation entries ... OK
* checking for code/documentation mismatches ... OK
* checking Rd \usage sections ... OK
* checking Rd contents ... OK
* checking for unstated dependencies in examples ... OK
* checking contents of ‘data’ directory ... OK
* checking data for non-ASCII characters ... OK
* checking LazyData ... WARNING
  LazyData DB of 47.7 MB without LazyDataCompression set
  See §1.1.6 of 'Writing R Extensions'
* checking data for ASCII and uncompressed saves ... OK
* checking examples ... OK
* checking PDF version of manual ... OK
* DONE

Status: 1 WARNING, 1 NOTE
See
  ‘/home/biocbuild/bbs-3.15-data-experiment/meat/shinyMethylData.Rcheck/00check.log’
for details.



Installation output

shinyMethylData.Rcheck/00install.out

##############################################################################
##############################################################################
###
### Running command:
###
###   /home/biocbuild/bbs-3.15-data-experiment/R/bin/R CMD INSTALL shinyMethylData
###
##############################################################################
##############################################################################


* installing to library ‘/home/biocbuild/bbs-3.15-data-experiment/R/library’
* installing *source* package ‘shinyMethylData’ ...
** using staged installation
** data
*** moving datasets to lazyload DB
** inst
** help
*** installing help indices
** building package indices
** testing if installed package can be loaded from temporary location
** testing if installed package can be loaded from final location
** testing if installed package keeps a record of temporary installation path
* DONE (shinyMethylData)

Tests output


Example timings

shinyMethylData.Rcheck/shinyMethylData-Ex.timings

nameusersystemelapsed
summary.tcga.norm0.0090.0000.009
summary.tcga.raw0.0010.0000.000