Back to Build/check report for BioC 3.14 experimental data
ABCDEFGHIJKL[M]NOPQRSTUVWXYZ

This page was generated on 2021-10-23 15:51:47 -0400 (Sat, 23 Oct 2021).

CHECK results for minfiDataEPIC on nebbiolo2

To the developers/maintainers of the minfiDataEPIC package:
Make sure to use the following settings in order to reproduce any error or warning you see on this page.

raw results

Package 230/408HostnameOS / ArchINSTALLBUILDCHECK
minfiDataEPIC 1.19.0  (landing page)
Kasper Daniel Hansen
Snapshot Date: 2021-10-23 09:30:01 -0400 (Sat, 23 Oct 2021)
git_url: https://git.bioconductor.org/packages/minfiDataEPIC
git_branch: master
git_last_commit: 8100582
git_last_commit_date: 2021-05-19 11:58:08 -0400 (Wed, 19 May 2021)
nebbiolo2Linux (Ubuntu 20.04.2 LTS) / x86_64  OK    OK    WARNINGS  UNNEEDED, same version is already published

Summary

Package: minfiDataEPIC
Version: 1.19.0
Command: /home/biocbuild/bbs-3.14-bioc/R/bin/R CMD check --install=check:minfiDataEPIC.install-out.txt --library=/home/biocbuild/bbs-3.14-bioc/R/library --no-vignettes --timings minfiDataEPIC_1.19.0.tar.gz
StartedAt: 2021-10-23 12:29:33 -0400 (Sat, 23 Oct 2021)
EndedAt: 2021-10-23 12:32:05 -0400 (Sat, 23 Oct 2021)
EllapsedTime: 151.5 seconds
RetCode: 0
Status:   WARNINGS  
CheckDir: minfiDataEPIC.Rcheck
Warnings: 1

Command output

##############################################################################
##############################################################################
###
### Running command:
###
###   /home/biocbuild/bbs-3.14-bioc/R/bin/R CMD check --install=check:minfiDataEPIC.install-out.txt --library=/home/biocbuild/bbs-3.14-bioc/R/library --no-vignettes --timings minfiDataEPIC_1.19.0.tar.gz
###
##############################################################################
##############################################################################


* using log directory ‘/home/biocbuild/bbs-3.14-data-experiment/meat/minfiDataEPIC.Rcheck’
* using R version 4.1.1 (2021-08-10)
* using platform: x86_64-pc-linux-gnu (64-bit)
* using session charset: UTF-8
* using option ‘--no-vignettes’
* checking for file ‘minfiDataEPIC/DESCRIPTION’ ... OK
* this is package ‘minfiDataEPIC’ version ‘1.19.0’
* checking package namespace information ... OK
* checking package dependencies ... OK
* checking if this is a source package ... OK
* checking if there is a namespace ... OK
* checking for hidden files and directories ... OK
* checking for portable file names ... OK
* checking for sufficient/correct file permissions ... OK
* checking whether package ‘minfiDataEPIC’ can be installed ... OK
* checking installed package size ... NOTE
  installed size is 169.2Mb
  sub-directories of 1Mb or more:
    data     90.7Mb
    extdata  78.3Mb
* checking package directory ... OK
* checking DESCRIPTION meta-information ... OK
* checking top-level files ... OK
* checking for left-over files ... OK
* checking index information ... OK
* checking package subdirectories ... OK
* checking whether the package can be loaded ... OK
* checking whether the package can be loaded with stated dependencies ... OK
* checking whether the package can be unloaded cleanly ... OK
* checking whether the namespace can be loaded with stated dependencies ... OK
* checking whether the namespace can be unloaded cleanly ... OK
* checking Rd files ... OK
* checking Rd metadata ... OK
* checking Rd cross-references ... OK
* checking for missing documentation entries ... OK
* checking for code/documentation mismatches ... OK
* checking Rd \usage sections ... OK
* checking Rd contents ... OK
* checking for unstated dependencies in examples ... OK
* checking contents of ‘data’ directory ... OK
* checking data for non-ASCII characters ... OK
* checking LazyData ... WARNING
  LazyData DB of 90.7 MB without LazyDataCompression set
  See §1.1.6 of 'Writing R Extensions'
* checking data for ASCII and uncompressed saves ... OK
* checking examples ... OK
Examples with CPU (user + system) or elapsed time > 5s
          user system elapsed
MsetEPIC 5.322  0.308    5.63
* checking PDF version of manual ... OK
* DONE

Status: 1 WARNING, 1 NOTE
See
  ‘/home/biocbuild/bbs-3.14-data-experiment/meat/minfiDataEPIC.Rcheck/00check.log’
for details.



Installation output

minfiDataEPIC.Rcheck/00install.out

##############################################################################
##############################################################################
###
### Running command:
###
###   /home/biocbuild/bbs-3.14-bioc/R/bin/R CMD INSTALL minfiDataEPIC
###
##############################################################################
##############################################################################


* installing to library ‘/home/biocbuild/bbs-3.14-bioc/R/library’
* installing *source* package ‘minfiDataEPIC’ ...
** using staged installation
** data
*** moving datasets to lazyload DB
** inst
** help
*** installing help indices
** building package indices
** testing if installed package can be loaded from temporary location
** testing if installed package can be loaded from final location
** testing if installed package keeps a record of temporary installation path
* DONE (minfiDataEPIC)

Tests output


Example timings

minfiDataEPIC.Rcheck/minfiDataEPIC-Ex.timings

nameusersystemelapsed
MsetEPIC5.3220.3085.630
RGsetEPIC3.0690.2043.273