Back to Build/check report for BioC 3.14 experimental data
ABCDE[F]GHIJKLMNOPQRSTUVWXYZ

This page was generated on 2021-10-16 15:51:46 -0400 (Sat, 16 Oct 2021).

CHECK results for frmaExampleData on nebbiolo2

To the developers/maintainers of the frmaExampleData package:
Make sure to use the following settings in order to reproduce any error or warning you see on this page.

raw results

Package 133/404HostnameOS / ArchINSTALLBUILDCHECK
frmaExampleData 1.29.0  (landing page)
Matthew N. McCall
Snapshot Date: 2021-10-16 09:30:02 -0400 (Sat, 16 Oct 2021)
git_url: https://git.bioconductor.org/packages/frmaExampleData
git_branch: master
git_last_commit: 1ce262d
git_last_commit_date: 2021-05-19 11:30:18 -0400 (Wed, 19 May 2021)
nebbiolo2Linux (Ubuntu 20.04.2 LTS) / x86_64  OK    OK    WARNINGS  UNNEEDED, same version is already published

Summary

Package: frmaExampleData
Version: 1.29.0
Command: /home/biocbuild/bbs-3.14-bioc/R/bin/R CMD check --install=check:frmaExampleData.install-out.txt --library=/home/biocbuild/bbs-3.14-bioc/R/library --no-vignettes --timings frmaExampleData_1.29.0.tar.gz
StartedAt: 2021-10-16 12:15:54 -0400 (Sat, 16 Oct 2021)
EndedAt: 2021-10-16 12:17:28 -0400 (Sat, 16 Oct 2021)
EllapsedTime: 94.0 seconds
RetCode: 0
Status:   WARNINGS  
CheckDir: frmaExampleData.Rcheck
Warnings: 1

Command output

##############################################################################
##############################################################################
###
### Running command:
###
###   /home/biocbuild/bbs-3.14-bioc/R/bin/R CMD check --install=check:frmaExampleData.install-out.txt --library=/home/biocbuild/bbs-3.14-bioc/R/library --no-vignettes --timings frmaExampleData_1.29.0.tar.gz
###
##############################################################################
##############################################################################


* using log directory ‘/home/biocbuild/bbs-3.14-data-experiment/meat/frmaExampleData.Rcheck’
* using R version 4.1.1 (2021-08-10)
* using platform: x86_64-pc-linux-gnu (64-bit)
* using session charset: UTF-8
* using option ‘--no-vignettes’
* checking for file ‘frmaExampleData/DESCRIPTION’ ... OK
* this is package ‘frmaExampleData’ version ‘1.29.0’
* checking package namespace information ... OK
* checking package dependencies ... OK
* checking if this is a source package ... OK
* checking if there is a namespace ... OK
* checking for hidden files and directories ... OK
* checking for portable file names ... OK
* checking for sufficient/correct file permissions ... OK
* checking whether package ‘frmaExampleData’ can be installed ... OK
* checking installed package size ... NOTE
  installed size is 22.8Mb
  sub-directories of 1Mb or more:
    data  22.7Mb
* checking package directory ... OK
* checking DESCRIPTION meta-information ... NOTE
Malformed Description field: should contain one or more complete sentences.
* checking top-level files ... OK
* checking for left-over files ... OK
* checking index information ... OK
* checking package subdirectories ... OK
* checking whether the package can be loaded ... OK
* checking whether the package can be loaded with stated dependencies ... OK
* checking whether the package can be unloaded cleanly ... OK
* checking whether the namespace can be loaded with stated dependencies ... OK
* checking whether the namespace can be unloaded cleanly ... OK
* checking Rd files ... OK
* checking Rd metadata ... OK
* checking Rd cross-references ... OK
* checking for missing documentation entries ... OK
* checking for code/documentation mismatches ... OK
* checking Rd \usage sections ... OK
* checking Rd contents ... OK
* checking for unstated dependencies in examples ... OK
* checking contents of ‘data’ directory ... OK
* checking data for non-ASCII characters ... OK
* checking data for ASCII and uncompressed saves ... WARNING
  
  Note: significantly better compression could be obtained
        by using R CMD build --resave-data
                        old_size new_size compress
  AffyBatch133a.rda       10.8Mb    6.9Mb       xz
  AffyBatch133atag.rda     2.2Mb    891Kb       xz
  AffyBatch133plus2.rda    5.4Mb    1.9Mb       xz
  AffyBatchExample.rda     4.3Mb    2.3Mb       xz
* checking examples ... OK
* checking PDF version of manual ... OK
* DONE

Status: 1 WARNING, 2 NOTEs
See
  ‘/home/biocbuild/bbs-3.14-data-experiment/meat/frmaExampleData.Rcheck/00check.log’
for details.



Installation output

frmaExampleData.Rcheck/00install.out

##############################################################################
##############################################################################
###
### Running command:
###
###   /home/biocbuild/bbs-3.14-bioc/R/bin/R CMD INSTALL frmaExampleData
###
##############################################################################
##############################################################################


* installing to library ‘/home/biocbuild/bbs-3.14-bioc/R/library’
* installing *source* package ‘frmaExampleData’ ...
** using staged installation
** data
** help
*** installing help indices
** building package indices
** testing if installed package can be loaded from temporary location
** testing if installed package can be loaded from final location
** testing if installed package keeps a record of temporary installation path
* DONE (frmaExampleData)

Tests output


Example timings

frmaExampleData.Rcheck/frmaExampleData-Ex.timings

nameusersystemelapsed
AffyBatch133a0.4610.0400.502
AffyBatch133atag0.1720.0040.177
AffyBatch133plus20.7140.0480.761
AffyBatchExample0.1910.0040.194