Back to Build/check report for BioC 3.14 experimental data
ABCDEFGHIJKLMNOPQ[R]STUVWXYZ

This page was generated on 2021-10-16 15:51:46 -0400 (Sat, 16 Oct 2021).

CHECK results for RnBeads.mm9 on nebbiolo2

To the developers/maintainers of the RnBeads.mm9 package:
Make sure to use the following settings in order to reproduce any error or warning you see on this page.

raw results

Package 316/404HostnameOS / ArchINSTALLBUILDCHECK
RnBeads.mm9 1.25.0  (landing page)
RnBeadsAnnotationCreator
Snapshot Date: 2021-10-16 09:30:02 -0400 (Sat, 16 Oct 2021)
git_url: https://git.bioconductor.org/packages/RnBeads.mm9
git_branch: master
git_last_commit: f237ed9
git_last_commit_date: 2021-05-19 11:51:38 -0400 (Wed, 19 May 2021)
nebbiolo2Linux (Ubuntu 20.04.2 LTS) / x86_64  OK    OK    WARNINGS  UNNEEDED, same version is already published

Summary

Package: RnBeads.mm9
Version: 1.25.0
Command: /home/biocbuild/bbs-3.14-bioc/R/bin/R CMD check --install=check:RnBeads.mm9.install-out.txt --library=/home/biocbuild/bbs-3.14-bioc/R/library --no-vignettes --timings RnBeads.mm9_1.25.0.tar.gz
StartedAt: 2021-10-16 12:32:09 -0400 (Sat, 16 Oct 2021)
EndedAt: 2021-10-16 12:33:57 -0400 (Sat, 16 Oct 2021)
EllapsedTime: 107.3 seconds
RetCode: 0
Status:   WARNINGS  
CheckDir: RnBeads.mm9.Rcheck
Warnings: 1

Command output

##############################################################################
##############################################################################
###
### Running command:
###
###   /home/biocbuild/bbs-3.14-bioc/R/bin/R CMD check --install=check:RnBeads.mm9.install-out.txt --library=/home/biocbuild/bbs-3.14-bioc/R/library --no-vignettes --timings RnBeads.mm9_1.25.0.tar.gz
###
##############################################################################
##############################################################################


* using log directory ‘/home/biocbuild/bbs-3.14-data-experiment/meat/RnBeads.mm9.Rcheck’
* using R version 4.1.1 (2021-08-10)
* using platform: x86_64-pc-linux-gnu (64-bit)
* using session charset: UTF-8
* using option ‘--no-vignettes’
* checking for file ‘RnBeads.mm9/DESCRIPTION’ ... OK
* this is package ‘RnBeads.mm9’ version ‘1.25.0’
* checking package namespace information ... OK
* checking package dependencies ... OK
* checking if this is a source package ... OK
* checking if there is a namespace ... OK
* checking for hidden files and directories ... OK
* checking for portable file names ... OK
* checking for sufficient/correct file permissions ... OK
* checking whether package ‘RnBeads.mm9’ can be installed ... OK
* checking installed package size ... NOTE
  installed size is 94.7Mb
  sub-directories of 1Mb or more:
    data  94.6Mb
* checking package directory ... OK
* checking DESCRIPTION meta-information ... OK
* checking top-level files ... OK
* checking for left-over files ... OK
* checking index information ... OK
* checking package subdirectories ... OK
* checking R files for non-ASCII characters ... OK
* checking R files for syntax errors ... OK
* checking whether the package can be loaded ... OK
* checking whether the package can be loaded with stated dependencies ... OK
* checking whether the package can be unloaded cleanly ... OK
* checking whether the namespace can be loaded with stated dependencies ... OK
* checking whether the namespace can be unloaded cleanly ... OK
* checking dependencies in R code ... NOTE
Package in Depends field not imported from: ‘GenomicRanges’
  These packages need to be imported from (in the NAMESPACE file)
  for when this namespace is loaded but not attached.
* checking S3 generic/method consistency ... OK
* checking replacement functions ... OK
* checking foreign function calls ... OK
* checking R code for possible problems ... OK
* checking Rd files ... OK
* checking Rd metadata ... OK
* checking Rd cross-references ... OK
* checking for missing documentation entries ... OK
* checking for code/documentation mismatches ... OK
* checking Rd \usage sections ... OK
* checking Rd contents ... OK
* checking for unstated dependencies in examples ... OK
* checking contents of ‘data’ directory ... OK
* checking data for non-ASCII characters ... WARNING
  Failed with error:  'package 'TxDb.Hsapiens.UCSC.hg19.knownGene' could not be loaded'
  Error loading dataset 'rnb.set.example':
   Error in .requirePackage(package) : 
    unable to find required package 'RnBeads'
  
  The dataset(s) may use package(s) not declared in the DESCRIPTION file.
* checking data for ASCII and uncompressed saves ... OK
* checking examples ... NONE
* checking PDF version of manual ... OK
* DONE

Status: 1 WARNING, 2 NOTEs
See
  ‘/home/biocbuild/bbs-3.14-data-experiment/meat/RnBeads.mm9.Rcheck/00check.log’
for details.



Installation output

RnBeads.mm9.Rcheck/00install.out

##############################################################################
##############################################################################
###
### Running command:
###
###   /home/biocbuild/bbs-3.14-bioc/R/bin/R CMD INSTALL RnBeads.mm9
###
##############################################################################
##############################################################################


* installing to library ‘/home/biocbuild/bbs-3.14-bioc/R/library’
* installing *source* package ‘RnBeads.mm9’ ...
** using staged installation
** R
** data
** inst
** byte-compile and prepare package for lazy loading
** help
*** installing help indices
** building package indices
** testing if installed package can be loaded from temporary location
** testing if installed package can be loaded from final location
** testing if installed package keeps a record of temporary installation path
* DONE (RnBeads.mm9)

Tests output


Example timings