Back to Build/check report for BioC 3.14 experimental data
ABCDEFGHIJKLMNOPQ[R]STUVWXYZ

This page was generated on 2021-10-23 15:51:47 -0400 (Sat, 23 Oct 2021).

CHECK results for RTCGA.miRNASeq on nebbiolo2

To the developers/maintainers of the RTCGA.miRNASeq package:
Make sure to use the following settings in order to reproduce any error or warning you see on this page.

raw results

Package 326/408HostnameOS / ArchINSTALLBUILDCHECK
RTCGA.miRNASeq 1.21.1  (landing page)
Marcin Kosinski
Snapshot Date: 2021-10-23 09:30:01 -0400 (Sat, 23 Oct 2021)
git_url: https://git.bioconductor.org/packages/RTCGA.miRNASeq
git_branch: master
git_last_commit: 5d324ec
git_last_commit_date: 2021-09-10 07:00:33 -0400 (Fri, 10 Sep 2021)
nebbiolo2Linux (Ubuntu 20.04.2 LTS) / x86_64  OK    OK    WARNINGS  UNNEEDED, same version is already published

Summary

Package: RTCGA.miRNASeq
Version: 1.21.1
Command: /home/biocbuild/bbs-3.14-bioc/R/bin/R CMD check --install=check:RTCGA.miRNASeq.install-out.txt --library=/home/biocbuild/bbs-3.14-bioc/R/library --no-vignettes --timings RTCGA.miRNASeq_1.21.1.tar.gz
StartedAt: 2021-10-23 12:39:46 -0400 (Sat, 23 Oct 2021)
EndedAt: 2021-10-23 12:42:43 -0400 (Sat, 23 Oct 2021)
EllapsedTime: 177.6 seconds
RetCode: 0
Status:   WARNINGS  
CheckDir: RTCGA.miRNASeq.Rcheck
Warnings: 1

Command output

##############################################################################
##############################################################################
###
### Running command:
###
###   /home/biocbuild/bbs-3.14-bioc/R/bin/R CMD check --install=check:RTCGA.miRNASeq.install-out.txt --library=/home/biocbuild/bbs-3.14-bioc/R/library --no-vignettes --timings RTCGA.miRNASeq_1.21.1.tar.gz
###
##############################################################################
##############################################################################


* using log directory ‘/home/biocbuild/bbs-3.14-data-experiment/meat/RTCGA.miRNASeq.Rcheck’
* using R version 4.1.1 (2021-08-10)
* using platform: x86_64-pc-linux-gnu (64-bit)
* using session charset: UTF-8
* using option ‘--no-vignettes’
* checking for file ‘RTCGA.miRNASeq/DESCRIPTION’ ... OK
* checking extension type ... Package
* this is package ‘RTCGA.miRNASeq’ version ‘1.21.1’
* checking package namespace information ... OK
* checking package dependencies ... OK
* checking if this is a source package ... OK
* checking if there is a namespace ... OK
* checking for hidden files and directories ... OK
* checking for portable file names ... OK
* checking for sufficient/correct file permissions ... OK
* checking whether package ‘RTCGA.miRNASeq’ can be installed ... OK
* checking installed package size ... NOTE
  installed size is 192.1Mb
  sub-directories of 1Mb or more:
    data  192.0Mb
* checking package directory ... OK
* checking ‘build’ directory ... OK
* checking DESCRIPTION meta-information ... OK
* checking top-level files ... OK
* checking for left-over files ... OK
* checking index information ... OK
* checking package subdirectories ... OK
* checking R files for non-ASCII characters ... OK
* checking R files for syntax errors ... OK
* checking whether the package can be loaded ... OK
* checking whether the package can be loaded with stated dependencies ... OK
* checking whether the package can be unloaded cleanly ... OK
* checking whether the namespace can be loaded with stated dependencies ... OK
* checking whether the namespace can be unloaded cleanly ... OK
* checking dependencies in R code ... OK
* checking S3 generic/method consistency ... OK
* checking replacement functions ... OK
* checking foreign function calls ... OK
* checking R code for possible problems ... OK
* checking Rd files ... OK
* checking Rd metadata ... OK
* checking Rd cross-references ... OK
* checking for missing documentation entries ... OK
* checking for code/documentation mismatches ... OK
* checking Rd \usage sections ... OK
* checking Rd contents ... OK
* checking for unstated dependencies in examples ... OK
* checking contents of ‘data’ directory ... OK
* checking data for non-ASCII characters ... OK
* checking LazyData ... WARNING
  LazyData DB of 192.0 MB without LazyDataCompression set
  See §1.1.6 of 'Writing R Extensions'
* checking data for ASCII and uncompressed saves ... OK
* checking files in ‘vignettes’ ... OK
* checking examples ... OK
* checking for unstated dependencies in vignettes ... OK
* checking package vignettes in ‘inst/doc’ ... OK
* checking running R code from vignettes ... SKIPPED
* checking re-building of vignette outputs ... SKIPPED
* checking PDF version of manual ... OK
* DONE

Status: 1 WARNING, 1 NOTE
See
  ‘/home/biocbuild/bbs-3.14-data-experiment/meat/RTCGA.miRNASeq.Rcheck/00check.log’
for details.



Installation output

RTCGA.miRNASeq.Rcheck/00install.out

##############################################################################
##############################################################################
###
### Running command:
###
###   /home/biocbuild/bbs-3.14-bioc/R/bin/R CMD INSTALL RTCGA.miRNASeq
###
##############################################################################
##############################################################################


* installing to library ‘/home/biocbuild/bbs-3.14-bioc/R/library’
* installing *source* package ‘RTCGA.miRNASeq’ ...
** using staged installation
** R
** data
*** moving datasets to lazyload DB
** byte-compile and prepare package for lazy loading
** help
*** installing help indices
** building package indices
** installing vignettes
** testing if installed package can be loaded from temporary location
** testing if installed package can be loaded from final location
** testing if installed package keeps a record of temporary installation path
* DONE (RTCGA.miRNASeq)

Tests output


Example timings

RTCGA.miRNASeq.Rcheck/RTCGA.miRNASeq-Ex.timings

nameusersystemelapsed
miRNASeq000