Back to Build/check report for BioC 3.14 experimental data
ABCDEFGHIJKL[M]NOPQRSTUVWXYZ

This page was generated on 2021-10-19 15:52:18 -0400 (Tue, 19 Oct 2021).

BUILD results for MSstatsBioData on nebbiolo2

To the developers/maintainers of the MSstatsBioData package:
Make sure to use the following settings in order to reproduce any error or warning you see on this page.

raw results

Package 246/404HostnameOS / ArchINSTALLBUILDCHECK
MSstatsBioData 1.15.0  (landing page)
Meena Choi
Snapshot Date: 2021-10-19 09:30:02 -0400 (Tue, 19 Oct 2021)
git_url: https://git.bioconductor.org/packages/MSstatsBioData
git_branch: master
git_last_commit: 21b9678
git_last_commit_date: 2021-05-19 12:01:16 -0400 (Wed, 19 May 2021)
nebbiolo2Linux (Ubuntu 20.04.2 LTS) / x86_64  OK    ERROR  skipped

Summary

Package: MSstatsBioData
Version: 1.15.0
Command: /home/biocbuild/bbs-3.14-bioc/R/bin/R CMD build --keep-empty-dirs --no-resave-data MSstatsBioData
StartedAt: 2021-10-19 11:29:11 -0400 (Tue, 19 Oct 2021)
EndedAt: 2021-10-19 11:29:16 -0400 (Tue, 19 Oct 2021)
EllapsedTime: 4.9 seconds
RetCode: 1
Status:   ERROR  
PackageFile: None
PackageFileSize: NA

Command output

##############################################################################
##############################################################################
###
### Running command:
###
###   /home/biocbuild/bbs-3.14-bioc/R/bin/R CMD build --keep-empty-dirs --no-resave-data MSstatsBioData
###
##############################################################################
##############################################################################


* checking for file ‘MSstatsBioData/DESCRIPTION’ ... OK
* preparing ‘MSstatsBioData’:
* checking DESCRIPTION meta-information ... OK
* installing the package to build vignettes
* creating vignettes ... ERROR
--- re-building ‘MSstatsBioData.Rmd’ using knitr
Loading required package: MSstatsBioData
Loading required package: MSstats

Attaching package: 'MSstats'

The following object is masked from 'package:grDevices':

    savePlot

Quitting from lines 83-91 (MSstatsBioData.Rmd) 
Error: processing vignette 'MSstatsBioData.Rmd' failed with diagnostics:
unused argument (cutoffCensored = "minFeature")
--- failed re-building ‘MSstatsBioData.Rmd’

SUMMARY: processing the following file failed:
  ‘MSstatsBioData.Rmd’

Error: Vignette re-building failed.
Execution halted