Back to Build/check report for BioC 3.15 experimental data
ABC[D]EFGHIJKLMNOPQRSTUVWXYZ

This page was generated on 2021-11-28 18:35:03 -0500 (Sun, 28 Nov 2021).

CHECK results for DAPARdata on nebbiolo2

To the developers/maintainers of the DAPARdata package:
Make sure to use the following settings in order to reproduce any error or warning you see on this page.

raw results

Package 85/404HostnameOS / ArchINSTALLBUILDCHECK
DAPARdata 1.25.0  (landing page)
Samuel Wieczorek
Snapshot Date: 2021-11-28 08:30:02 -0500 (Sun, 28 Nov 2021)
git_url: https://git.bioconductor.org/packages/DAPARdata
git_branch: master
git_last_commit: 4c7e41c
git_last_commit_date: 2021-10-26 12:22:32 -0500 (Tue, 26 Oct 2021)
nebbiolo2Linux (Ubuntu 20.04.3 LTS) / x86_64  OK    OK    ERROR  

Summary

Package: DAPARdata
Version: 1.25.0
Command: /home/biocbuild/bbs-3.15-data-experiment/R/bin/R CMD check --install=check:DAPARdata.install-out.txt --library=/home/biocbuild/bbs-3.15-data-experiment/R/library --no-vignettes --timings DAPARdata_1.25.0.tar.gz
StartedAt: 2021-11-28 14:44:05 -0500 (Sun, 28 Nov 2021)
EndedAt: 2021-11-28 14:44:11 -0500 (Sun, 28 Nov 2021)
EllapsedTime: 6.1 seconds
RetCode: 1
Status:   ERROR  
CheckDir: DAPARdata.Rcheck
Warnings: NA

Command output

##############################################################################
##############################################################################
###
### Running command:
###
###   /home/biocbuild/bbs-3.15-data-experiment/R/bin/R CMD check --install=check:DAPARdata.install-out.txt --library=/home/biocbuild/bbs-3.15-data-experiment/R/library --no-vignettes --timings DAPARdata_1.25.0.tar.gz
###
##############################################################################
##############################################################################


* using log directory ‘/home/biocbuild/bbs-3.15-data-experiment/meat/DAPARdata.Rcheck’
* using R Under development (unstable) (2021-11-16 r81199)
* using platform: x86_64-pc-linux-gnu (64-bit)
* using session charset: UTF-8
* using option ‘--no-vignettes’
* checking for file ‘DAPARdata/DESCRIPTION’ ... OK
* checking extension type ... Package
* this is package ‘DAPARdata’ version ‘1.25.0’
* checking package namespace information ... OK
* checking package dependencies ... ERROR
Package suggested but not available: ‘DAPAR’

The suggested packages are required for a complete check.
Checking can be attempted without them by setting the environment
variable _R_CHECK_FORCE_SUGGESTS_ to a false value.

See section ‘The DESCRIPTION file’ in the ‘Writing R Extensions’
manual.
* DONE

Status: 1 ERROR
See
  ‘/home/biocbuild/bbs-3.15-data-experiment/meat/DAPARdata.Rcheck/00check.log’
for details.


Installation output


Tests output


Example timings