Back to Build/check report for BioC 3.14 experimental data
AB[C]DEFGHIJKLMNOPQRSTUVWXYZ

This page was generated on 2021-10-23 15:51:46 -0400 (Sat, 23 Oct 2021).

CHECK results for COPDSexualDimorphism.data on nebbiolo2

To the developers/maintainers of the COPDSexualDimorphism.data package:
Make sure to use the following settings in order to reproduce any error or warning you see on this page.

raw results

Package 72/408HostnameOS / ArchINSTALLBUILDCHECK
COPDSexualDimorphism.data 1.29.0  (landing page)
J Fah Sathirapongsasuti
Snapshot Date: 2021-10-23 09:30:01 -0400 (Sat, 23 Oct 2021)
git_url: https://git.bioconductor.org/packages/COPDSexualDimorphism.data
git_branch: master
git_last_commit: d77e504
git_last_commit_date: 2021-05-19 11:46:50 -0400 (Wed, 19 May 2021)
nebbiolo2Linux (Ubuntu 20.04.2 LTS) / x86_64  OK    OK    WARNINGS  UNNEEDED, same version is already published

Summary

Package: COPDSexualDimorphism.data
Version: 1.29.0
Command: /home/biocbuild/bbs-3.14-bioc/R/bin/R CMD check --install=check:COPDSexualDimorphism.data.install-out.txt --library=/home/biocbuild/bbs-3.14-bioc/R/library --no-vignettes --timings COPDSexualDimorphism.data_1.29.0.tar.gz
StartedAt: 2021-10-23 12:14:36 -0400 (Sat, 23 Oct 2021)
EndedAt: 2021-10-23 12:15:45 -0400 (Sat, 23 Oct 2021)
EllapsedTime: 69.5 seconds
RetCode: 0
Status:   WARNINGS  
CheckDir: COPDSexualDimorphism.data.Rcheck
Warnings: 1

Command output

##############################################################################
##############################################################################
###
### Running command:
###
###   /home/biocbuild/bbs-3.14-bioc/R/bin/R CMD check --install=check:COPDSexualDimorphism.data.install-out.txt --library=/home/biocbuild/bbs-3.14-bioc/R/library --no-vignettes --timings COPDSexualDimorphism.data_1.29.0.tar.gz
###
##############################################################################
##############################################################################


* using log directory ‘/home/biocbuild/bbs-3.14-data-experiment/meat/COPDSexualDimorphism.data.Rcheck’
* using R version 4.1.1 (2021-08-10)
* using platform: x86_64-pc-linux-gnu (64-bit)
* using session charset: UTF-8
* using option ‘--no-vignettes’
* checking for file ‘COPDSexualDimorphism.data/DESCRIPTION’ ... OK
* checking extension type ... Package
* this is package ‘COPDSexualDimorphism.data’ version ‘1.29.0’
* checking package namespace information ... OK
* checking package dependencies ... OK
* checking if this is a source package ... OK
* checking if there is a namespace ... OK
* checking for hidden files and directories ... OK
* checking for portable file names ... OK
* checking for sufficient/correct file permissions ... OK
* checking whether package ‘COPDSexualDimorphism.data’ can be installed ... OK
* checking installed package size ... NOTE
  installed size is 34.4Mb
  sub-directories of 1Mb or more:
    data  34.3Mb
* checking package directory ... OK
* checking ‘build’ directory ... OK
* checking DESCRIPTION meta-information ... NOTE
Malformed Title field: should not end in a period.
* checking top-level files ... OK
* checking for left-over files ... OK
* checking index information ... OK
* checking package subdirectories ... OK
* checking whether the package can be loaded ... OK
* checking whether the package can be loaded with stated dependencies ... OK
* checking whether the package can be unloaded cleanly ... OK
* checking whether the namespace can be loaded with stated dependencies ... OK
* checking whether the namespace can be unloaded cleanly ... OK
* checking Rd files ... OK
* checking Rd metadata ... OK
* checking Rd cross-references ... OK
* checking for missing documentation entries ... OK
* checking for code/documentation mismatches ... OK
* checking Rd \usage sections ... OK
* checking Rd contents ... OK
* checking for unstated dependencies in examples ... OK
* checking contents of ‘data’ directory ... OK
* checking data for non-ASCII characters ... OK
* checking data for ASCII and uncompressed saves ... WARNING
  
  Note: significantly better compression could be obtained
        by using R CMD build --resave-data
                 old_size new_size compress
  lgrc.eqtl.rda     1.3Mb    653Kb       xz
  lgrc.expr.rda    11.0Mb    7.6Mb       xz
  lgrc.genes.rda    640Kb    367Kb       xz
* checking files in ‘vignettes’ ... OK
* checking examples ... OK
* checking for unstated dependencies in vignettes ... OK
* checking package vignettes in ‘inst/doc’ ... OK
* checking running R code from vignettes ... SKIPPED
* checking re-building of vignette outputs ... SKIPPED
* checking PDF version of manual ... OK
* DONE

Status: 1 WARNING, 2 NOTEs
See
  ‘/home/biocbuild/bbs-3.14-data-experiment/meat/COPDSexualDimorphism.data.Rcheck/00check.log’
for details.



Installation output

COPDSexualDimorphism.data.Rcheck/00install.out

##############################################################################
##############################################################################
###
### Running command:
###
###   /home/biocbuild/bbs-3.14-bioc/R/bin/R CMD INSTALL COPDSexualDimorphism.data
###
##############################################################################
##############################################################################


* installing to library ‘/home/biocbuild/bbs-3.14-bioc/R/library’
* installing *source* package ‘COPDSexualDimorphism.data’ ...
** using staged installation
** data
** help
*** installing help indices
** building package indices
** installing vignettes
** testing if installed package can be loaded from temporary location
** testing if installed package can be loaded from final location
** testing if installed package keeps a record of temporary installation path
* DONE (COPDSexualDimorphism.data)

Tests output


Example timings

COPDSexualDimorphism.data.Rcheck/COPDSexualDimorphism.data-Ex.timings

nameusersystemelapsed
COPDSexualDimorphism.data-package0.1960.0170.211
lgrc.expr0.4120.0480.461