Back to Multiple platform build/check report for BioC 3.14
ABCDEFGHIJKLMNOPQR[S]TUVWXYZ

This page was generated on 2021-07-24 12:05:41 -0400 (Sat, 24 Jul 2021).

BUILD results for sigFeature on nebbiolo2

To the developers/maintainers of the sigFeature package:
- Please allow up to 24 hours (and sometimes 48 hours) for your latest push to git@git.bioconductor.org:packages/sigFeature.git to
reflect on this report. See How and When does the builder pull? When will my changes propagate? here for more information.
- Make sure to use the following settings in order to reproduce any error or warning you see on this page.

raw results

Package 1727/2008HostnameOS / ArchINSTALLBUILDCHECKBUILD BIN
sigFeature 1.11.0  (landing page)
Pijush Das Developer
Snapshot Date: 2021-07-23 14:50:08 -0400 (Fri, 23 Jul 2021)
URL: https://git.bioconductor.org/packages/sigFeature
Branch: master
Last Commit: 1e8d782
Last Changed Date: 2021-05-19 12:35:56 -0400 (Wed, 19 May 2021)
nebbiolo2Linux (Ubuntu 20.04.2 LTS) / x86_64  OK    ERROR  skipped
riesling1Windows Server 2019 Standard / x64  OK    OK    OK    OK  UNNEEDED, same version is already published
merida1macOS 10.14.6 Mojave / x86_64  OK    ERROR  skippedskipped

Summary

Package: sigFeature
Version: 1.11.0
Command: /home/biocbuild/bbs-3.14-bioc/R/bin/R CMD build --keep-empty-dirs --no-resave-data sigFeature
StartedAt: 2021-07-23 18:20:34 -0400 (Fri, 23 Jul 2021)
EndedAt: 2021-07-23 18:21:07 -0400 (Fri, 23 Jul 2021)
EllapsedTime: 32.4 seconds
RetCode: 1
Status:   ERROR  
PackageFile: None
PackageFileSize: NA

Command output

##############################################################################
##############################################################################
###
### Running command:
###
###   /home/biocbuild/bbs-3.14-bioc/R/bin/R CMD build --keep-empty-dirs --no-resave-data sigFeature
###
##############################################################################
##############################################################################


* checking for file ‘sigFeature/DESCRIPTION’ ... OK
* preparing ‘sigFeature’:
* checking DESCRIPTION meta-information ... OK
* installing the package to build vignettes
* creating vignettes ... ERROR
--- re-building ‘vignettes.Rmd’ using rmarkdown
Error: processing vignette 'vignettes.Rmd' failed with diagnostics:
The 'rmarkdown' package should be installed and declared as a dependency of the 'sigFeature' package (e.g., in the 'Suggests' field of DESCRIPTION), because the latter contains vignette(s) built with the 'rmarkdown' package. Please see https://github.com/yihui/knitr/issues/1864 for more information.
--- failed re-building ‘vignettes.Rmd’

SUMMARY: processing the following file failed:
  ‘vignettes.Rmd’

Error: Vignette re-building failed.
Execution halted